CRAN Package Check Results for Package repurrrsive

Last updated on 2022-01-21 00:49:39 CET.

Flavor Version Tinstall Tcheck Ttotal Status Flags
r-devel-linux-x86_64-debian-clang 1.0.0 OK
r-devel-linux-x86_64-debian-gcc 1.0.0 2.76 39.84 42.60 OK
r-devel-linux-x86_64-fedora-clang 1.0.0 66.88 NOTE
r-devel-linux-x86_64-fedora-gcc 1.0.0 56.59 NOTE
r-devel-windows-x86_64-new-UL 1.0.0 77.00 83.00 160.00 OK
r-devel-windows-x86_64-new-TK 1.0.0 NOTE
r-patched-linux-x86_64 1.0.0 3.72 49.75 53.47 OK
r-release-linux-x86_64 1.0.0 3.23 49.87 53.10 OK
r-release-macos-arm64 1.0.0 NOTE
r-release-macos-x86_64 1.0.0 NOTE
r-release-windows-ix86+x86_64 1.0.0 10.00 62.00 72.00 OK
r-oldrel-macos-x86_64 1.0.0 NOTE
r-oldrel-windows-ix86+x86_64 1.0.0 11.00 62.00 73.00 OK

Check Details

Version: 1.0.0
Check: data for non-ASCII characters
Result: NOTE
     Note: found 25 marked UTF-8 strings
Flavors: r-devel-linux-x86_64-fedora-clang, r-devel-linux-x86_64-fedora-gcc, r-devel-windows-x86_64-new-TK, r-release-macos-arm64, r-release-macos-x86_64, r-oldrel-macos-x86_64