CRAN Package Check Results for Package resample

Last updated on 2018-11-17 09:47:04 CET.

Flavor Version Tinstall Tcheck Ttotal Status Flags
r-devel-linux-x86_64-debian-clang 0.4 1.76 28.69 30.45 NOTE
r-devel-linux-x86_64-debian-gcc 0.4 1.56 23.02 24.58 NOTE
r-devel-linux-x86_64-fedora-clang 0.4 37.46 NOTE
r-devel-linux-x86_64-fedora-gcc 0.4 35.38 NOTE
r-devel-windows-ix86+x86_64 0.4 4.00 61.00 65.00 NOTE
r-patched-linux-x86_64 0.4 1.89 26.65 28.54 NOTE
r-patched-solaris-x86 0.4 49.70 NOTE
r-release-linux-x86_64 0.4 1.33 26.64 27.97 NOTE
r-release-windows-ix86+x86_64 0.4 5.00 41.00 46.00 NOTE
r-release-osx-x86_64 0.4 NOTE
r-oldrel-windows-ix86+x86_64 0.4 3.00 56.00 59.00 NOTE
r-oldrel-osx-x86_64 0.4 NOTE

Check Details

Version: 0.4
Check: R code for possible problems
Result: NOTE
    .resampleMakeFunction: no visible global function definition for ‘is’
    .resampleSetSeed: no visible global function definition for ‘runif’
    CI.bca: no visible global function definition for ‘is’
    CI.bca: no visible global function definition for ‘qnorm’
    CI.bca: no visible global function definition for ‘pnorm’
    CI.t: no visible global function definition for ‘qt’
    ExpandProbs: no visible global function definition for ‘pnorm’
    ExpandProbs: no visible global function definition for ‘qt’
    colVars : f: no visible global function definition for ‘var’
    colVars: no visible global function definition for ‘var’
    hist.resample: no visible global function definition for ‘density’
    hist.resample: no visible global function definition for ‘lines’
    hist.resample: no visible global function definition for ‘points’
    hist.resample: no visible global function definition for ‘approx’
    hist.resample: no visible global function definition for ‘segments’
    resample: no visible global function definition for ‘is’
    samp.bootknife: no visible global function definition for ‘runif’
    samp.bootstrap: no visible global function definition for ‘runif’
    Undefined global functions or variables:
     approx density is lines pnorm points qnorm qt runif segments var
    Consider adding
     importFrom("graphics", "lines", "points", "segments")
     importFrom("methods", "is")
     importFrom("stats", "approx", "density", "pnorm", "qnorm", "qt",
     "runif", "var")
    to your NAMESPACE file (and ensure that your DESCRIPTION Imports field
    contains 'methods').
Flavors: r-devel-linux-x86_64-debian-clang, r-devel-linux-x86_64-debian-gcc, r-devel-linux-x86_64-fedora-clang, r-devel-linux-x86_64-fedora-gcc, r-devel-windows-ix86+x86_64, r-patched-linux-x86_64, r-patched-solaris-x86, r-release-linux-x86_64, r-release-windows-ix86+x86_64, r-release-osx-x86_64, r-oldrel-windows-ix86+x86_64, r-oldrel-osx-x86_64