CRAN Package Check Results for Package reshape

Last updated on 2015-07-27 23:48:12.

Flavor Version Tinstall Tcheck Ttotal Status Flags
r-devel-linux-x86_64-debian-clang 0.8.5 1.14 16.76 17.90 NOTE
r-devel-linux-x86_64-debian-gcc 0.8.5 1.12 16.68 17.80 NOTE
r-devel-linux-x86_64-fedora-clang 0.8.5 34.37 NOTE
r-devel-linux-x86_64-fedora-gcc 0.8.5 33.73 NOTE
r-devel-osx-x86_64-clang 0.8.5 29.76 NOTE
r-devel-windows-ix86+x86_64 0.8.5 4.00 27.00 31.00 NOTE
r-patched-linux-x86_64 0.8.5 1.71 16.66 18.37 NOTE
r-patched-solaris-sparc 0.8.5 220.80 NOTE
r-patched-solaris-x86 0.8.5 48.30 NOTE
r-release-linux-x86_64 0.8.5 1.22 16.63 17.84 NOTE
r-release-osx-x86_64-mavericks 0.8.5 NOTE
r-release-windows-ix86+x86_64 0.8.5 7.00 31.00 38.00 NOTE
r-oldrel-windows-ix86+x86_64 0.8.5 8.00 35.00 43.00 OK

Check Details

Version: 0.8.5
Check: DESCRIPTION meta-information
Result: NOTE
    Malformed Title field: should not end in a period.
Flavors: r-devel-linux-x86_64-debian-clang, r-devel-linux-x86_64-debian-gcc, r-devel-linux-x86_64-fedora-clang, r-devel-linux-x86_64-fedora-gcc, r-devel-osx-x86_64-clang, r-devel-windows-ix86+x86_64, r-patched-linux-x86_64, r-patched-solaris-sparc, r-patched-solaris-x86, r-release-linux-x86_64, r-release-osx-x86_64-mavericks, r-release-windows-ix86+x86_64

Version: 0.8.5
Check: S3 generic/method consistency
Result: NOTE
    Found the following apparent S3 methods exported but not registered:
     all.vars.character as.data.frame.cast_df as.data.frame.cast_matrix
     as.matrix.cast_df as.matrix.cast_matrix colsplit.character
     colsplit.factor melt.array melt.cast_df melt.cast_matrix
     melt.data.frame melt.default melt.list melt.matrix melt.table
     print.cast_df print.cast_matrix rescaler.data.frame rescaler.default
     rescaler.matrix str.cast_df str.cast_matrix
    See section ‘Registering S3 methods’ in the ‘Writing R Extensions’
    manual.
Flavors: r-devel-linux-x86_64-debian-clang, r-devel-linux-x86_64-debian-gcc, r-devel-linux-x86_64-fedora-clang, r-devel-linux-x86_64-fedora-gcc, r-devel-osx-x86_64-clang, r-patched-linux-x86_64, r-patched-solaris-sparc, r-patched-solaris-x86, r-release-linux-x86_64

Version: 0.8.5
Check: R code for possible problems
Result: NOTE
    colsplit.character : <anonymous>: no visible global function definition
     for ‘type.convert’
    melt.array: no visible binding for global variable ‘type.convert’
    melt.cast_df: no visible global function definition for
     ‘complete.cases’
    melt.matrix: no visible binding for global variable ‘type.convert’
    melt.table: no visible binding for global variable ‘type.convert’
    rescaler.default: no visible global function definition for ‘sd’
    rescaler.default: no visible global function definition for ‘median’
    rescaler.default: no visible global function definition for ‘mad’
    str.cast_df: no visible global function definition for ‘str’
    str.cast_matrix: no visible global function definition for ‘str’
    Undefined global functions or variables:
     complete.cases mad median sd str type.convert
    Consider adding
     importFrom("stats", "complete.cases", "mad", "median", "sd")
     importFrom("utils", "str", "type.convert")
    to your NAMESPACE.
Flavors: r-devel-linux-x86_64-debian-clang, r-devel-linux-x86_64-debian-gcc, r-devel-linux-x86_64-fedora-clang, r-devel-linux-x86_64-fedora-gcc, r-devel-windows-ix86+x86_64