CRAN Package Check Results for Package reshape

Last updated on 2015-05-28 23:47:56.

Flavor Version Tinstall Tcheck Ttotal Status Flags
r-devel-linux-x86_64-debian-clang 0.8.5 1.16 17.15 18.32 NOTE
r-devel-linux-x86_64-debian-gcc 0.8.5 1.14 16.66 17.80 NOTE
r-devel-linux-x86_64-fedora-clang 0.8.5 36.81 NOTE
r-devel-linux-x86_64-fedora-gcc 0.8.5 33.67 NOTE
r-devel-osx-x86_64-clang 0.8.5 36.44 NOTE
r-devel-windows-ix86+x86_64 0.8.5 5.00 27.00 32.00 NOTE
r-patched-linux-x86_64 0.8.5 1.17 16.70 17.87 NOTE
r-patched-solaris-sparc 0.8.5 223.10 NOTE
r-patched-solaris-x86 0.8.5 48.50 NOTE
r-release-linux-x86_64 0.8.5 1.15 16.95 18.10 NOTE
r-release-osx-x86_64-mavericks 0.8.5 NOTE
r-release-osx-x86_64-snowleopard 0.8.5 NOTE
r-release-windows-ix86+x86_64 0.8.5 6.00 28.00 34.00 NOTE
r-oldrel-windows-ix86+x86_64 0.8.5 5.00 32.00 37.00 OK

Check Details

Version: 0.8.5
Check: DESCRIPTION meta-information
Result: NOTE
    Malformed Title field: should not end in a period.
Flavors: r-devel-linux-x86_64-debian-clang, r-devel-linux-x86_64-debian-gcc, r-devel-linux-x86_64-fedora-clang, r-devel-linux-x86_64-fedora-gcc, r-devel-osx-x86_64-clang, r-devel-windows-ix86+x86_64, r-patched-linux-x86_64, r-patched-solaris-sparc, r-patched-solaris-x86, r-release-linux-x86_64, r-release-osx-x86_64-mavericks, r-release-osx-x86_64-snowleopard, r-release-windows-ix86+x86_64

Version: 0.8.5
Check: S3 generic/method consistency
Result: NOTE
    Found the following apparent S3 methods exported but not registered:
     all.vars.character as.data.frame.cast_df as.data.frame.cast_matrix
     as.matrix.cast_df as.matrix.cast_matrix colsplit.character
     colsplit.factor melt.array melt.cast_df melt.cast_matrix
     melt.data.frame melt.default melt.list melt.matrix melt.table
     print.cast_df print.cast_matrix rescaler.data.frame rescaler.default
     rescaler.matrix str.cast_df str.cast_matrix
    See section ‘Registering S3 methods’ in the ‘Writing R Extensions’
    manual.
Flavors: r-devel-linux-x86_64-debian-clang, r-devel-linux-x86_64-debian-gcc, r-devel-linux-x86_64-fedora-clang, r-devel-linux-x86_64-fedora-gcc, r-devel-osx-x86_64-clang, r-patched-linux-x86_64, r-patched-solaris-sparc, r-patched-solaris-x86, r-release-linux-x86_64