CRAN Package Check Results for Package reshape

Last updated on 2015-01-31 13:48:32.

Flavor Version Tinstall Tcheck Ttotal Status Flags
r-devel-linux-x86_64-debian-clang 0.8.5 1.25 16.46 17.72 NOTE
r-devel-linux-x86_64-debian-gcc 0.8.5 1.16 16.27 17.44 NOTE
r-devel-linux-x86_64-fedora-clang 0.8.5 40.37 NOTE
r-devel-linux-x86_64-fedora-gcc 0.8.5 37.69 NOTE
r-devel-osx-x86_64-clang 0.8.5 40.69 NOTE
r-devel-windows-ix86+x86_64 0.8.5 9.00 28.00 37.00 OK
r-patched-linux-x86_64 0.8.5 1.84 19.16 21.00 OK
r-patched-solaris-sparc 0.8.5 233.10 OK
r-patched-solaris-x86 0.8.5 56.90 OK
r-release-linux-ix86 0.8.5 1.72 25.89 27.61 OK
r-release-linux-x86_64 0.8.5 1.77 19.29 21.06 OK
r-release-osx-x86_64-mavericks 0.8.5 OK
r-release-osx-x86_64-snowleopard 0.8.5 OK
r-release-windows-ix86+x86_64 0.8.5 5.00 35.00 40.00 OK
r-oldrel-windows-ix86+x86_64 0.8.5 6.00 52.00 58.00 OK

Check Details

Version: 0.8.5
Check: S3 generic/method consistency
Result: NOTE
    Found the following apparent S3 methods exported but not registered:
     colsplit.character colsplit.factor melt.array melt.cast_df
     melt.cast_matrix melt.data.frame melt.default melt.list melt.matrix
     melt.table rescaler.data.frame rescaler.default rescaler.matrix
     as.data.frame.cast_df as.data.frame.cast_matrix as.matrix.cast_df
     as.matrix.cast_matrix print.cast_df print.cast_matrix str.cast_df
     str.cast_matrix all.vars.character
    See section ‘Registering S3 methods’ in the ‘Writing R Extensions’
    manual.
Flavors: r-devel-linux-x86_64-debian-clang, r-devel-linux-x86_64-debian-gcc, r-devel-linux-x86_64-fedora-clang, r-devel-linux-x86_64-fedora-gcc, r-devel-osx-x86_64-clang