CRAN Package Check Results for Package reshape2

Last updated on 2015-04-27 05:47:43.

Flavor Version Tinstall Tcheck Ttotal Status Flags
r-devel-linux-x86_64-debian-clang 1.4.1 6.90 15.24 22.14 NOTE
r-devel-linux-x86_64-debian-gcc 1.4.1 7.49 15.27 22.76 NOTE
r-devel-linux-x86_64-fedora-clang 1.4.1 46.21 NOTE
r-devel-linux-x86_64-fedora-gcc 1.4.1 42.54 NOTE
r-devel-osx-x86_64-clang 1.4.1 42.47 NOTE
r-devel-windows-ix86+x86_64 1.4.1 27.00 39.00 66.00 NOTE
r-patched-linux-x86_64 1.4.1 7.69 15.02 22.71 NOTE
r-patched-solaris-sparc 1.4.1 280.20 NOTE
r-patched-solaris-x86 1.4.1 60.40 NOTE
r-release-linux-x86_64 1.4.1 7.64 14.91 22.55 NOTE
r-release-osx-x86_64-mavericks 1.4.1 NOTE
r-release-osx-x86_64-snowleopard 1.4.1 NOTE
r-release-windows-ix86+x86_64 1.4.1 24.00 38.00 62.00 NOTE
r-oldrel-windows-ix86+x86_64 1.4.1 22.00 43.00 65.00 OK

Check Details

Version: 1.4.1
Check: DESCRIPTION meta-information
Result: NOTE
    Malformed Title field: should not end in a period.
Flavors: r-devel-linux-x86_64-debian-clang, r-devel-linux-x86_64-debian-gcc, r-devel-linux-x86_64-fedora-clang, r-devel-linux-x86_64-fedora-gcc, r-devel-osx-x86_64-clang, r-devel-windows-ix86+x86_64, r-patched-solaris-sparc, r-patched-solaris-x86, r-release-osx-x86_64-mavericks, r-release-osx-x86_64-snowleopard, r-release-windows-ix86+x86_64