CRAN Package Check Results for Package reshape2

Last updated on 2017-02-20 17:49:18.

Flavor Version Tinstall Tcheck Ttotal Status Flags
r-devel-linux-x86_64-debian-clang 1.4.2 8.17 18.89 27.05 NOTE
r-devel-linux-x86_64-debian-gcc 1.4.2 8.42 18.92 27.34 NOTE
r-devel-linux-x86_64-fedora-clang 1.4.2 49.45 NOTE --no-stop-on-test-error
r-devel-linux-x86_64-fedora-gcc 1.4.2 47.00 NOTE --no-stop-on-test-error
r-devel-macos-x86_64-clang 38.31 NOTE --no-stop-on-test-error
r-devel-windows-ix86+x86_64 1.4.2 43.00 66.00 109.00 OK
r-patched-linux-x86_64 1.4.2 7.33 15.13 22.46 OK
r-patched-solaris-sparc 1.4.2 255.70 OK
r-patched-solaris-x86 1.4.2 54.80 OK
r-release-linux-x86_64 1.4.2 7.23 15.24 22.47 OK
r-release-osx-x86_64-mavericks 1.4.2 OK
r-release-windows-ix86+x86_64 1.4.2 24.00 49.00 73.00 OK
r-oldrel-windows-ix86+x86_64 1.4.2 27.00 52.00 79.00 OK

Check Details

Version: 1.4.2
Check: compiled code
Result: NOTE
    File ‘reshape2/libs/reshape2.so’:
     Found no calls to: ‘R_registerRoutines’, ‘R_useDynamicSymbols’
    
    It is good practice to register native routines and to disable symbol
    search.
    
    See ‘Writing portable packages’ in the ‘Writing R Extensions’ manual.
Flavors: r-devel-linux-x86_64-debian-clang, r-devel-linux-x86_64-debian-gcc

Version: 1.4.2
Flags: --no-stop-on-test-error
Check: compiled code
Result: NOTE
    File ‘reshape2/libs/reshape2.so’:
     Found no calls to: ‘R_registerRoutines’, ‘R_useDynamicSymbols’
    
    It is good practice to register native routines and to disable symbol
    search.
    
    See ‘Writing portable packages’ in the ‘Writing R Extensions’ manual.
Flavors: r-devel-linux-x86_64-fedora-clang, r-devel-linux-x86_64-fedora-gcc, r-devel-macos-x86_64-clang