CRAN Package Check Results for Package reshape2

Last updated on 2016-07-27 15:47:56.

Flavor Version Tinstall Tcheck Ttotal Status Flags
r-devel-linux-x86_64-debian-clang 1.4.1 10.29 18.12 28.41 NOTE
r-devel-linux-x86_64-debian-gcc 1.4.1 10.84 17.84 28.68 NOTE
r-devel-linux-x86_64-fedora-clang 1.4.1 45.90 NOTE
r-devel-linux-x86_64-fedora-gcc 1.4.1 38.46 NOTE
r-devel-osx-x86_64-clang 1.4.1 33.93 NOTE
r-devel-windows-ix86+x86_64 1.4.1 33.00 54.00 87.00 NOTE
r-patched-linux-x86_64 1.4.1 8.31 17.46 25.77 NOTE
r-patched-solaris-sparc 1.4.1 258.50 NOTE
r-patched-solaris-x86 1.4.1 54.00 NOTE
r-release-linux-x86_64 1.4.1 8.28 18.33 26.60 NOTE
r-release-osx-x86_64-mavericks 1.4.1 NOTE
r-release-windows-ix86+x86_64 1.4.1 34.00 54.00 88.00 NOTE
r-oldrel-windows-ix86+x86_64 1.4.1 37.00 48.00 85.00 NOTE

Check Details

Version: 1.4.1
Check: DESCRIPTION meta-information
Result: NOTE
    Malformed Title field: should not end in a period.
Flavors: r-devel-linux-x86_64-debian-clang, r-devel-linux-x86_64-debian-gcc, r-devel-linux-x86_64-fedora-clang, r-devel-linux-x86_64-fedora-gcc, r-devel-osx-x86_64-clang, r-devel-windows-ix86+x86_64, r-patched-linux-x86_64, r-patched-solaris-sparc, r-patched-solaris-x86, r-release-linux-x86_64, r-release-osx-x86_64-mavericks, r-release-windows-ix86+x86_64, r-oldrel-windows-ix86+x86_64

Version: 1.4.1
Check: R code for possible problems
Result: NOTE
    colsplit: no visible binding for global variable ‘type.convert’
    melt.array : var.convert: no visible global function definition for
     ‘type.convert’
    melt.array: no visible global function definition for ‘setNames’
    melt.default: no visible global function definition for ‘setNames’
    melt.matrix : var.convert: no visible global function definition for
     ‘type.convert’
    melt.matrix: no visible global function definition for ‘setNames’
    melt.table : var.convert: no visible global function definition for
     ‘type.convert’
    melt.table: no visible global function definition for ‘setNames’
    Undefined global functions or variables:
     setNames type.convert
    Consider adding
     importFrom("stats", "setNames")
     importFrom("utils", "type.convert")
    to your NAMESPACE file.
Flavors: r-devel-linux-x86_64-debian-clang, r-devel-linux-x86_64-debian-gcc, r-devel-linux-x86_64-fedora-clang, r-devel-linux-x86_64-fedora-gcc, r-devel-osx-x86_64-clang, r-devel-windows-ix86+x86_64, r-patched-linux-x86_64, r-patched-solaris-sparc, r-patched-solaris-x86, r-release-linux-x86_64, r-release-osx-x86_64-mavericks, r-release-windows-ix86+x86_64