CRAN Package Check Results for Package reshape2

Last updated on 2015-08-02 23:48:17.

Flavor Version Tinstall Tcheck Ttotal Status Flags
r-devel-linux-x86_64-debian-clang 1.4.1 6.76 15.83 22.59 NOTE
r-devel-linux-x86_64-debian-gcc 1.4.1 7.16 15.05 22.21 NOTE
r-devel-linux-x86_64-fedora-clang 1.4.1 46.10 NOTE
r-devel-linux-x86_64-fedora-gcc 1.4.1 41.62 NOTE
r-devel-osx-x86_64-clang 1.4.1 36.41 NOTE
r-devel-windows-ix86+x86_64 1.4.1 26.00 43.00 69.00 NOTE
r-patched-linux-x86_64 1.4.1 8.18 15.56 23.75 NOTE
r-patched-solaris-sparc 1.4.1 283.30 NOTE
r-patched-solaris-x86 1.4.1 60.70 NOTE
r-release-linux-x86_64 1.4.1 7.18 15.60 22.78 NOTE
r-release-osx-x86_64-mavericks 1.4.1 NOTE
r-release-windows-ix86+x86_64 1.4.1 35.00 42.00 77.00 NOTE
r-oldrel-windows-ix86+x86_64 1.4.1 36.00 50.00 86.00 OK

Check Details

Version: 1.4.1
Check: DESCRIPTION meta-information
Result: NOTE
    Malformed Title field: should not end in a period.
Flavors: r-devel-linux-x86_64-debian-clang, r-devel-linux-x86_64-debian-gcc, r-devel-linux-x86_64-fedora-clang, r-devel-linux-x86_64-fedora-gcc, r-devel-osx-x86_64-clang, r-devel-windows-ix86+x86_64, r-patched-linux-x86_64, r-patched-solaris-sparc, r-patched-solaris-x86, r-release-linux-x86_64, r-release-osx-x86_64-mavericks, r-release-windows-ix86+x86_64

Version: 1.4.1
Check: R code for possible problems
Result: NOTE
    colsplit: no visible binding for global variable ‘type.convert’
    melt.array : var.convert: no visible global function definition for
     ‘type.convert’
    melt.array: no visible global function definition for ‘setNames’
    melt.default: no visible global function definition for ‘setNames’
    melt.matrix : var.convert: no visible global function definition for
     ‘type.convert’
    melt.matrix: no visible global function definition for ‘setNames’
    melt.table : var.convert: no visible global function definition for
     ‘type.convert’
    melt.table: no visible global function definition for ‘setNames’
    Undefined global functions or variables:
     setNames type.convert
    Consider adding
     importFrom("stats", "setNames")
     importFrom("utils", "type.convert")
    to your NAMESPACE.
Flavors: r-devel-linux-x86_64-debian-clang, r-devel-linux-x86_64-debian-gcc, r-devel-linux-x86_64-fedora-clang, r-devel-linux-x86_64-fedora-gcc, r-devel-windows-ix86+x86_64