CRAN Package Check Results for Package reshape2

Last updated on 2016-05-24 19:48:08.

Flavor Version Tinstall Tcheck Ttotal Status Flags
r-devel-linux-x86_64-debian-gcc 1.4.1 9.26 15.34 24.60 NOTE
r-devel-linux-x86_64-fedora-clang 1.4.1 43.39 NOTE
r-devel-linux-x86_64-fedora-gcc 1.4.1 39.34 NOTE
r-devel-osx-x86_64-clang 1.4.1 42.55 NOTE
r-devel-windows-ix86+x86_64 1.4.1 25.00 40.00 65.00 NOTE
r-patched-linux-x86_64 1.4.1 7.03 15.12 22.15 NOTE
r-patched-solaris-sparc 1.4.1 253.30 NOTE
r-patched-solaris-x86 1.4.1 54.60 NOTE
r-release-linux-x86_64 1.4.1 6.85 15.12 21.97 NOTE
r-release-osx-x86_64-mavericks 1.4.1 NOTE
r-release-windows-ix86+x86_64 1.4.1 25.00 40.00 65.00 NOTE
r-oldrel-windows-ix86+x86_64 1.4.1 33.00 47.00 80.00 NOTE

Check Details

Version: 1.4.1
Check: DESCRIPTION meta-information
Result: NOTE
    Malformed Title field: should not end in a period.
Flavors: r-devel-linux-x86_64-debian-gcc, r-devel-linux-x86_64-fedora-clang, r-devel-linux-x86_64-fedora-gcc, r-devel-osx-x86_64-clang, r-devel-windows-ix86+x86_64, r-patched-linux-x86_64, r-patched-solaris-sparc, r-patched-solaris-x86, r-release-linux-x86_64, r-release-osx-x86_64-mavericks, r-release-windows-ix86+x86_64, r-oldrel-windows-ix86+x86_64

Version: 1.4.1
Check: R code for possible problems
Result: NOTE
    colsplit: no visible binding for global variable ‘type.convert’
    melt.array : var.convert: no visible global function definition for
     ‘type.convert’
    melt.array: no visible global function definition for ‘setNames’
    melt.default: no visible global function definition for ‘setNames’
    melt.matrix : var.convert: no visible global function definition for
     ‘type.convert’
    melt.matrix: no visible global function definition for ‘setNames’
    melt.table : var.convert: no visible global function definition for
     ‘type.convert’
    melt.table: no visible global function definition for ‘setNames’
    Undefined global functions or variables:
     setNames type.convert
    Consider adding
     importFrom("stats", "setNames")
     importFrom("utils", "type.convert")
    to your NAMESPACE file.
Flavors: r-devel-linux-x86_64-debian-gcc, r-devel-linux-x86_64-fedora-clang, r-devel-linux-x86_64-fedora-gcc, r-devel-osx-x86_64-clang, r-devel-windows-ix86+x86_64, r-patched-linux-x86_64, r-patched-solaris-sparc, r-patched-solaris-x86, r-release-linux-x86_64, r-release-osx-x86_64-mavericks, r-release-windows-ix86+x86_64