CRAN Package Check Results for Package reshape2

Last updated on 2017-08-17 09:47:22.

Flavor Version Tinstall Tcheck Ttotal Status Flags
r-devel-linux-x86_64-debian-clang 1.4.2 9.15 19.49 28.64 NOTE
r-devel-linux-x86_64-debian-gcc 1.4.2 9.99 18.88 28.86 NOTE
r-devel-linux-x86_64-fedora-clang 1.4.2 52.51 NOTE
r-devel-linux-x86_64-fedora-gcc 1.4.2 49.88 NOTE
r-devel-windows-ix86+x86_64 1.4.2 29.00 60.00 89.00 OK
r-patched-linux-x86_64 1.4.2 10.16 19.13 29.29 NOTE
r-patched-solaris-x86 1.4.2 63.30 OK
r-release-linux-x86_64 1.4.2 10.24 18.53 28.78 NOTE
r-release-windows-ix86+x86_64 1.4.2 33.00 64.00 97.00 OK
r-release-osx-x86_64 1.4.2 OK
r-oldrel-windows-ix86+x86_64 1.4.2 34.00 48.00 82.00 OK
r-oldrel-osx-x86_64 1.4.2 OK

Check Details

Version: 1.4.2
Check: compiled code
Result: NOTE
    File ‘reshape2/libs/reshape2.so’:
     Found no calls to: ‘R_registerRoutines’, ‘R_useDynamicSymbols’
    
    It is good practice to register native routines and to disable symbol
    search.
    
    See ‘Writing portable packages’ in the ‘Writing R Extensions’ manual.
Flavors: r-devel-linux-x86_64-debian-clang, r-devel-linux-x86_64-debian-gcc, r-devel-linux-x86_64-fedora-clang, r-devel-linux-x86_64-fedora-gcc, r-patched-linux-x86_64, r-release-linux-x86_64