CRAN Package Check Results for Package reshape2

Last updated on 2015-05-28 19:47:40.

Flavor Version Tinstall Tcheck Ttotal Status Flags
r-devel-linux-x86_64-debian-clang 1.4.1 6.94 15.60 22.55 NOTE
r-devel-linux-x86_64-debian-gcc 1.4.1 7.64 15.07 22.71 NOTE
r-devel-linux-x86_64-fedora-clang 1.4.1 47.84 NOTE
r-devel-linux-x86_64-fedora-gcc 1.4.1 42.54 NOTE
r-devel-osx-x86_64-clang 1.4.1 42.83 NOTE
r-devel-windows-ix86+x86_64 1.4.1 26.00 40.00 66.00 NOTE
r-patched-linux-x86_64 1.4.1 9.13 15.08 24.21 NOTE
r-patched-solaris-sparc 1.4.1 292.30 NOTE
r-patched-solaris-x86 1.4.1 64.40 NOTE
r-release-linux-x86_64 1.4.1 9.18 15.34 24.52 NOTE
r-release-osx-x86_64-mavericks 1.4.1 NOTE
r-release-osx-x86_64-snowleopard 1.4.1 NOTE
r-release-windows-ix86+x86_64 1.4.1 24.00 37.00 61.00 NOTE
r-oldrel-windows-ix86+x86_64 1.4.1 28.00 50.00 78.00 OK

Check Details

Version: 1.4.1
Check: DESCRIPTION meta-information
Result: NOTE
    Malformed Title field: should not end in a period.
Flavors: r-devel-linux-x86_64-debian-clang, r-devel-linux-x86_64-debian-gcc, r-devel-linux-x86_64-fedora-clang, r-devel-linux-x86_64-fedora-gcc, r-devel-osx-x86_64-clang, r-devel-windows-ix86+x86_64, r-patched-linux-x86_64, r-patched-solaris-sparc, r-patched-solaris-x86, r-release-linux-x86_64, r-release-osx-x86_64-mavericks, r-release-osx-x86_64-snowleopard, r-release-windows-ix86+x86_64