CRAN Package Check Results for Package reshape2

Last updated on 2017-05-22 18:52:07.

Flavor Version Tinstall Tcheck Ttotal Status Flags
r-devel-linux-x86_64-debian-clang 1.4.2 8.55 18.95 27.49 NOTE
r-devel-linux-x86_64-debian-gcc 1.4.2 8.13 18.97 27.10 NOTE
r-devel-linux-x86_64-fedora-clang 1.4.2 52.40 NOTE --no-stop-on-test-error
r-devel-linux-x86_64-fedora-gcc 1.4.2 50.75 NOTE --no-stop-on-test-error
r-devel-windows-ix86+x86_64 1.4.2 35.00 61.00 96.00 OK
r-patched-linux-x86_64 1.4.2 7.14 19.07 26.21 NOTE
r-patched-solaris-sparc 1.4.2 273.70 OK
r-patched-solaris-x86 1.4.2 63.50 OK --no-stop-on-test-error
r-release-linux-x86_64 1.4.2 7.35 19.18 26.52 NOTE
r-release-windows-ix86+x86_64 1.4.2 27.00 76.00 103.00 OK
r-release-osx-x86_64 1.4.2 OK
r-oldrel-windows-ix86+x86_64 1.4.2 40.00 62.00 102.00 OK
r-oldrel-osx-x86_64 1.4.2 OK

Check Details

Version: 1.4.2
Check: compiled code
Result: NOTE
    File ‘reshape2/libs/reshape2.so’:
     Found no calls to: ‘R_registerRoutines’, ‘R_useDynamicSymbols’
    
    It is good practice to register native routines and to disable symbol
    search.
    
    See ‘Writing portable packages’ in the ‘Writing R Extensions’ manual.
Flavors: r-devel-linux-x86_64-debian-clang, r-devel-linux-x86_64-debian-gcc, r-patched-linux-x86_64, r-release-linux-x86_64

Version: 1.4.2
Flags: --no-stop-on-test-error
Check: compiled code
Result: NOTE
    File ‘reshape2/libs/reshape2.so’:
     Found no calls to: ‘R_registerRoutines’, ‘R_useDynamicSymbols’
    
    It is good practice to register native routines and to disable symbol
    search.
    
    See ‘Writing portable packages’ in the ‘Writing R Extensions’ manual.
Flavors: r-devel-linux-x86_64-fedora-clang, r-devel-linux-x86_64-fedora-gcc