CRAN Package Check Results for Package reshape2

Last updated on 2017-10-23 01:46:57.

Flavor Version Tinstall Tcheck Ttotal Status Flags
r-devel-linux-x86_64-debian-clang 1.4.2 8.83 19.02 27.85 ERROR
r-devel-linux-x86_64-debian-gcc 1.4.2 8.46 20.30 28.76 ERROR
r-devel-linux-x86_64-fedora-clang 1.4.2 52.29 ERROR
r-devel-linux-x86_64-fedora-gcc 1.4.2 53.93 ERROR
r-devel-windows-ix86+x86_64 1.4.2 31.00 61.00 92.00 ERROR
r-patched-linux-x86_64 1.4.2 9.99 18.85 28.84 NOTE
r-patched-solaris-x86 1.4.2 64.20 OK
r-release-linux-x86_64 1.4.2 10.09 19.05 29.13 NOTE
r-release-windows-ix86+x86_64 1.4.2 43.00 61.00 104.00 OK
r-release-osx-x86_64 1.4.2 OK
r-oldrel-windows-ix86+x86_64 1.4.2 29.00 62.00 91.00 OK
r-oldrel-osx-x86_64 1.4.2 OK

Check Details

Version: 1.4.2
Check: compiled code
Result: NOTE
    File ‘reshape2/libs/reshape2.so’:
     Found no calls to: ‘R_registerRoutines’, ‘R_useDynamicSymbols’
    
    It is good practice to register native routines and to disable symbol
    search.
    
    See ‘Writing portable packages’ in the ‘Writing R Extensions’ manual.
Flavors: r-devel-linux-x86_64-debian-clang, r-devel-linux-x86_64-debian-gcc, r-devel-linux-x86_64-fedora-clang, r-devel-linux-x86_64-fedora-gcc, r-patched-linux-x86_64, r-release-linux-x86_64

Version: 1.4.2
Check: tests
Result: ERROR
     Running ‘testthat.R’ [1s/1s]
    Running the tests in ‘tests/testthat.R’ failed.
    Complete output:
     > library(testthat)
     > library(reshape2)
     >
     > test_check("reshape2")
     1. Error: melt.data.frame allows for lists in the set of id variables (@test-melt.r#214)
     STRING_PTR() can only be applied to a 'character', not a 'list'
     1: melt(df, id = 1:2) at testthat/test-melt.r:214
     2: melt.data.frame(df, id = 1:2)
     3: melt_dataframe(data, as.integer(id.ind - 1), as.integer(measure.ind - 1), as.character(variable.name),
     as.character(value.name), as.pairlist(measure.attributes), as.logical(factorsAsStrings),
     as.logical(valueAsFactor))
    
     testthat results ================================================================
     OK: 125 SKIPPED: 0 FAILED: 1
     1. Error: melt.data.frame allows for lists in the set of id variables (@test-melt.r#214)
    
     Error: testthat unit tests failed
     Execution halted
Flavors: r-devel-linux-x86_64-debian-clang, r-devel-linux-x86_64-debian-gcc

Version: 1.4.2
Check: tests
Result: ERROR
     Running ‘testthat.R’
    Running the tests in ‘tests/testthat.R’ failed.
    Complete output:
     > library(testthat)
     > library(reshape2)
     >
     > test_check("reshape2")
     1. Error: melt.data.frame allows for lists in the set of id variables (@test-melt.r#214)
     STRING_PTR() can only be applied to a 'character', not a 'list'
     1: melt(df, id = 1:2) at testthat/test-melt.r:214
     2: melt.data.frame(df, id = 1:2)
     3: melt_dataframe(data, as.integer(id.ind - 1), as.integer(measure.ind - 1), as.character(variable.name),
     as.character(value.name), as.pairlist(measure.attributes), as.logical(factorsAsStrings),
     as.logical(valueAsFactor))
    
     testthat results ================================================================
     OK: 125 SKIPPED: 0 FAILED: 1
     1. Error: melt.data.frame allows for lists in the set of id variables (@test-melt.r#214)
    
     Error: testthat unit tests failed
     Execution halted
Flavors: r-devel-linux-x86_64-fedora-clang, r-devel-linux-x86_64-fedora-gcc

Version: 1.4.2
Check: running tests for arch ‘i386’
Result: ERROR
     Running 'testthat.R' [2s]
    Running the tests in 'tests/testthat.R' failed.
    Last 13 lines of output:
     > test_check("reshape2")
     1. Error: melt.data.frame allows for lists in the set of id variables (@test-melt.r#214)
     STRING_PTR() can only be applied to a 'character', not a 'list'
     1: melt(df, id = 1:2) at testthat/test-melt.r:214
     2: melt.data.frame(df, id = 1:2)
     3: melt_dataframe(data, as.integer(id.ind - 1), as.integer(measure.ind - 1), as.character(variable.name),
     as.character(value.name), as.pairlist(measure.attributes), as.logical(factorsAsStrings),
     as.logical(valueAsFactor))
    
     testthat results ================================================================
     OK: 125 SKIPPED: 0 FAILED: 1
     1. Error: melt.data.frame allows for lists in the set of id variables (@test-melt.r#214)
    
     Error: testthat unit tests failed
     Execution halted
Flavor: r-devel-windows-ix86+x86_64

Version: 1.4.2
Check: running tests for arch ‘x64’
Result: ERROR
     Running 'testthat.R' [2s]
    Running the tests in 'tests/testthat.R' failed.
    Last 13 lines of output:
     > test_check("reshape2")
     1. Error: melt.data.frame allows for lists in the set of id variables (@test-melt.r#214)
     STRING_PTR() can only be applied to a 'character', not a 'list'
     1: melt(df, id = 1:2) at testthat/test-melt.r:214
     2: melt.data.frame(df, id = 1:2)
     3: melt_dataframe(data, as.integer(id.ind - 1), as.integer(measure.ind - 1), as.character(variable.name),
     as.character(value.name), as.pairlist(measure.attributes), as.logical(factorsAsStrings),
     as.logical(valueAsFactor))
    
     testthat results ================================================================
     OK: 125 SKIPPED: 0 FAILED: 1
     1. Error: melt.data.frame allows for lists in the set of id variables (@test-melt.r#214)
    
     Error: testthat unit tests failed
     Execution halted
Flavor: r-devel-windows-ix86+x86_64