CRAN Package Check Results for Package reshape2

Last updated on 2015-07-03 23:47:49.

Flavor Version Tinstall Tcheck Ttotal Status Flags
r-devel-linux-x86_64-debian-clang 1.4.1 7.36 15.09 22.45 NOTE
r-devel-linux-x86_64-debian-gcc 1.4.1 7.87 15.17 23.04 NOTE
r-devel-linux-x86_64-fedora-clang 1.4.1 44.87 NOTE
r-devel-linux-x86_64-fedora-gcc 1.4.1 41.89 NOTE
r-devel-osx-x86_64-clang 1.4.1 36.47 NOTE
r-devel-windows-ix86+x86_64 1.4.1 27.00 41.00 68.00 NOTE
r-patched-linux-x86_64 1.4.1 7.73 15.29 23.02 NOTE
r-patched-solaris-sparc 1.4.1 292.30 NOTE
r-patched-solaris-x86 1.4.1 64.10 NOTE
r-release-linux-x86_64 1.4.1 7.56 15.56 23.11 NOTE
r-release-osx-x86_64-mavericks 1.4.1 NOTE
r-release-windows-ix86+x86_64 1.4.1 36.00 46.00 82.00 NOTE
r-oldrel-windows-ix86+x86_64 1.4.1 25.00 73.00 98.00 OK

Check Details

Version: 1.4.1
Check: DESCRIPTION meta-information
Result: NOTE
    Malformed Title field: should not end in a period.
Flavors: r-devel-linux-x86_64-debian-clang, r-devel-linux-x86_64-debian-gcc, r-devel-linux-x86_64-fedora-clang, r-devel-linux-x86_64-fedora-gcc, r-devel-osx-x86_64-clang, r-devel-windows-ix86+x86_64, r-patched-linux-x86_64, r-patched-solaris-sparc, r-patched-solaris-x86, r-release-linux-x86_64, r-release-osx-x86_64-mavericks, r-release-windows-ix86+x86_64

Version: 1.4.1
Check: R code for possible problems
Result: NOTE
    colsplit: no visible binding for global variable ‘type.convert’
    melt.array : var.convert: no visible global function definition for
     ‘type.convert’
    melt.array: no visible global function definition for ‘setNames’
    melt.default: no visible global function definition for ‘setNames’
    melt.matrix : var.convert: no visible global function definition for
     ‘type.convert’
    melt.matrix: no visible global function definition for ‘setNames’
    melt.table : var.convert: no visible global function definition for
     ‘type.convert’
    melt.table: no visible global function definition for ‘setNames’
    Undefined global functions or variables:
     setNames type.convert
Flavors: r-devel-linux-x86_64-debian-clang, r-devel-linux-x86_64-debian-gcc, r-devel-linux-x86_64-fedora-clang, r-devel-linux-x86_64-fedora-gcc, r-devel-windows-ix86+x86_64