CRAN Package Check Results for Package reshape2

Last updated on 2015-03-30 17:49:13.

Flavor Version Tinstall Tcheck Ttotal Status Flags
r-devel-linux-x86_64-debian-clang 1.4.1 6.79 15.11 21.90 NOTE
r-devel-linux-x86_64-debian-gcc 1.4.1 8.13 14.55 22.68 NOTE
r-devel-linux-x86_64-fedora-clang 1.4.1 46.54 NOTE
r-devel-linux-x86_64-fedora-gcc 1.4.1 44.29 NOTE
r-devel-osx-x86_64-clang 1.4.1 43.96 NOTE
r-prerel-windows-ix86+x86_64 1.4.1 25.00 38.00 63.00 NOTE
r-prerel-linux-x86_64 1.4.1 7.31 14.87 22.18 NOTE
r-prerel-solaris-sparc 1.4.1 280.20 NOTE
r-prerel-solaris-x86 1.4.1 60.40 NOTE
r-release-linux-x86_64 1.4.1 7.86 17.67 25.53 OK
r-release-osx-x86_64-mavericks 1.4.1 OK
r-release-osx-x86_64-snowleopard 1.4.1 OK
r-release-windows-ix86+x86_64 1.4.1 27.00 40.00 67.00 OK
r-oldrel-windows-ix86+x86_64 1.4.1 29.00 72.00 101.00 OK

Check Details

Version: 1.4.1
Check: DESCRIPTION meta-information
Result: NOTE
    Malformed Title field: should not end in a period.
Flavors: r-devel-linux-x86_64-debian-clang, r-devel-linux-x86_64-debian-gcc, r-devel-linux-x86_64-fedora-clang, r-devel-linux-x86_64-fedora-gcc, r-devel-osx-x86_64-clang, r-prerel-windows-ix86+x86_64, r-prerel-linux-x86_64, r-prerel-solaris-sparc, r-prerel-solaris-x86