CRAN Package Check Results for Package reshape2

Last updated on 2017-06-28 23:55:37.

Flavor Version Tinstall Tcheck Ttotal Status Flags
r-devel-linux-x86_64-debian-clang 1.4.2 9.14 19.22 28.36 ERROR
r-devel-linux-x86_64-debian-gcc 1.4.2 9.91 19.93 29.84 NOTE
r-devel-linux-x86_64-fedora-clang 1.4.2 30.28 NOTE
r-devel-linux-x86_64-fedora-gcc 1.4.2 27.60 NOTE
r-devel-windows-ix86+x86_64 1.4.2 33.00 65.00 98.00 OK
r-patched-linux-x86_64 1.4.2 9.79 18.86 28.64 NOTE
r-patched-solaris-sparc 1.4.2 273.70 OK
r-patched-solaris-x86 1.4.2 63.40 OK
r-release-linux-x86_64 1.4.2 10.15 18.82 28.97 NOTE
r-release-windows-ix86+x86_64 1.4.2 42.00 56.00 98.00 OK
r-release-osx-x86_64 1.4.2 OK
r-oldrel-windows-ix86+x86_64 1.4.2 40.00 72.00 112.00 OK
r-oldrel-osx-x86_64 1.4.2 OK

Check Details

Version: 1.4.2
Check: compiled code
Result: NOTE
    File ‘reshape2/libs/reshape2.so’:
     Found no calls to: ‘R_registerRoutines’, ‘R_useDynamicSymbols’
    
    It is good practice to register native routines and to disable symbol
    search.
    
    See ‘Writing portable packages’ in the ‘Writing R Extensions’ manual.
Flavors: r-devel-linux-x86_64-debian-clang, r-devel-linux-x86_64-debian-gcc, r-devel-linux-x86_64-fedora-clang, r-devel-linux-x86_64-fedora-gcc, r-patched-linux-x86_64, r-release-linux-x86_64

Version: 1.4.2
Check: tests
Result: ERROR
     Running ‘testthat.R’ [1s/1s]
    Running the tests in ‘tests/testthat.R’ failed.
    Complete output:
     > library(testthat)
     > library(reshape2)
     >
     > test_check("reshape2")
     1. Failure: (all) comes after NA (@test-margins.r#32) --------------------------
     as.character(dc$a) not equal to c("a", "b", NA, "(all)").
     2/4 mismatches
     x[3]: "(all)"
     y[3]: NA
    
     x[4]: NA
     y[4]: "(all)"
    
    
     testthat results ================================================================
     OK: 125 SKIPPED: 0 FAILED: 1
     1. Failure: (all) comes after NA (@test-margins.r#32)
    
     Error: testthat unit tests failed
     Execution halted
Flavor: r-devel-linux-x86_64-debian-clang