CRAN Package Check Results for Package reshape2

Last updated on 2017-03-29 03:50:51.

Flavor Version Tinstall Tcheck Ttotal Status Flags
r-devel-linux-x86_64-debian-clang 1.4.2 8.47 19.15 27.62 NOTE
r-devel-linux-x86_64-debian-gcc 1.4.2 8.30 18.67 26.98 NOTE
r-devel-linux-x86_64-fedora-clang 1.4.2 50.06 NOTE --no-stop-on-test-error
r-devel-linux-x86_64-fedora-gcc 1.4.2 47.29 NOTE --no-stop-on-test-error
r-devel-macos-x86_64-clang 1.4.2 37.95 NOTE --no-stop-on-test-error
r-devel-windows-ix86+x86_64 1.4.2 26.00 85.00 111.00 OK
r-patched-linux-x86_64 1.4.2 7.26 18.91 26.17 NOTE
r-patched-solaris-sparc 1.4.2 273.70 OK
r-patched-solaris-x86 1.4.2 64.30 OK
r-release-linux-x86_64 1.4.2 7.20 15.55 22.76 OK
r-release-osx-x86_64-mavericks 1.4.2 OK
r-release-windows-ix86+x86_64 1.4.2 41.00 64.00 105.00 OK
r-oldrel-windows-ix86+x86_64 1.4.2 26.00 51.00 77.00 OK

Check Details

Version: 1.4.2
Check: compiled code
Result: NOTE
    File ‘reshape2/libs/reshape2.so’:
     Found no calls to: ‘R_registerRoutines’, ‘R_useDynamicSymbols’
    
    It is good practice to register native routines and to disable symbol
    search.
    
    See ‘Writing portable packages’ in the ‘Writing R Extensions’ manual.
Flavors: r-devel-linux-x86_64-debian-clang, r-devel-linux-x86_64-debian-gcc, r-patched-linux-x86_64

Version: 1.4.2
Flags: --no-stop-on-test-error
Check: compiled code
Result: NOTE
    File ‘reshape2/libs/reshape2.so’:
     Found no calls to: ‘R_registerRoutines’, ‘R_useDynamicSymbols’
    
    It is good practice to register native routines and to disable symbol
    search.
    
    See ‘Writing portable packages’ in the ‘Writing R Extensions’ manual.
Flavors: r-devel-linux-x86_64-fedora-clang, r-devel-linux-x86_64-fedora-gcc, r-devel-macos-x86_64-clang