CRAN Package Check Results for Package reshape2

Last updated on 2016-09-27 11:49:00.

Flavor Version Tinstall Tcheck Ttotal Status Flags
r-devel-linux-x86_64-debian-clang 1.4.1 8.05 15.23 23.28 NOTE
r-devel-linux-x86_64-debian-gcc 1.4.1 8.38 15.57 23.94 NOTE
r-devel-linux-x86_64-fedora-clang 1.4.1 43.43 NOTE
r-devel-linux-x86_64-fedora-gcc 1.4.1 41.14 NOTE
r-devel-macos-x86_64-clang 1.4.1 33.42 NOTE
r-devel-windows-ix86+x86_64 1.4.1 38.00 58.00 96.00 NOTE
r-patched-linux-x86_64 1.4.1 7.16 15.18 22.34 NOTE
r-patched-solaris-sparc 1.4.1 258.50 NOTE
r-patched-solaris-x86 1.4.1 54.20 NOTE
r-release-linux-x86_64 1.4.1 7.12 15.28 22.40 NOTE
r-release-osx-x86_64-mavericks 1.4.1 NOTE
r-release-windows-ix86+x86_64 1.4.1 36.00 60.00 96.00 NOTE
r-oldrel-windows-ix86+x86_64 1.4.1 36.00 70.00 106.00 NOTE

Check Details

Version: 1.4.1
Check: DESCRIPTION meta-information
Result: NOTE
    Malformed Title field: should not end in a period.
Flavors: r-devel-linux-x86_64-debian-clang, r-devel-linux-x86_64-debian-gcc, r-devel-linux-x86_64-fedora-clang, r-devel-linux-x86_64-fedora-gcc, r-devel-macos-x86_64-clang, r-devel-windows-ix86+x86_64, r-patched-linux-x86_64, r-patched-solaris-sparc, r-patched-solaris-x86, r-release-linux-x86_64, r-release-osx-x86_64-mavericks, r-release-windows-ix86+x86_64, r-oldrel-windows-ix86+x86_64

Version: 1.4.1
Check: R code for possible problems
Result: NOTE
    colsplit: no visible binding for global variable ‘type.convert’
    melt.array : var.convert: no visible global function definition for
     ‘type.convert’
    melt.array: no visible global function definition for ‘setNames’
    melt.default: no visible global function definition for ‘setNames’
    melt.matrix : var.convert: no visible global function definition for
     ‘type.convert’
    melt.matrix: no visible global function definition for ‘setNames’
    melt.table : var.convert: no visible global function definition for
     ‘type.convert’
    melt.table: no visible global function definition for ‘setNames’
    Undefined global functions or variables:
     setNames type.convert
    Consider adding
     importFrom("stats", "setNames")
     importFrom("utils", "type.convert")
    to your NAMESPACE file.
Flavors: r-devel-linux-x86_64-debian-clang, r-devel-linux-x86_64-debian-gcc, r-devel-linux-x86_64-fedora-clang, r-devel-linux-x86_64-fedora-gcc, r-devel-macos-x86_64-clang, r-devel-windows-ix86+x86_64, r-patched-linux-x86_64, r-patched-solaris-sparc, r-patched-solaris-x86, r-release-linux-x86_64, r-release-osx-x86_64-mavericks, r-release-windows-ix86+x86_64