CRAN Package Check Results for Package reshapeGUI

Last updated on 2015-07-05 08:47:32.

Flavor Version Tinstall Tcheck Ttotal Status Flags
r-devel-linux-x86_64-debian-clang 0.1.0 2.93 28.47 31.40 NOTE
r-devel-linux-x86_64-debian-gcc 0.1.0 2.61 28.34 30.94 NOTE
r-devel-linux-x86_64-fedora-clang 0.1.0 65.81 NOTE
r-devel-linux-x86_64-fedora-gcc 0.1.0 63.11 NOTE
r-devel-osx-x86_64-clang 0.1.0 52.86 NOTE
r-devel-windows-ix86+x86_64 0.1.0 8.00 49.00 57.00 NOTE
r-patched-linux-x86_64 0.1.0 2.82 28.54 31.37 NOTE
r-patched-solaris-sparc 0.1.0 398.10 NOTE
r-patched-solaris-x86 0.1.0 108.20 NOTE
r-release-linux-x86_64 0.1.0 2.66 28.92 31.58 NOTE
r-release-osx-x86_64-mavericks 0.1.0 NOTE
r-release-windows-ix86+x86_64 0.1.0 10.00 53.00 63.00 NOTE
r-oldrel-windows-ix86+x86_64 0.1.0 19.00 111.00 130.00 NOTE

Check Details

Version: 0.1.0
Check: DESCRIPTION meta-information
Result: NOTE
    Malformed Title field: should not end in a period.
Flavors: r-devel-linux-x86_64-debian-clang, r-devel-linux-x86_64-debian-gcc, r-devel-linux-x86_64-fedora-clang, r-devel-linux-x86_64-fedora-gcc, r-devel-osx-x86_64-clang, r-devel-windows-ix86+x86_64, r-patched-linux-x86_64, r-patched-solaris-sparc, r-patched-solaris-x86, r-release-linux-x86_64, r-release-osx-x86_64-mavericks, r-release-windows-ix86+x86_64

Version: 0.1.0
Check: top-level files
Result: NOTE
    Non-standard file/directory found at top level:
     ‘load.r’
Flavors: r-devel-linux-x86_64-debian-clang, r-devel-linux-x86_64-debian-gcc, r-devel-linux-x86_64-fedora-clang, r-devel-linux-x86_64-fedora-gcc, r-patched-linux-x86_64, r-release-linux-x86_64

Version: 0.1.0
Check: dependencies in R code
Result: NOTE
    Packages in Depends field not imported from:
     ‘gWidgets’ ‘gWidgetsRGtk2’ ‘plyr’ ‘reshape2’
     These packages need to be imported from (in the NAMESPACE file)
     for when this namespace is loaded but not attached.
Flavors: r-devel-linux-x86_64-debian-clang, r-devel-linux-x86_64-debian-gcc, r-devel-linux-x86_64-fedora-clang, r-devel-linux-x86_64-fedora-gcc, r-devel-osx-x86_64-clang, r-devel-windows-ix86+x86_64, r-patched-linux-x86_64, r-patched-solaris-sparc, r-patched-solaris-x86, r-release-linux-x86_64, r-release-osx-x86_64-mavericks, r-release-windows-ix86+x86_64, r-oldrel-windows-ix86+x86_64

Version: 0.1.0
Check: R code for possible problems
Result: NOTE
    reshapeGUI: no visible global function definition for ‘gwindow’
    reshapeGUI: no visible global function definition for ‘gnotebook’
    reshapeGUI: no visible global function definition for ‘size<-’
    reshapeGUI: no visible global function definition for ‘ggroup’
    reshapeGUI: no visible global function definition for ‘gtable’
    reshapeGUI: no visible global function definition for ‘addSpring’
    reshapeGUI: no visible global function definition for ‘gbutton’
    reshapeGUI: no visible global function definition for ‘glabel’
    reshapeGUI: no visible global function definition for ‘gedit’
    reshapeGUI: no visible global function definition for ‘gcheckbox’
    reshapeGUI: no visible global function definition for ‘gdf’
    reshapeGUI: no visible global function definition for ‘visible<-’
    reshapeGUI: no visible global function definition for
     ‘addHandlerClicked’
    reshapeGUI : <anonymous>: no visible global function definition for
     ‘gmessage’
    reshapeGUI : <anonymous>: no visible global function definition for
     ‘svalue’
    reshapeGUI : <anonymous>: no visible global function definition for
     ‘svalue<-’
    reshapeGUI : <anonymous>: no visible global function definition for
     ‘delete’
    reshapeGUI : <anonymous>: no visible global function definition for
     ‘add’
    reshapeGUI : <anonymous>: no visible global function definition for
     ‘gdf’
    reshapeGUI : <anonymous>: no visible global function definition for
     ‘visible<-’
    reshapeGUI: no visible global function definition for
     ‘addHandlerChanged’
    updateMeltCodeBox: no visible global function definition for ‘svalue<-’
    Undefined global functions or variables:
     add addHandlerChanged addHandlerClicked addSpring delete gbutton
     gcheckbox gdf gedit ggroup glabel gmessage gnotebook gtable gwindow
     size<- svalue svalue<- visible<-
Flavors: r-devel-linux-x86_64-debian-clang, r-devel-linux-x86_64-debian-gcc, r-devel-linux-x86_64-fedora-clang, r-devel-linux-x86_64-fedora-gcc, r-devel-osx-x86_64-clang, r-devel-windows-ix86+x86_64

Version: 0.1.0
Check: R code for possible problems
Result: NOTE
    reshapeGUI: no visible global function definition for ‘gwindow’
    reshapeGUI: no visible global function definition for ‘gnotebook’
    reshapeGUI: no visible global function definition for ‘size<-’
    reshapeGUI: no visible global function definition for ‘ggroup’
    reshapeGUI: no visible global function definition for ‘gtable’
    reshapeGUI: no visible global function definition for ‘addSpring’
    reshapeGUI: no visible global function definition for ‘gbutton’
    reshapeGUI: no visible global function definition for ‘glabel’
    reshapeGUI: no visible global function definition for ‘gedit’
    reshapeGUI: no visible global function definition for ‘gcheckbox’
    reshapeGUI: no visible global function definition for ‘gdf’
    reshapeGUI: no visible global function definition for ‘visible<-’
    reshapeGUI: no visible global function definition for
     ‘addHandlerClicked’
    reshapeGUI : <anonymous>: no visible global function definition for
     ‘gmessage’
    reshapeGUI : <anonymous>: no visible global function definition for
     ‘svalue’
    reshapeGUI : <anonymous>: no visible global function definition for
     ‘svalue<-’
    reshapeGUI : <anonymous>: no visible global function definition for
     ‘delete’
    reshapeGUI : <anonymous>: no visible global function definition for
     ‘add’
    reshapeGUI : <anonymous>: no visible global function definition for
     ‘gdf’
    reshapeGUI : <anonymous>: no visible global function definition for
     ‘visible<-’
    reshapeGUI: no visible global function definition for
     ‘addHandlerChanged’
    updateMeltCodeBox: no visible global function definition for ‘svalue<-’
Flavors: r-patched-linux-x86_64, r-patched-solaris-sparc, r-patched-solaris-x86, r-release-linux-x86_64, r-release-osx-x86_64-mavericks, r-release-windows-ix86+x86_64, r-oldrel-windows-ix86+x86_64