CRAN Package Check Results for Package reshapeGUI

Last updated on 2014-09-19 20:47:31.

Flavor Version Tinstall Tcheck Ttotal Status Flags
r-devel-linux-x86_64-debian-clang 0.1.0 3.17 38.08 41.25 NOTE
r-devel-linux-x86_64-debian-gcc 0.1.0 3.07 36.50 39.57 NOTE
r-devel-linux-x86_64-fedora-clang 0.1.0 95.43 NOTE
r-devel-linux-x86_64-fedora-gcc 0.1.0 91.03 NOTE
r-devel-osx-x86_64-clang 0.1.0 81.12 NOTE
r-devel-windows-ix86+x86_64 0.1.0 12.00 63.00 75.00 NOTE
r-patched-linux-x86_64 0.1.0 3.34 40.99 44.33 NOTE
r-patched-solaris-sparc 0.1.0 536.60 NOTE
r-patched-solaris-x86 0.1.0 138.20 NOTE
r-release-linux-ix86 0.1.0 4.36 53.80 58.16 NOTE
r-release-linux-x86_64 0.1.0 3.67 42.28 45.95 NOTE
r-release-osx-x86_64-mavericks 0.1.0 ERROR
r-release-osx-x86_64-snowleopard 0.1.0 NOTE
r-release-windows-ix86+x86_64 0.1.0 14.00 71.00 85.00 NOTE
r-oldrel-windows-ix86+x86_64 0.1.0 14.00 73.00 87.00 NOTE

Check Details

Version: 0.1.0
Check: top-level files
Result: NOTE
    Non-standard file/directory found at top level:
     ‘load.r’
Flavors: r-devel-linux-x86_64-debian-clang, r-devel-linux-x86_64-debian-gcc, r-devel-linux-x86_64-fedora-clang, r-devel-linux-x86_64-fedora-gcc, r-patched-linux-x86_64, r-release-linux-x86_64

Version: 0.1.0
Check: dependencies in R code
Result: NOTE
    Packages in Depends field not imported from:
     ‘gWidgets’ ‘gWidgetsRGtk2’ ‘plyr’ ‘reshape2’
     These packages need to be imported from (in the NAMESPACE file)
     for when this namespace is loaded but not attached.
    See the information on DESCRIPTION files in the chapter ‘Creating R
    packages’ of the ‘Writing R Extensions’ manual.
Flavors: r-devel-linux-x86_64-debian-clang, r-devel-linux-x86_64-debian-gcc, r-devel-linux-x86_64-fedora-clang, r-devel-linux-x86_64-fedora-gcc, r-devel-osx-x86_64-clang, r-devel-windows-ix86+x86_64, r-patched-linux-x86_64, r-patched-solaris-sparc, r-patched-solaris-x86, r-release-linux-ix86, r-release-linux-x86_64, r-release-windows-ix86+x86_64, r-oldrel-windows-ix86+x86_64

Version: 0.1.0
Check: R code for possible problems
Result: NOTE
    reshapeGUI: no visible global function definition for ‘gwindow’
    reshapeGUI: no visible global function definition for ‘gnotebook’
    reshapeGUI: no visible global function definition for ‘size<-’
    reshapeGUI: no visible global function definition for ‘ggroup’
    reshapeGUI: no visible global function definition for ‘gtable’
    reshapeGUI: no visible global function definition for ‘addSpring’
    reshapeGUI: no visible global function definition for ‘gbutton’
    reshapeGUI: no visible global function definition for ‘glabel’
    reshapeGUI: no visible global function definition for ‘gedit’
    reshapeGUI: no visible global function definition for ‘gcheckbox’
    reshapeGUI: no visible global function definition for ‘gdf’
    reshapeGUI: no visible global function definition for ‘visible<-’
    reshapeGUI: no visible global function definition for
     ‘addHandlerClicked’
    reshapeGUI : <anonymous>: no visible global function definition for
     ‘gmessage’
    reshapeGUI : <anonymous>: no visible global function definition for
     ‘svalue’
    reshapeGUI : <anonymous>: no visible global function definition for
     ‘svalue<-’
    reshapeGUI : <anonymous>: no visible global function definition for
     ‘delete’
    reshapeGUI : <anonymous>: no visible global function definition for
     ‘add’
    reshapeGUI : <anonymous>: no visible global function definition for
     ‘gdf’
    reshapeGUI : <anonymous>: no visible global function definition for
     ‘visible<-’
    reshapeGUI: no visible global function definition for
     ‘addHandlerChanged’
    updateMeltCodeBox: no visible global function definition for ‘svalue<-’
Flavors: r-devel-linux-x86_64-debian-clang, r-devel-linux-x86_64-debian-gcc, r-devel-linux-x86_64-fedora-clang, r-devel-linux-x86_64-fedora-gcc, r-devel-osx-x86_64-clang, r-devel-windows-ix86+x86_64

Version: 0.1.0
Check: R code for possible problems
Result: NOTE
    reshapeGUI: warning in gnotebook(cont = w): partial argument match of
     ‘cont’ to ‘container’
    reshapeGUI: warning in ggroup(cont = nb, label = "Data Selection",
     horizontal = FALSE, expand = TRUE): partial argument match of ‘cont’
     to ‘container’
    reshapeGUI: warning in ggroup(cont = p1): partial argument match of
     ‘cont’ to ‘container’
    reshapeGUI: warning in ggroup(cont = selectionBox, expand = TRUE,
     horizontal = FALSE): partial argument match of ‘cont’ to ‘container’
    reshapeGUI: warning in gtable(wkspaceDfs, cont = p1wkspaceBox, expand =
     TRUE): partial argument match of ‘cont’ to ‘container’
    reshapeGUI: warning in ggroup(cont = p1wkspaceBox): partial argument
     match of ‘cont’ to ‘container’
    reshapeGUI: warning in gbutton("Refresh Workspace", cont =
     p1wkspaceRefreshBox): partial argument match of ‘cont’ to ‘container’
    reshapeGUI: warning in glabel("", cont = entryButtonBox): partial
     argument match of ‘cont’ to ‘container’
    reshapeGUI: warning in ggroup(cont = entryButtonBox): partial argument
     match of ‘cont’ to ‘container’
    reshapeGUI: warning in glabel("File Loading/Exporting", cont =
     p1csvLabelBox): partial argument match of ‘cont’ to ‘container’
    reshapeGUI: warning in gbutton("Load .csv File", cont = loadcsvBox):
     partial argument match of ‘cont’ to ‘container’
    reshapeGUI: warning in glabel("Object Name:", cont = loadcsvBox):
     partial argument match of ‘cont’ to ‘container’
    reshapeGUI: warning in gedit("newData", cont = loadcsvBox, width = 10):
     partial argument match of ‘cont’ to ‘container’
    reshapeGUI: warning in gcheckbox("Header?", checked = FALSE, cont =
     loadcsvBox): partial argument match of ‘cont’ to ‘container’
    reshapeGUI: warning in gbutton("Export to .csv File", cont =
     p1WriteBox): partial argument match of ‘cont’ to ‘container’
    reshapeGUI: warning in glabel("File Name:", cont = p1WriteBox): partial
     argument match of ‘cont’ to ‘container’
    reshapeGUI: warning in gedit("", cont = p1WriteBox, width = 15):
     partial argument match of ‘cont’ to ‘container’
    reshapeGUI: warning in glabel("Include Row Names?", cont = p1WriteBox):
     partial argument match of ‘cont’ to ‘container’
    reshapeGUI: warning in gcheckbox("", cont = p1WriteBox): partial
     argument match of ‘cont’ to ‘container’
    reshapeGUI: warning in glabel("Data Manipulation", cont =
     p1ManipLabelBox): partial argument match of ‘cont’ to ‘container’
    reshapeGUI: warning in gbutton("melt", cont = p1ManipButtonBox):
     partial argument match of ‘cont’ to ‘container’
    reshapeGUI: warning in gbutton("cast", cont = p1ManipButtonBox):
     partial argument match of ‘cont’ to ‘container’
    reshapeGUI: warning in gbutton("ddply", cont = p1ManipButtonBox):
     partial argument match of ‘cont’ to ‘container’
    reshapeGUI: warning in gbutton("?", cont = p1ManipButtonBox): partial
     argument match of ‘cont’ to ‘container’
    reshapeGUI: warning in glabel("", cont = p1ManipButtonBox): partial
     argument match of ‘cont’ to ‘container’
    reshapeGUI: warning in glabel("Data Preview (select data frame above)",
     cont = p1DataLabelBox): partial argument match of ‘cont’ to
     ‘container’
    reshapeGUI: warning in gdf(data.frame(items = TRUE), cont = p1, expand
     = TRUE): partial argument match of ‘cont’ to ‘container’
Flavors: r-patched-linux-x86_64, r-patched-solaris-sparc, r-patched-solaris-x86, r-release-linux-ix86, r-release-linux-x86_64, r-release-osx-x86_64-snowleopard, r-release-windows-ix86+x86_64, r-oldrel-windows-ix86+x86_64

Version: 0.1.0
Check: package dependencies
Result: ERROR
    Package required but not available: ‘gWidgetsRGtk2’
    
    See the information on DESCRIPTION files in the chapter ‘Creating R
    packages’ of the ‘Writing R Extensions’ manual.
Flavor: r-release-osx-x86_64-mavericks