CRAN Package Check Results for Package reshapeGUI

Last updated on 2016-06-30 19:46:52.

Flavor Version Tinstall Tcheck Ttotal Status Flags
r-devel-linux-x86_64-debian-gcc 0.1.0 2.79 28.46 31.25 NOTE
r-devel-linux-x86_64-fedora-clang 0.1.0 54.34 NOTE
r-devel-linux-x86_64-fedora-gcc 0.1.0 51.29 NOTE
r-devel-osx-x86_64-clang 0.1.0 43.75 NOTE
r-devel-windows-ix86+x86_64 0.1.0 8.00 55.00 63.00 NOTE
r-patched-linux-x86_64 0.1.0 3.09 28.57 31.66 NOTE
r-patched-solaris-sparc 0.1.0 315.50 NOTE
r-patched-solaris-x86 0.1.0 77.30 NOTE
r-release-linux-x86_64 0.1.0 2.92 27.14 30.07 NOTE
r-release-osx-x86_64-mavericks 0.1.0 ERROR
r-release-windows-ix86+x86_64 0.1.0 11.00 55.00 66.00 NOTE
r-oldrel-windows-ix86+x86_64 0.1.0 13.00 61.00 74.00 NOTE

Check Details

Version: 0.1.0
Check: DESCRIPTION meta-information
Result: NOTE
    Malformed Title field: should not end in a period.
Flavors: r-devel-linux-x86_64-debian-gcc, r-devel-linux-x86_64-fedora-clang, r-devel-linux-x86_64-fedora-gcc, r-devel-osx-x86_64-clang, r-devel-windows-ix86+x86_64, r-patched-linux-x86_64, r-patched-solaris-sparc, r-patched-solaris-x86, r-release-linux-x86_64, r-release-windows-ix86+x86_64, r-oldrel-windows-ix86+x86_64

Version: 0.1.0
Check: top-level files
Result: NOTE
    Non-standard file/directory found at top level:
     ‘load.r’
Flavors: r-devel-linux-x86_64-debian-gcc, r-devel-linux-x86_64-fedora-clang, r-devel-linux-x86_64-fedora-gcc, r-patched-linux-x86_64, r-release-linux-x86_64

Version: 0.1.0
Check: dependencies in R code
Result: NOTE
    Packages in Depends field not imported from:
     ‘gWidgets’ ‘gWidgetsRGtk2’ ‘plyr’ ‘reshape2’
     These packages need to be imported from (in the NAMESPACE file)
     for when this namespace is loaded but not attached.
Flavors: r-devel-linux-x86_64-debian-gcc, r-devel-linux-x86_64-fedora-clang, r-devel-linux-x86_64-fedora-gcc, r-devel-osx-x86_64-clang, r-devel-windows-ix86+x86_64, r-patched-linux-x86_64, r-patched-solaris-sparc, r-patched-solaris-x86, r-release-linux-x86_64, r-release-windows-ix86+x86_64, r-oldrel-windows-ix86+x86_64

Version: 0.1.0
Check: R code for possible problems
Result: NOTE
    reshapeGUI: no visible global function definition for ‘gwindow’
    reshapeGUI: no visible global function definition for ‘gnotebook’
    reshapeGUI: no visible global function definition for ‘size<-’
    reshapeGUI: no visible global function definition for ‘ggroup’
    reshapeGUI: no visible global function definition for ‘gtable’
    reshapeGUI: no visible global function definition for ‘addSpring’
    reshapeGUI: no visible global function definition for ‘gbutton’
    reshapeGUI: no visible global function definition for ‘glabel’
    reshapeGUI: no visible global function definition for ‘gedit’
    reshapeGUI: no visible global function definition for ‘gcheckbox’
    reshapeGUI: no visible global function definition for ‘gdf’
    reshapeGUI: no visible global function definition for ‘visible<-’
    reshapeGUI: no visible global function definition for
     ‘addHandlerClicked’
    reshapeGUI : <anonymous>: no visible global function definition for
     ‘gmessage’
    reshapeGUI : <anonymous>: no visible global function definition for
     ‘svalue’
    reshapeGUI : <anonymous>: no visible global function definition for
     ‘svalue<-’
    reshapeGUI : <anonymous>: no visible global function definition for
     ‘delete’
    reshapeGUI : <anonymous>: no visible global function definition for
     ‘add’
    reshapeGUI : <anonymous>: no visible global function definition for
     ‘gdf’
    reshapeGUI : <anonymous>: no visible global function definition for
     ‘visible<-’
    reshapeGUI: no visible global function definition for
     ‘addHandlerChanged’
    updateMeltCodeBox: no visible global function definition for ‘svalue<-’
    Undefined global functions or variables:
     add addHandlerChanged addHandlerClicked addSpring delete gbutton
     gcheckbox gdf gedit ggroup glabel gmessage gnotebook gtable gwindow
     size<- svalue svalue<- visible<-
Flavors: r-devel-linux-x86_64-debian-gcc, r-devel-linux-x86_64-fedora-clang, r-devel-linux-x86_64-fedora-gcc, r-devel-osx-x86_64-clang, r-devel-windows-ix86+x86_64, r-patched-linux-x86_64, r-patched-solaris-sparc, r-patched-solaris-x86, r-release-linux-x86_64, r-release-windows-ix86+x86_64

Version: 0.1.0
Check: whether package can be installed
Result: ERROR
    Installation failed.
Flavor: r-release-osx-x86_64-mavericks

Version: 0.1.0
Check: R code for possible problems
Result: NOTE
    reshapeGUI: no visible global function definition for 'gwindow'
    reshapeGUI: no visible global function definition for 'gnotebook'
    reshapeGUI: no visible global function definition for 'size<-'
    reshapeGUI: no visible global function definition for 'ggroup'
    reshapeGUI: no visible global function definition for 'gtable'
    reshapeGUI: no visible global function definition for 'addSpring'
    reshapeGUI: no visible global function definition for 'gbutton'
    reshapeGUI: no visible global function definition for 'glabel'
    reshapeGUI: no visible global function definition for 'gedit'
    reshapeGUI: no visible global function definition for 'gcheckbox'
    reshapeGUI: no visible global function definition for 'gdf'
    reshapeGUI: no visible global function definition for 'visible<-'
    reshapeGUI: no visible global function definition for
     'addHandlerClicked'
    reshapeGUI : <anonymous>: no visible global function definition for
     'gmessage'
    reshapeGUI : <anonymous>: no visible global function definition for
     'svalue'
    reshapeGUI : <anonymous>: no visible global function definition for
     'svalue<-'
    reshapeGUI : <anonymous>: no visible global function definition for
     'delete'
    reshapeGUI : <anonymous>: no visible global function definition for
     'add'
    reshapeGUI : <anonymous>: no visible global function definition for
     'gdf'
    reshapeGUI : <anonymous>: no visible global function definition for
     'visible<-'
    reshapeGUI: no visible global function definition for
     'addHandlerChanged'
    updateMeltCodeBox: no visible global function definition for 'svalue<-'
Flavor: r-oldrel-windows-ix86+x86_64