CRAN Package Check Results for Package reshapeGUI

Last updated on 2015-05-23 17:48:53.

Flavor Version Tinstall Tcheck Ttotal Status Flags
r-devel-linux-x86_64-debian-clang 0.1.0 2.77 29.68 32.46 NOTE
r-devel-linux-x86_64-debian-gcc 0.1.0 2.66 28.75 31.41 NOTE
r-devel-linux-x86_64-fedora-clang 0.1.0 67.33 NOTE
r-devel-linux-x86_64-fedora-gcc 0.1.0 64.11 NOTE
r-devel-osx-x86_64-clang 0.1.0 61.23 NOTE
r-devel-windows-ix86+x86_64 0.1.0 10.00 46.00 56.00 NOTE
r-patched-linux-x86_64 0.1.0 2.68 28.81 31.49 NOTE
r-patched-solaris-sparc 0.1.0 398.10 NOTE
r-patched-solaris-x86 0.1.0 103.30 NOTE
r-release-linux-x86_64 0.1.0 3.12 31.49 34.60 NOTE
r-release-osx-x86_64-mavericks 0.1.0 NOTE
r-release-osx-x86_64-snowleopard 0.1.0 NOTE
r-release-windows-ix86+x86_64 0.1.0 9.00 47.00 56.00 NOTE
r-oldrel-windows-ix86+x86_64 0.1.0 16.00 80.00 96.00 NOTE

Check Details

Version: 0.1.0
Check: DESCRIPTION meta-information
Result: NOTE
    Malformed Title field: should not end in a period.
Flavors: r-devel-linux-x86_64-debian-clang, r-devel-linux-x86_64-debian-gcc, r-devel-linux-x86_64-fedora-clang, r-devel-linux-x86_64-fedora-gcc, r-devel-osx-x86_64-clang, r-devel-windows-ix86+x86_64, r-patched-linux-x86_64, r-patched-solaris-sparc, r-patched-solaris-x86, r-release-linux-x86_64, r-release-osx-x86_64-mavericks, r-release-osx-x86_64-snowleopard, r-release-windows-ix86+x86_64

Version: 0.1.0
Check: top-level files
Result: NOTE
    Non-standard file/directory found at top level:
     ‘load.r’
Flavors: r-devel-linux-x86_64-debian-clang, r-devel-linux-x86_64-debian-gcc, r-devel-linux-x86_64-fedora-clang, r-devel-linux-x86_64-fedora-gcc, r-patched-linux-x86_64, r-release-linux-x86_64

Version: 0.1.0
Check: dependencies in R code
Result: NOTE
    Packages in Depends field not imported from:
     ‘gWidgets’ ‘gWidgetsRGtk2’ ‘plyr’ ‘reshape2’
     These packages need to be imported from (in the NAMESPACE file)
     for when this namespace is loaded but not attached.
Flavors: r-devel-linux-x86_64-debian-clang, r-devel-linux-x86_64-debian-gcc, r-devel-linux-x86_64-fedora-clang, r-devel-linux-x86_64-fedora-gcc, r-devel-osx-x86_64-clang, r-devel-windows-ix86+x86_64, r-patched-linux-x86_64, r-patched-solaris-sparc, r-patched-solaris-x86, r-release-linux-x86_64, r-release-osx-x86_64-mavericks, r-release-osx-x86_64-snowleopard, r-release-windows-ix86+x86_64, r-oldrel-windows-ix86+x86_64

Version: 0.1.0
Check: R code for possible problems
Result: NOTE
    reshapeGUI: no visible global function definition for ‘gwindow’
    reshapeGUI: no visible global function definition for ‘gnotebook’
    reshapeGUI: no visible global function definition for ‘size<-’
    reshapeGUI: no visible global function definition for ‘ggroup’
    reshapeGUI: no visible global function definition for ‘gtable’
    reshapeGUI: no visible global function definition for ‘addSpring’
    reshapeGUI: no visible global function definition for ‘gbutton’
    reshapeGUI: no visible global function definition for ‘glabel’
    reshapeGUI: no visible global function definition for ‘gedit’
    reshapeGUI: no visible global function definition for ‘gcheckbox’
    reshapeGUI: no visible global function definition for ‘gdf’
    reshapeGUI: no visible global function definition for ‘visible<-’
    reshapeGUI: no visible global function definition for
     ‘addHandlerClicked’
    reshapeGUI : <anonymous>: no visible global function definition for
     ‘gmessage’
    reshapeGUI : <anonymous>: no visible global function definition for
     ‘svalue’
    reshapeGUI : <anonymous>: no visible global function definition for
     ‘svalue<-’
    reshapeGUI : <anonymous>: no visible global function definition for
     ‘delete’
    reshapeGUI : <anonymous>: no visible global function definition for
     ‘add’
    reshapeGUI : <anonymous>: no visible global function definition for
     ‘gdf’
    reshapeGUI : <anonymous>: no visible global function definition for
     ‘visible<-’
    reshapeGUI: no visible global function definition for
     ‘addHandlerChanged’
    updateMeltCodeBox: no visible global function definition for ‘svalue<-’
Flavors: r-devel-linux-x86_64-debian-clang, r-devel-linux-x86_64-debian-gcc, r-devel-linux-x86_64-fedora-clang, r-devel-linux-x86_64-fedora-gcc, r-devel-osx-x86_64-clang, r-devel-windows-ix86+x86_64, r-patched-linux-x86_64, r-patched-solaris-sparc, r-patched-solaris-x86, r-release-linux-x86_64, r-release-osx-x86_64-mavericks, r-release-osx-x86_64-snowleopard, r-release-windows-ix86+x86_64, r-oldrel-windows-ix86+x86_64