CRAN Package Check Results for Package reshapeGUI

Last updated on 2014-07-24 23:48:21.

Flavor Version Tinstall Tcheck Ttotal Status Flags
r-devel-linux-x86_64-debian-clang 0.1.0 3.30 40.13 43.43 NOTE
r-devel-linux-x86_64-debian-gcc 0.1.0 3.27 40.67 43.94 NOTE
r-devel-linux-x86_64-fedora-clang 0.1.0 106.79 NOTE
r-devel-linux-x86_64-fedora-gcc 0.1.0 104.05 NOTE
r-devel-osx-x86_64-clang 0.1.0 84.69 NOTE
r-devel-windows-ix86+x86_64 0.1.0 13.00 65.00 78.00 NOTE
r-patched-linux-x86_64 0.1.0 3.30 40.01 43.32 NOTE
r-patched-solaris-sparc 0.1.0 586.00 NOTE
r-patched-solaris-x86 0.1.0 136.30 NOTE
r-release-linux-ix86 0.1.0 4.33 53.88 58.21 NOTE
r-release-linux-x86_64 0.1.0 3.54 42.28 45.82 NOTE
r-release-osx-x86_64-mavericks 0.1.0 ERROR
r-release-osx-x86_64-snowleopard 0.1.0 NOTE
r-release-windows-ix86+x86_64 0.1.0 12.00 70.00 82.00 NOTE
r-oldrel-windows-ix86+x86_64 0.1.0 15.00 71.00 86.00 NOTE

Check Details

Version: 0.1.0
Check: dependencies in R code
Result: NOTE
    Packages in Depends field not imported from:
     ‘gWidgets’ ‘gWidgetsRGtk2’ ‘plyr’ ‘reshape2’
     These packages need to be imported from (in the NAMESPACE file)
     for when this namespace is loaded but not attached.
    See the information on DESCRIPTION files in the chapter ‘Creating R
    packages’ of the ‘Writing R Extensions’ manual.
Flavors: r-devel-linux-x86_64-debian-clang, r-devel-linux-x86_64-debian-gcc, r-devel-linux-x86_64-fedora-clang, r-devel-linux-x86_64-fedora-gcc, r-devel-osx-x86_64-clang, r-devel-windows-ix86+x86_64, r-patched-linux-x86_64, r-patched-solaris-sparc, r-patched-solaris-x86, r-release-linux-ix86, r-release-linux-x86_64, r-release-windows-ix86+x86_64, r-oldrel-windows-ix86+x86_64

Version: 0.1.0
Check: R code for possible problems
Result: NOTE
    reshapeGUI: warning in gnotebook(cont = w): partial argument match of
     'cont' to 'container'
    reshapeGUI: warning in ggroup(cont = nb, label = "Data Selection",
     horizontal = FALSE, expand = TRUE): partial argument match of 'cont'
     to 'container'
    reshapeGUI: warning in ggroup(cont = p1): partial argument match of
     'cont' to 'container'
    reshapeGUI: warning in ggroup(cont = selectionBox, expand = TRUE,
     horizontal = FALSE): partial argument match of 'cont' to 'container'
    reshapeGUI: warning in gtable(wkspaceDfs, cont = p1wkspaceBox, expand =
     TRUE): partial argument match of 'cont' to 'container'
    reshapeGUI: warning in ggroup(cont = p1wkspaceBox): partial argument
     match of 'cont' to 'container'
    reshapeGUI: warning in gbutton("Refresh Workspace", cont =
     p1wkspaceRefreshBox): partial argument match of 'cont' to 'container'
    reshapeGUI: warning in glabel("", cont = entryButtonBox): partial
     argument match of 'cont' to 'container'
    reshapeGUI: warning in ggroup(cont = entryButtonBox): partial argument
     match of 'cont' to 'container'
    reshapeGUI: warning in glabel("File Loading/Exporting", cont =
     p1csvLabelBox): partial argument match of 'cont' to 'container'
    reshapeGUI: warning in gbutton("Load .csv File", cont = loadcsvBox):
     partial argument match of 'cont' to 'container'
    reshapeGUI: warning in glabel("Object Name:", cont = loadcsvBox):
     partial argument match of 'cont' to 'container'
    reshapeGUI: warning in gedit("newData", cont = loadcsvBox, width = 10):
     partial argument match of 'cont' to 'container'
    reshapeGUI: warning in gcheckbox("Header?", checked = FALSE, cont =
     loadcsvBox): partial argument match of 'cont' to 'container'
    reshapeGUI: warning in gbutton("Export to .csv File", cont =
     p1WriteBox): partial argument match of 'cont' to 'container'
    reshapeGUI: warning in glabel("File Name:", cont = p1WriteBox): partial
     argument match of 'cont' to 'container'
    reshapeGUI: warning in gedit("", cont = p1WriteBox, width = 15):
     partial argument match of 'cont' to 'container'
    reshapeGUI: warning in glabel("Include Row Names?", cont = p1WriteBox):
     partial argument match of 'cont' to 'container'
    reshapeGUI: warning in gcheckbox("", cont = p1WriteBox): partial
     argument match of 'cont' to 'container'
    reshapeGUI: warning in glabel("Data Manipulation", cont =
     p1ManipLabelBox): partial argument match of 'cont' to 'container'
    reshapeGUI: warning in gbutton("melt", cont = p1ManipButtonBox):
     partial argument match of 'cont' to 'container'
    reshapeGUI: warning in gbutton("cast", cont = p1ManipButtonBox):
     partial argument match of 'cont' to 'container'
    reshapeGUI: warning in gbutton("ddply", cont = p1ManipButtonBox):
     partial argument match of 'cont' to 'container'
    reshapeGUI: warning in gbutton("?", cont = p1ManipButtonBox): partial
     argument match of 'cont' to 'container'
    reshapeGUI: warning in glabel("", cont = p1ManipButtonBox): partial
     argument match of 'cont' to 'container'
    reshapeGUI: warning in glabel("Data Preview (select data frame above)",
     cont = p1DataLabelBox): partial argument match of 'cont' to
     'container'
    reshapeGUI: warning in gdf(data.frame(items = TRUE), cont = p1, expand
     = TRUE): partial argument match of 'cont' to 'container'
Flavors: r-devel-linux-x86_64-debian-clang, r-devel-linux-x86_64-debian-gcc, r-devel-linux-x86_64-fedora-clang, r-devel-linux-x86_64-fedora-gcc, r-devel-osx-x86_64-clang, r-devel-windows-ix86+x86_64, r-patched-linux-x86_64, r-patched-solaris-sparc, r-patched-solaris-x86, r-release-linux-ix86, r-release-linux-x86_64, r-release-osx-x86_64-snowleopard, r-release-windows-ix86+x86_64, r-oldrel-windows-ix86+x86_64

Version: 0.1.0
Check: top-level files
Result: NOTE
    Non-standard file/directory found at top level:
     ‘load.r’
Flavors: r-devel-linux-x86_64-fedora-clang, r-devel-linux-x86_64-fedora-gcc

Version: 0.1.0
Check: package dependencies
Result: ERROR
    Package required but not available: ‘gWidgetsRGtk2’
    
    See the information on DESCRIPTION files in the chapter ‘Creating R
    packages’ of the ‘Writing R Extensions’ manual.
Flavor: r-release-osx-x86_64-mavericks