CRAN Package Check Results for Package restfulr

Last updated on 2020-02-25 04:48:14 CET.

Flavor Version Tinstall Tcheck Ttotal Status Flags
r-devel-linux-x86_64-debian-clang 0.0.13 13.44 70.66 84.10 OK --no-tests
r-devel-linux-x86_64-debian-gcc 0.0.13 10.79 54.75 65.54 OK --no-tests
r-devel-linux-x86_64-fedora-clang 0.0.13 99.06 OK --no-tests
r-devel-linux-x86_64-fedora-gcc 0.0.13 97.65 OK --no-tests
r-devel-windows-ix86+x86_64 0.0.13 25.00 0.00 25.00 FAIL
r-devel-windows-ix86+x86_64-gcc8 0.0.13 34.00 0.00 34.00 FAIL
r-patched-linux-x86_64 0.0.13 9.96 61.46 71.42 OK --no-tests
r-patched-solaris-x86 0.0.13 153.10 OK
r-release-linux-x86_64 0.0.13 10.66 60.48 71.14 OK --no-tests
r-release-windows-ix86+x86_64 0.0.13 19.00 0.00 19.00 FAIL
r-release-osx-x86_64 0.0.13 NOTE
r-oldrel-windows-ix86+x86_64 0.0.13 25.00 0.00 25.00 FAIL
r-oldrel-osx-x86_64 0.0.13 FAIL

Check Details

Version: 0.0.13
Check: running tests for arch ‘i386’
Result: FAIL
    Check process probably crashed or hung up for 20 minutes ... killed
    Most likely this happened in the example checks (?),
    if not, ignore the following last lines of example output:
    
    ======== End of example output (where/before crash/hang up occured ?) ========
Flavors: r-devel-windows-ix86+x86_64, r-devel-windows-ix86+x86_64-gcc8, r-release-windows-ix86+x86_64, r-oldrel-windows-ix86+x86_64

Version: 0.0.13
Check: package dependencies
Result: NOTE
    Package suggested but not available for checking: ‘rsolr’
Flavor: r-release-osx-x86_64

Version: 0.0.13
Check: tests
Result: ERROR
     Running ‘restfulr_unit_tests.R’ [3m/28m]
    Running the tests in ‘tests/restfulr_unit_tests.R’ failed.
    Last 13 lines of output:
     > require("restfulr") || stop("unable to load restfulr package")
     Loading required package: restfulr
     [1] TRUE
     > restfulr:::.test()
     Loading required namespace: rsolr
     Starting Solr...
     Use options(verbose=TRUE) to diagnose any problems.
     WARNING: An illegal reflective access operation has occurred
     WARNING: Illegal reflective access by org.xnio.nio.NioXnio$2 (file:/Users/urbanek/.local/share/R/rsolr/solr-undertow-1.5.0-RC1-with-solr-5.3.0/lib/xnio-nio-3.4.0.Beta1.jar) to constructor sun.nio.ch.KQueueSelectorProvider()
     WARNING: Please consider reporting this to the maintainers of org.xnio.nio.NioXnio$2
     WARNING: Use --illegal-access=warn to enable warnings of further illegal reflective access operations
     WARNING: All illegal access operations will be denied in a future release
    
     Execution halted
     rm: /var/folders/xn/m8dzdsgs7sg8q7jgflnqm8w80000gn/T//RtmprsxEQD: Too many open files
Flavor: r-oldrel-osx-x86_64

Version: 0.0.13
Check: PDF version of manual
Result: FAIL
Flavor: r-oldrel-osx-x86_64