CRAN Package Check Results for Package restlos

Last updated on 2014-10-01 23:47:09.

Flavor Version Tinstall Tcheck Ttotal Status Flags
r-devel-linux-x86_64-debian-clang 0.1-2 1.56 1.56 ERROR
r-devel-linux-x86_64-debian-gcc 0.1-2 0.90 15.27 16.18 NOTE
r-devel-linux-x86_64-fedora-clang 0.1-2 2.21 ERROR
r-devel-linux-x86_64-fedora-gcc 0.1-2 3.64 ERROR
r-devel-osx-x86_64-clang 0.1-2 2.75 ERROR
r-devel-windows-ix86+x86_64 0.1-2 5.00 25.00 30.00 NOTE
r-patched-linux-x86_64 0.1-2 0.92 16.25 17.16 NOTE
r-patched-solaris-sparc 0.1-2 27.70 ERROR
r-patched-solaris-x86 0.1-2 7.80 ERROR
r-release-linux-ix86 0.1-2 1.38 24.46 25.84 NOTE
r-release-linux-x86_64 0.1-2 0.94 16.97 17.92 NOTE
r-release-osx-x86_64-mavericks 0.1-2 NOTE
r-release-osx-x86_64-snowleopard 0.1-2 NOTE
r-release-windows-ix86+x86_64 0.1-2 5.00 32.00 37.00 NOTE
r-oldrel-windows-ix86+x86_64 0.1-2 5.00 30.00 35.00 NOTE

Check Details

Version: 0.1-2
Check: package dependencies
Result: ERROR
    Package required but not available: ‘nnclust’
    
    See the information on DESCRIPTION files in the chapter ‘Creating R
    packages’ of the ‘Writing R Extensions’ manual.
Flavors: r-devel-linux-x86_64-debian-clang, r-devel-linux-x86_64-fedora-clang, r-devel-linux-x86_64-fedora-gcc, r-devel-osx-x86_64-clang, r-patched-solaris-sparc, r-patched-solaris-x86

Version: 0.1-2
Check: dependencies in R code
Result: NOTE
    'library' or 'require' calls to packages already attached by Depends:
     ‘geometry’ ‘nnclust’ ‘rgl’ ‘som’
     Please remove these calls from your code.
    See the information on DESCRIPTION files in the chapter ‘Creating R
    packages’ of the ‘Writing R Extensions’ manual.
Flavors: r-devel-linux-x86_64-debian-gcc, r-devel-windows-ix86+x86_64, r-patched-linux-x86_64, r-release-linux-ix86, r-release-linux-x86_64, r-release-osx-x86_64-mavericks, r-release-osx-x86_64-snowleopard, r-release-windows-ix86+x86_64, r-oldrel-windows-ix86+x86_64

Version: 0.1-2
Check: R code for possible problems
Result: NOTE
    Found an obsolete/platform-specific call in the following functions:
     ‘plot.flood’ ‘plot.pMST’ ‘plot.rdela’
    Found the platform-specific device:
     ‘x11’
    dev.new() is the preferred way to open a new device, in the unlikely
    event one is needed.
Flavors: r-devel-linux-x86_64-debian-gcc, r-patched-linux-x86_64, r-release-linux-ix86, r-release-linux-x86_64