CRAN Package Check Results for Package restlos

Last updated on 2014-07-25 21:47:58.

Flavor Version Tinstall Tcheck Ttotal Status Flags
r-devel-linux-x86_64-debian-clang 0.1-2 0.88 15.34 16.23 NOTE
r-devel-linux-x86_64-debian-gcc 0.1-2 0.96 15.16 16.12 NOTE
r-devel-linux-x86_64-fedora-clang 0.1-2 33.36 NOTE
r-devel-linux-x86_64-fedora-gcc 0.1-2 31.17 NOTE
r-devel-osx-x86_64-clang 0.1-2 32.64 NOTE
r-devel-windows-ix86+x86_64 0.1-2 4.00 28.00 32.00 NOTE
r-patched-linux-x86_64 0.1-2 0.89 15.11 16.00 NOTE
r-patched-solaris-sparc 0.1-2 185.60 NOTE
r-patched-solaris-x86 0.1-2 48.60 NOTE
r-release-linux-ix86 0.1-2 1.38 23.69 25.07 NOTE
r-release-linux-x86_64 0.1-2 0.99 15.78 16.76 NOTE
r-release-osx-x86_64-mavericks 0.1-2 NOTE
r-release-osx-x86_64-snowleopard 0.1-2 NOTE
r-release-windows-ix86+x86_64 0.1-2 5.00 27.00 32.00 NOTE
r-oldrel-windows-ix86+x86_64 0.1-2 5.00 30.00 35.00 NOTE

Check Details

Version: 0.1-2
Check: dependencies in R code
Result: NOTE
    'library' or 'require' calls to packages already attached by Depends:
     ‘geometry’ ‘nnclust’ ‘rgl’ ‘som’
     Please remove these calls from your code.
    See the information on DESCRIPTION files in the chapter ‘Creating R
    packages’ of the ‘Writing R Extensions’ manual.
Flavors: r-devel-linux-x86_64-debian-clang, r-devel-linux-x86_64-debian-gcc, r-devel-linux-x86_64-fedora-clang, r-devel-linux-x86_64-fedora-gcc, r-devel-osx-x86_64-clang, r-devel-windows-ix86+x86_64, r-patched-linux-x86_64, r-patched-solaris-sparc, r-patched-solaris-x86, r-release-linux-ix86, r-release-linux-x86_64, r-release-osx-x86_64-mavericks, r-release-osx-x86_64-snowleopard, r-release-windows-ix86+x86_64, r-oldrel-windows-ix86+x86_64

Version: 0.1-2
Check: R code for possible problems
Result: NOTE
    Found an obsolete/platform-specific call in the following functions:
     ‘plot.flood’ ‘plot.pMST’ ‘plot.rdela’
    Found the platform-specific device:
     ‘x11’
    dev.new() is the preferred way to open a new device, in the unlikely
    event one is needed.
Flavors: r-devel-linux-x86_64-debian-clang, r-devel-linux-x86_64-debian-gcc, r-devel-linux-x86_64-fedora-clang, r-devel-linux-x86_64-fedora-gcc, r-devel-osx-x86_64-clang, r-patched-linux-x86_64, r-patched-solaris-sparc, r-patched-solaris-x86, r-release-linux-ix86, r-release-linux-x86_64