CRAN Package Check Results for Package restlos

Last updated on 2017-02-20 13:51:12.

Flavor Version Tinstall Tcheck Ttotal Status Flags
r-devel-linux-x86_64-debian-clang 0.2-2 1.35 20.41 21.76 OK
r-devel-linux-x86_64-debian-gcc 0.2-2 1.29 20.67 21.96 OK
r-devel-linux-x86_64-fedora-clang 0.2-2 38.56 OK --no-stop-on-test-error
r-devel-linux-x86_64-fedora-gcc 0.2-2 37.51 OK --no-stop-on-test-error
r-devel-macos-x86_64-clang 0.2-2 32.75 OK --no-stop-on-test-error
r-devel-windows-ix86+x86_64 0.2-2 9.00 50.00 59.00 OK
r-patched-linux-x86_64 0.2-2 1.18 18.72 19.90 OK
r-patched-solaris-sparc 0.2-2 225.60 OK
r-patched-solaris-x86 0.2-2 53.10 OK
r-release-linux-x86_64 0.2-2 1.26 18.54 19.80 OK
r-release-osx-x86_64-mavericks 0.2-2 WARN
r-release-windows-ix86+x86_64 0.2-2 4.00 39.00 43.00 OK
r-oldrel-windows-ix86+x86_64 0.2-2 5.00 42.00 47.00 OK

Check Details

Version: 0.2-2
Check: whether package can be installed
Result: WARN
    Found the following significant warnings:
     Warning: 'rgl_init' failed, running with rgl.useNULL = TRUE
Flavor: r-release-osx-x86_64-mavericks

Version: 0.2-2
Check: dependencies in R code
Result: NOTE
    Invalid MIT-MAGIC-COOKIE-1 key
Flavor: r-release-osx-x86_64-mavericks

Version: 0.2-2
Check: S3 generic/method consistency
Result: WARN
    Invalid MIT-MAGIC-COOKIE-1 key
    See section ‘Generic functions and methods’ in the ‘Writing R
    Extensions’ manual.
Flavor: r-release-osx-x86_64-mavericks

Version: 0.2-2
Check: replacement functions
Result: WARN
    Invalid MIT-MAGIC-COOKIE-1 key
    The argument of a replacement function which corresponds to the right
    hand side must be named ‘value’.
Flavor: r-release-osx-x86_64-mavericks

Version: 0.2-2
Check: foreign function calls
Result: NOTE
    Invalid MIT-MAGIC-COOKIE-1 key
    See chapter ‘System and foreign language interfaces’ in the ‘Writing R
    Extensions’ manual.
Flavor: r-release-osx-x86_64-mavericks

Version: 0.2-2
Check: R code for possible problems
Result: NOTE
    Invalid MIT-MAGIC-COOKIE-1 key
Flavor: r-release-osx-x86_64-mavericks

Version: 0.2-2
Check: for missing documentation entries
Result: WARN
    Invalid MIT-MAGIC-COOKIE-1 key
    All user-level objects in a package should have documentation entries.
    See chapter ‘Writing R documentation files’ in the ‘Writing R
    Extensions’ manual.
Flavor: r-release-osx-x86_64-mavericks

Version: 0.2-2
Check: for code/documentation mismatches
Result: WARN
    Invalid MIT-MAGIC-COOKIE-1 key
    Invalid MIT-MAGIC-COOKIE-1 key
    Invalid MIT-MAGIC-COOKIE-1 key
Flavor: r-release-osx-x86_64-mavericks

Version: 0.2-2
Check: Rd \usage sections
Result: NOTE
    Invalid MIT-MAGIC-COOKIE-1 key
    The \usage entries for S3 methods should use the \method markup and not
    their full name.
    See chapter ‘Writing R documentation files’ in the ‘Writing R
    Extensions’ manual.
Flavor: r-release-osx-x86_64-mavericks