CRAN Package Check Results for Package restlos

Last updated on 2015-05-28 15:47:45.

Flavor Version Tinstall Tcheck Ttotal Status Flags
r-devel-linux-x86_64-debian-clang 0.1-3 0.75 14.42 15.17 NOTE
r-devel-linux-x86_64-debian-gcc 0.1-3 0.74 13.81 14.56 NOTE
r-devel-linux-x86_64-fedora-clang 0.1-3 28.70 NOTE
r-devel-linux-x86_64-fedora-gcc 0.1-3 27.26 NOTE
r-devel-osx-x86_64-clang 0.1-3 32.23 NOTE
r-devel-windows-ix86+x86_64 0.1-3 3.00 25.00 28.00 OK
r-patched-linux-x86_64 0.1-3 0.80 13.75 14.55 NOTE
r-patched-solaris-sparc 0.1-3 193.00 NOTE
r-patched-solaris-x86 0.1-3 50.50 NOTE
r-release-linux-x86_64 0.1-3 0.77 14.22 14.99 NOTE
r-release-osx-x86_64-mavericks 0.1-3 OK
r-release-osx-x86_64-snowleopard 0.1-3 ERROR
r-release-windows-ix86+x86_64 0.1-3 4.00 24.00 28.00 OK
r-oldrel-windows-ix86+x86_64 0.1-3 5.00 32.00 37.00 OK

Check Details

Version: 0.1-3
Check: S3 generic/method consistency
Result: NOTE
    Found the following apparent S3 methods exported but not registered:
     plot.flood plot.pMST plot.rdela
    See section ‘Registering S3 methods’ in the ‘Writing R Extensions’
    manual.
Flavors: r-devel-linux-x86_64-debian-clang, r-devel-linux-x86_64-debian-gcc, r-devel-linux-x86_64-fedora-clang, r-devel-linux-x86_64-fedora-gcc, r-devel-osx-x86_64-clang, r-patched-linux-x86_64, r-patched-solaris-sparc, r-patched-solaris-x86, r-release-linux-x86_64

Version: 0.1-3
Check: package dependencies
Result: ERROR
    Package required but not available: ‘igraph’
    
    See section ‘The DESCRIPTION file’ in the ‘Writing R Extensions’
    manual.
Flavor: r-release-osx-x86_64-snowleopard