CRAN Package Check Results for Package restlos

Last updated on 2015-07-30 22:50:05.

Flavor Version Tinstall Tcheck Ttotal Status Flags
r-devel-linux-x86_64-debian-clang 0.1-3 0.82 14.73 15.54 WARN
r-devel-linux-x86_64-debian-gcc 0.1-3 0.81 14.64 15.46 WARN
r-devel-linux-x86_64-fedora-clang 0.1-3 29.99 WARN
r-devel-linux-x86_64-fedora-gcc 0.1-3 27.79 WARN
r-devel-osx-x86_64-clang 0.1-3 26.31 WARN
r-devel-windows-ix86+x86_64 0.1-3 7.00 29.00 36.00 WARN
r-patched-linux-x86_64 0.1-3 0.81 15.47 16.28 WARN
r-patched-solaris-sparc 0.1-3 193.60 WARN
r-patched-solaris-x86 0.1-3 53.30 WARN
r-release-linux-x86_64 0.1-3 0.82 14.43 15.24 WARN
r-release-osx-x86_64-mavericks 0.1-3 OK
r-release-windows-ix86+x86_64 0.1-3 8.00 27.00 35.00 WARN
r-oldrel-windows-ix86+x86_64 0.1-3 7.00 35.00 42.00 WARN

Check Details

Version: 0.1-3
Check: whether package can be installed
Result: WARN
    Found the following significant warnings:
     Warning: replacing previous import by ‘igraph::normalize’ when loading ‘restlos’
Flavors: r-devel-linux-x86_64-debian-clang, r-devel-linux-x86_64-debian-gcc, r-devel-linux-x86_64-fedora-clang, r-devel-linux-x86_64-fedora-gcc, r-devel-osx-x86_64-clang, r-devel-windows-ix86+x86_64, r-patched-linux-x86_64, r-patched-solaris-sparc, r-patched-solaris-x86, r-release-linux-x86_64, r-release-windows-ix86+x86_64, r-oldrel-windows-ix86+x86_64

Version: 0.1-3
Check: S3 generic/method consistency
Result: NOTE
    Found the following apparent S3 methods exported but not registered:
     plot.flood plot.pMST plot.rdela
    See section ‘Registering S3 methods’ in the ‘Writing R Extensions’
    manual.
Flavors: r-devel-linux-x86_64-debian-clang, r-devel-linux-x86_64-debian-gcc, r-devel-linux-x86_64-fedora-clang, r-devel-linux-x86_64-fedora-gcc, r-devel-osx-x86_64-clang, r-patched-linux-x86_64, r-patched-solaris-sparc, r-patched-solaris-x86, r-release-linux-x86_64

Version: 0.1-3
Check: R code for possible problems
Result: NOTE
    flood: no visible global function definition for ‘dist’
    flood: no visible global function definition for ‘na.omit’
    pMST : ddmst: no visible global function definition for ‘dist’
    pMST: no visible global function definition for ‘dist’
    pMST: no visible global function definition for ‘na.omit’
    pMST: no visible global function definition for ‘cov’
    plot.flood: no visible global function definition for ‘dev.new’
    plot.flood: no visible global function definition for ‘plot’
    plot.flood: no visible global function definition for ‘points’
    plot.flood: no visible global function definition for ‘lines’
    plot.flood: no visible global function definition for ‘mahalanobis’
    plot.flood: no visible global function definition for ‘cov’
    plot.flood: no visible global function definition for ‘abline’
    plot.pMST: no visible global function definition for ‘plot’
    plot.pMST: no visible global function definition for ‘points’
    plot.pMST: no visible global function definition for ‘dev.new’
    plot.pMST: no visible global function definition for ‘par’
    plot.pMST: no visible global function definition for ‘mahalanobis’
    plot.pMST: no visible global function definition for ‘cov’
    plot.pMST: no visible global function definition for ‘dist’
    plot.pMST: no visible global function definition for ‘lines’
    plot.pMST: no visible global function definition for ‘sd’
    plot.rdela: no visible global function definition for ‘dev.new’
    plot.rdela: no visible global function definition for ‘plot’
    plot.rdela: no visible global function definition for ‘symbols’
    plot.rdela : <anonymous>: no visible global function definition for
     ‘lines’
    plot.rdela: no visible global function definition for ‘points’
    plot.rdela: no visible global function definition for ‘mahalanobis’
    plot.rdela: no visible global function definition for ‘cov’
    rdela : <anonymous>: no visible global function definition for ‘cov’
    rdela : <anonymous>: no visible global function definition for ‘dist’
    rdela: no visible global function definition for ‘na.omit’
    Undefined global functions or variables:
     abline cov dev.new dist lines mahalanobis na.omit par plot points sd
     symbols
    Consider adding
     importFrom("grDevices", "dev.new")
     importFrom("graphics", "abline", "lines", "par", "plot", "points",
     "symbols")
     importFrom("stats", "cov", "dist", "mahalanobis", "na.omit", "sd")
    to your NAMESPACE.
Flavors: r-devel-linux-x86_64-debian-clang, r-devel-linux-x86_64-debian-gcc, r-devel-linux-x86_64-fedora-clang, r-devel-linux-x86_64-fedora-gcc, r-devel-windows-ix86+x86_64