CRAN Package Check Results for Package restlos

Last updated on 2015-09-04 23:56:24.

Flavor Version Tinstall Tcheck Ttotal Status Flags
r-devel-linux-x86_64-debian-clang 0.2-2 0.78 13.66 14.44 OK
r-devel-linux-x86_64-debian-gcc 0.2-2 0.77 13.35 14.12 OK
r-devel-linux-x86_64-fedora-clang 0.2-2 28.11 OK
r-devel-linux-x86_64-fedora-gcc 0.2-2 25.76 OK
r-devel-osx-x86_64-clang 0.2-2 24.99 OK
r-devel-windows-ix86+x86_64 0.2-2 3.00 28.00 31.00 OK
r-patched-linux-x86_64 0.2-2 0.78 14.67 15.45 OK
r-patched-solaris-sparc 0.2-2 168.70 OK
r-patched-solaris-x86 0.2-2 54.90 OK
r-release-linux-x86_64 0.2-2 0.90 14.48 15.38 OK
r-release-osx-x86_64-mavericks 0.2-2 ERROR
r-release-windows-ix86+x86_64 0.2-2 6.00 47.00 53.00 OK
r-oldrel-windows-ix86+x86_64 0.1-3 10.00 52.00 62.00 WARN

Check Details

Version: 0.2-2
Check: package dependencies
Result: ERROR
    Package required and available but unsuitable version: ‘rgl’
    
    See section ‘The DESCRIPTION file’ in the ‘Writing R Extensions’
    manual.
Flavor: r-release-osx-x86_64-mavericks

Version: 0.1-3
Check: whether package can be installed
Result: WARN
    Found the following significant warnings:
     Warning: replacing previous import by 'igraph::normalize' when loading 'restlos'
Flavor: r-oldrel-windows-ix86+x86_64