CRAN Package Check Results for Package restlos

Last updated on 2017-10-21 00:51:58.

Flavor Version Tinstall Tcheck Ttotal Status Flags
r-devel-linux-x86_64-debian-clang 0.2-2 1.34 21.50 22.84 OK
r-devel-linux-x86_64-debian-gcc 0.2-2 1.61 22.76 24.37 OK
r-devel-linux-x86_64-fedora-clang 0.2-2 40.07 OK
r-devel-linux-x86_64-fedora-gcc 0.2-2 42.33 OK
r-devel-windows-ix86+x86_64 0.2-2 5.00 72.00 77.00 OK
r-patched-linux-x86_64 0.2-2 1.32 21.65 22.97 OK
r-patched-solaris-x86 0.2-2 59.70 OK
r-release-linux-x86_64 0.2-2 1.42 21.61 23.03 OK
r-release-windows-ix86+x86_64 0.2-2 8.00 45.00 53.00 OK
r-release-osx-x86_64 0.2-2 OK
r-oldrel-windows-ix86+x86_64 0.2-2 5.00 58.00 63.00 OK
r-oldrel-osx-x86_64 0.2-2 WARN

Check Details

Version: 0.2-2
Check: whether package can be installed
Result: WARN
    Found the following significant warnings:
     Warning: 'rgl_init' failed, running with rgl.useNULL = TRUE
Flavor: r-oldrel-osx-x86_64

Version: 0.2-2
Check: dependencies in R code
Result: NOTE
    Invalid MIT-MAGIC-COOKIE-1 key
Flavor: r-oldrel-osx-x86_64

Version: 0.2-2
Check: S3 generic/method consistency
Result: WARN
    Invalid MIT-MAGIC-COOKIE-1 key
    See section ‘Generic functions and methods’ in the ‘Writing R
    Extensions’ manual.
Flavor: r-oldrel-osx-x86_64

Version: 0.2-2
Check: replacement functions
Result: WARN
    Invalid MIT-MAGIC-COOKIE-1 key
    The argument of a replacement function which corresponds to the right
    hand side must be named ‘value’.
Flavor: r-oldrel-osx-x86_64

Version: 0.2-2
Check: foreign function calls
Result: NOTE
    Invalid MIT-MAGIC-COOKIE-1 key
    See chapter ‘System and foreign language interfaces’ in the ‘Writing R
    Extensions’ manual.
Flavor: r-oldrel-osx-x86_64

Version: 0.2-2
Check: R code for possible problems
Result: NOTE
    Invalid MIT-MAGIC-COOKIE-1 key
Flavor: r-oldrel-osx-x86_64

Version: 0.2-2
Check: for missing documentation entries
Result: WARN
    Invalid MIT-MAGIC-COOKIE-1 key
    All user-level objects in a package should have documentation entries.
    See chapter ‘Writing R documentation files’ in the ‘Writing R
    Extensions’ manual.
Flavor: r-oldrel-osx-x86_64

Version: 0.2-2
Check: for code/documentation mismatches
Result: WARN
    Invalid MIT-MAGIC-COOKIE-1 key
    Invalid MIT-MAGIC-COOKIE-1 key
    Invalid MIT-MAGIC-COOKIE-1 key
Flavor: r-oldrel-osx-x86_64

Version: 0.2-2
Check: Rd \usage sections
Result: NOTE
    Invalid MIT-MAGIC-COOKIE-1 key
    The \usage entries for S3 methods should use the \method markup and not
    their full name.
    See chapter ‘Writing R documentation files’ in the ‘Writing R
    Extensions’ manual.
Flavor: r-oldrel-osx-x86_64