CRAN Package Check Results for Package restlos

Last updated on 2016-12-04 23:48:13.

Flavor Version Tinstall Tcheck Ttotal Status Flags
r-devel-linux-x86_64-debian-clang 0.2-2 1.40 20.61 22.02 OK
r-devel-linux-x86_64-debian-gcc 0.2-2 1.24 20.52 21.76 OK
r-devel-linux-x86_64-fedora-clang 0.2-2 40.82 OK --no-stop-on-test-error
r-devel-linux-x86_64-fedora-gcc 0.2-2 39.46 OK --no-stop-on-test-error
r-devel-macos-x86_64-clang 0.2-2 33.29 OK
r-devel-windows-ix86+x86_64 0.2-2 5.00 74.00 79.00 OK
r-patched-linux-x86_64 0.2-2 1.24 18.87 20.11 OK
r-patched-solaris-sparc 0.2-2 229.00 OK
r-patched-solaris-x86 0.2-2 52.20 OK
r-release-linux-x86_64 0.2-2 1.19 18.49 19.68 OK
r-release-osx-x86_64-mavericks 0.2-2 WARN
r-release-windows-ix86+x86_64 0.2-2 10.00 56.00 66.00 OK
r-oldrel-windows-ix86+x86_64 0.2-2 6.00 43.00 49.00 OK

Check Details

Version: 0.2-2
Check: whether package can be installed
Result: WARN
    Found the following significant warnings:
     Warning: 'rgl_init' failed, running with rgl.useNULL = TRUE
Flavor: r-release-osx-x86_64-mavericks

Version: 0.2-2
Check: dependencies in R code
Result: NOTE
    Invalid MIT-MAGIC-COOKIE-1 key
Flavor: r-release-osx-x86_64-mavericks

Version: 0.2-2
Check: S3 generic/method consistency
Result: WARN
    Invalid MIT-MAGIC-COOKIE-1 key
    See section ‘Generic functions and methods’ in the ‘Writing R
    Extensions’ manual.
Flavor: r-release-osx-x86_64-mavericks

Version: 0.2-2
Check: replacement functions
Result: WARN
    Invalid MIT-MAGIC-COOKIE-1 key
    The argument of a replacement function which corresponds to the right
    hand side must be named ‘value’.
Flavor: r-release-osx-x86_64-mavericks

Version: 0.2-2
Check: foreign function calls
Result: NOTE
    Invalid MIT-MAGIC-COOKIE-1 key
    See chapter ‘System and foreign language interfaces’ in the ‘Writing R
    Extensions’ manual.
Flavor: r-release-osx-x86_64-mavericks

Version: 0.2-2
Check: R code for possible problems
Result: NOTE
    Invalid MIT-MAGIC-COOKIE-1 key
Flavor: r-release-osx-x86_64-mavericks

Version: 0.2-2
Check: for missing documentation entries
Result: WARN
    Invalid MIT-MAGIC-COOKIE-1 key
    All user-level objects in a package should have documentation entries.
    See chapter ‘Writing R documentation files’ in the ‘Writing R
    Extensions’ manual.
Flavor: r-release-osx-x86_64-mavericks

Version: 0.2-2
Check: for code/documentation mismatches
Result: WARN
    Invalid MIT-MAGIC-COOKIE-1 key
    Invalid MIT-MAGIC-COOKIE-1 key
    Invalid MIT-MAGIC-COOKIE-1 key
Flavor: r-release-osx-x86_64-mavericks

Version: 0.2-2
Check: Rd \usage sections
Result: NOTE
    Invalid MIT-MAGIC-COOKIE-1 key
    The \usage entries for S3 methods should use the \method markup and not
    their full name.
    See chapter ‘Writing R documentation files’ in the ‘Writing R
    Extensions’ manual.
Flavor: r-release-osx-x86_64-mavericks