CRAN Package Check Results for Package restlos

Last updated on 2016-02-06 18:50:42.

Flavor Version Tinstall Tcheck Ttotal Status Flags
r-devel-linux-x86_64-debian-gcc 0.2-2 0.80 13.47 14.27 OK
r-devel-linux-x86_64-fedora-clang 0.2-2 25.81 OK
r-devel-linux-x86_64-fedora-gcc 0.2-2 23.89 OK
r-devel-osx-x86_64-clang 0.2-2 29.48 OK
r-devel-windows-ix86+x86_64 0.2-2 7.00 29.00 36.00 OK
r-patched-linux-x86_64 0.2-2 0.77 14.42 15.19 OK
r-patched-solaris-sparc 0.2-2 175.50 OK
r-patched-solaris-x86 0.2-2 40.70 OK
r-release-linux-x86_64 0.2-2 0.84 14.37 15.21 OK
r-release-osx-x86_64-mavericks 0.2-2 OK
r-release-windows-ix86+x86_64 0.2-2 4.00 25.00 29.00 OK
r-oldrel-windows-ix86+x86_64 0.1-3 10.00 52.00 62.00 WARN

Check Details

Version: 0.1-3
Check: whether package can be installed
Result: WARN
    Found the following significant warnings:
     Warning: replacing previous import by 'igraph::normalize' when loading 'restlos'
Flavor: r-oldrel-windows-ix86+x86_64