CRAN Package Check Results for Package restlos

Last updated on 2015-03-02 03:52:06.

Flavor Version Tinstall Tcheck Ttotal Status Flags
r-devel-linux-x86_64-debian-clang 0.1-3 0.77 14.24 15.01 NOTE
r-devel-linux-x86_64-debian-gcc 0.1-3 0.74 13.96 14.70 NOTE
r-devel-linux-x86_64-fedora-clang 0.1-3 29.18 NOTE
r-devel-linux-x86_64-fedora-gcc 0.1-3 26.86 NOTE
r-devel-osx-x86_64-clang 0.1-3 32.74 NOTE
r-devel-windows-ix86+x86_64 0.1-3 3.00 25.00 28.00 OK
r-patched-linux-x86_64 0.1-3 1.13 18.67 19.80 OK
r-patched-solaris-sparc 0.1-3 200.20 OK
r-patched-solaris-x86 0.1-3 60.90 OK
r-release-linux-ix86 0.1-3 1.33 27.59 28.92 OK
r-release-linux-x86_64 0.1-3 1.18 18.08 19.26 OK
r-release-osx-x86_64-mavericks 0.1-3 OK
r-release-osx-x86_64-snowleopard 0.1-3 OK
r-release-windows-ix86+x86_64 0.1-3 5.00 31.00 36.00 OK
r-oldrel-windows-ix86+x86_64 0.1-3 5.00 31.00 36.00 OK

Check Details

Version: 0.1-3
Check: S3 generic/method consistency
Result: NOTE
    Found the following apparent S3 methods exported but not registered:
     plot.flood plot.pMST plot.rdela
    See section ‘Registering S3 methods’ in the ‘Writing R Extensions’
    manual.
Flavors: r-devel-linux-x86_64-debian-clang, r-devel-linux-x86_64-debian-gcc, r-devel-linux-x86_64-fedora-clang, r-devel-linux-x86_64-fedora-gcc, r-devel-osx-x86_64-clang