CRAN Package Check Results for Package restlos

Last updated on 2014-04-25 05:47:23.

Flavor Version Tinstall Tcheck Ttotal Status Flags
r-devel-linux-x86_64-debian-clang 0.1-2 1.01 16.96 17.96 NOTE
r-devel-linux-x86_64-debian-gcc 0.1-2 1.08 16.65 17.73 NOTE
r-devel-linux-x86_64-fedora-clang 0.1-2 33.43 NOTE
r-devel-linux-x86_64-fedora-gcc 0.1-2 32.83 NOTE
r-devel-osx-x86_64-clang 0.1-2 36.08 NOTE
r-devel-osx-x86_64-gcc 0.1-2 NOTE
r-devel-windows-ix86+x86_64 0.1-2 4.00 25.00 29.00 NOTE
r-patched-linux-x86_64 0.1-2 1.05 16.54 17.59 NOTE
r-patched-solaris-sparc 0.1-2 185.60 NOTE
r-patched-solaris-x86 0.1-2 49.40 NOTE
r-release-linux-ix86 0.1-2 2.00 35.00 37.00 NOTE
r-release-linux-x86_64 0.1-2 0.97 16.29 17.26 NOTE
r-release-osx-x86_64-mavericks 0.1-2 WARN
r-release-osx-x86_64-snowleopard 0.1-2 NOTE
r-release-windows-ix86+x86_64 0.1-2 5.00 29.00 34.00 NOTE
r-oldrel-windows-ix86+x86_64 0.1-2 5.00 31.00 36.00 NOTE

Check Details

Version: 0.1-2
Check: dependencies in R code
Result: NOTE
    'library' or 'require' calls to packages already attached by Depends:
     ‘geometry’ ‘nnclust’ ‘rgl’ ‘som’
     Please remove these calls from your code.
    See the information on DESCRIPTION files in the chapter ‘Creating R
    packages’ of the ‘Writing R Extensions’ manual.
Flavors: r-devel-linux-x86_64-debian-clang, r-devel-linux-x86_64-debian-gcc, r-devel-linux-x86_64-fedora-clang, r-devel-linux-x86_64-fedora-gcc, r-devel-osx-x86_64-clang, r-devel-osx-x86_64-gcc, r-devel-windows-ix86+x86_64, r-patched-linux-x86_64, r-patched-solaris-sparc, r-patched-solaris-x86, r-release-linux-ix86, r-release-linux-x86_64, r-release-osx-x86_64-mavericks, r-release-osx-x86_64-snowleopard, r-release-windows-ix86+x86_64, r-oldrel-windows-ix86+x86_64

Version: 0.1-2
Check: R code for possible problems
Result: NOTE
    Found an obsolete/platform-specific call in the following functions:
     ‘plot.flood’ ‘plot.pMST’ ‘plot.rdela’
    Found the platform-specific device:
     ‘x11’
    dev.new() is the preferred way to open a new device, in the unlikely
    event one is needed.
Flavors: r-devel-linux-x86_64-debian-clang, r-devel-linux-x86_64-debian-gcc, r-devel-linux-x86_64-fedora-clang, r-devel-linux-x86_64-fedora-gcc, r-devel-osx-x86_64-clang, r-patched-linux-x86_64, r-patched-solaris-sparc, r-patched-solaris-x86, r-release-linux-ix86, r-release-linux-x86_64

Version: 0.1-2
Check: PDF version of manual
Result: WARNING
    LaTeX errors when creating PDF version.
    This typically indicates Rd problems.
    LaTeX errors found:
    ! LaTeX Error: File `upquote.sty' not found.
    
    Type X to quit or <RETURN> to proceed,
    or enter new name. (Default extension: sty)
    
    baeb8c/Rd2.tex:8: ==> Fatal error occurred, no output PDF file produced!
Flavor: r-release-osx-x86_64-mavericks