CRAN Package Check Results for Package restlos

Last updated on 2020-08-14 01:49:16 CEST.

Flavor Version Tinstall Tcheck Ttotal Status Flags
r-devel-linux-x86_64-debian-clang 0.2-2 6.09 44.02 50.11 OK
r-devel-linux-x86_64-debian-gcc 0.2-2 5.09 34.54 39.63 OK
r-devel-linux-x86_64-fedora-clang 0.2-2 66.72 OK
r-devel-linux-x86_64-fedora-gcc 0.2-2 58.24 OK
r-devel-windows-ix86+x86_64 0.2-2 21.00 94.00 115.00 OK
r-patched-linux-x86_64 0.2-2 6.52 43.80 50.32 OK
r-patched-solaris-x86 0.2-2 103.70 OK
r-release-linux-x86_64 0.2-2 6.52 45.35 51.87 OK
r-release-macos-x86_64 0.2-2 OK
r-release-windows-ix86+x86_64 0.2-2 23.00 58.00 81.00 OK
r-oldrel-macos-x86_64 0.2-2 WARN
r-oldrel-windows-ix86+x86_64 0.2-2 12.00 77.00 89.00 OK

Check Details

Version: 0.2-2
Check: whether package can be installed
Result: WARN
    Found the following significant warnings:
     Warning: 'rgl_init' failed, running with rgl.useNULL = TRUE
Flavor: r-oldrel-macos-x86_64