CRAN Package Check Results for Package restlos

Last updated on 2015-04-28 03:47:30.

Flavor Version Tinstall Tcheck Ttotal Status Flags
r-devel-linux-x86_64-debian-clang 0.1-3 0.78 14.08 14.86 NOTE
r-devel-linux-x86_64-debian-gcc 0.1-3 0.75 13.91 14.66 NOTE
r-devel-linux-x86_64-fedora-clang 0.1-3 29.21 NOTE
r-devel-linux-x86_64-fedora-gcc 0.1-3 28.06 NOTE
r-devel-osx-x86_64-clang 0.1-3 32.31 NOTE
r-devel-windows-ix86+x86_64 0.1-3 3.00 24.00 27.00 OK
r-patched-linux-x86_64 0.1-3 0.78 13.93 14.71 NOTE
r-patched-solaris-sparc 0.1-3 183.30 OK
r-patched-solaris-x86 0.1-3 49.40 NOTE
r-release-linux-x86_64 0.1-3 0.75 13.88 14.63 NOTE
r-release-osx-x86_64-mavericks 0.1-3 OK
r-release-osx-x86_64-snowleopard 0.1-3 ERROR
r-release-windows-ix86+x86_64 0.1-3 5.00 36.00 41.00 OK
r-oldrel-windows-ix86+x86_64 0.1-3 5.00 36.00 41.00 OK

Check Details

Version: 0.1-3
Check: S3 generic/method consistency
Result: NOTE
    Found the following apparent S3 methods exported but not registered:
     plot.flood plot.pMST plot.rdela
    See section ‘Registering S3 methods’ in the ‘Writing R Extensions’
    manual.
Flavors: r-devel-linux-x86_64-debian-clang, r-devel-linux-x86_64-debian-gcc, r-devel-linux-x86_64-fedora-clang, r-devel-linux-x86_64-fedora-gcc, r-devel-osx-x86_64-clang, r-patched-solaris-x86, r-release-linux-x86_64

Version: 0.1-3
Check: package dependencies
Result: ERROR
    Package required but not available: ‘igraph’
    
    See section ‘The DESCRIPTION file’ in the ‘Writing R Extensions’
    manual.
Flavor: r-release-osx-x86_64-snowleopard