CRAN Package Check Results for Package restlos

Last updated on 2014-09-20 03:48:50.

Flavor Version Tinstall Tcheck Ttotal Status Flags
r-devel-linux-x86_64-debian-clang 0.1-2 1.08 15.42 16.49 NOTE
r-devel-linux-x86_64-debian-gcc 0.1-2 0.94 15.35 16.30 NOTE
r-devel-linux-x86_64-fedora-clang 0.1-2 33.29 NOTE
r-devel-linux-x86_64-fedora-gcc 0.1-2 30.01 NOTE
r-devel-osx-x86_64-clang 0.1-2 34.29 NOTE
r-devel-windows-ix86+x86_64 0.1-2 4.00 26.00 30.00 NOTE
r-patched-linux-x86_64 0.1-2 0.90 15.68 16.58 NOTE
r-patched-solaris-sparc 0.1-2 176.50 NOTE
r-patched-solaris-x86 0.1-2 48.90 NOTE
r-release-linux-ix86 0.1-2 1.44 24.31 25.75 NOTE
r-release-linux-x86_64 0.1-2 1.31 16.01 17.32 NOTE
r-release-osx-x86_64-mavericks 0.1-2 NOTE
r-release-osx-x86_64-snowleopard 0.1-2 NOTE
r-release-windows-ix86+x86_64 0.1-2 5.00 29.00 34.00 NOTE
r-oldrel-windows-ix86+x86_64 0.1-2 6.00 28.00 34.00 NOTE

Check Details

Version: 0.1-2
Check: dependencies in R code
Result: NOTE
    'library' or 'require' calls to packages already attached by Depends:
     ‘geometry’ ‘nnclust’ ‘rgl’ ‘som’
     Please remove these calls from your code.
    See the information on DESCRIPTION files in the chapter ‘Creating R
    packages’ of the ‘Writing R Extensions’ manual.
Flavors: r-devel-linux-x86_64-debian-clang, r-devel-linux-x86_64-debian-gcc, r-devel-linux-x86_64-fedora-clang, r-devel-linux-x86_64-fedora-gcc, r-devel-osx-x86_64-clang, r-devel-windows-ix86+x86_64, r-patched-linux-x86_64, r-patched-solaris-sparc, r-patched-solaris-x86, r-release-linux-ix86, r-release-linux-x86_64, r-release-osx-x86_64-mavericks, r-release-osx-x86_64-snowleopard, r-release-windows-ix86+x86_64, r-oldrel-windows-ix86+x86_64

Version: 0.1-2
Check: R code for possible problems
Result: NOTE
    Found an obsolete/platform-specific call in the following functions:
     ‘plot.flood’ ‘plot.pMST’ ‘plot.rdela’
    Found the platform-specific device:
     ‘x11’
    dev.new() is the preferred way to open a new device, in the unlikely
    event one is needed.
Flavors: r-devel-linux-x86_64-debian-clang, r-devel-linux-x86_64-debian-gcc, r-devel-linux-x86_64-fedora-clang, r-devel-linux-x86_64-fedora-gcc, r-devel-osx-x86_64-clang, r-patched-linux-x86_64, r-patched-solaris-sparc, r-patched-solaris-x86, r-release-linux-ix86, r-release-linux-x86_64