CRAN Package Check Results for Package restorepoint

Last updated on 2015-07-06 21:46:46.

Flavor Version Tinstall Tcheck Ttotal Status Flags
r-devel-linux-x86_64-debian-clang 0.1.5 0.64 8.80 9.44 NOTE
r-devel-linux-x86_64-debian-gcc 0.1.5 0.58 8.70 9.28 NOTE
r-devel-linux-x86_64-fedora-clang 0.1.5 17.73 NOTE
r-devel-linux-x86_64-fedora-gcc 0.1.5 15.88 NOTE
r-devel-osx-x86_64-clang 0.1.5 17.13 OK
r-devel-windows-ix86+x86_64 0.1.5 3.00 16.00 19.00 NOTE
r-patched-linux-x86_64 0.1.5 0.62 9.03 9.66 OK
r-patched-solaris-sparc 0.1.5 120.20 OK
r-patched-solaris-x86 0.1.5 27.50 OK
r-release-linux-x86_64 0.1.5 0.60 9.04 9.64 OK
r-release-osx-x86_64-mavericks 0.1.5 OK
r-release-windows-ix86+x86_64 0.1.5 3.00 18.00 21.00 OK
r-oldrel-windows-ix86+x86_64 0.1.5 4.00 17.00 21.00 OK

Check Details

Version: 0.1.5
Check: R code for possible problems
Result: NOTE
    env.console : parse.fun: no visible global function definition for
     ‘capture.output’
    Undefined global functions or variables:
     capture.output
Flavors: r-devel-linux-x86_64-debian-clang, r-devel-linux-x86_64-debian-gcc, r-devel-linux-x86_64-fedora-clang, r-devel-linux-x86_64-fedora-gcc, r-devel-windows-ix86+x86_64