CRAN Package Check Results for Package restorepoint

Last updated on 2017-01-22 12:48:07.

Flavor Version Tinstall Tcheck Ttotal Status Flags
r-devel-linux-x86_64-debian-clang 0.1.7 0.63 11.31 11.95 WARN
r-devel-linux-x86_64-debian-gcc 0.1.7 0.72 11.27 11.99 WARN
r-devel-linux-x86_64-fedora-clang 0.1.7 19.13 WARN --no-stop-on-test-error
r-devel-linux-x86_64-fedora-gcc 0.1.7 18.86 WARN --no-stop-on-test-error
r-devel-macos-x86_64-clang 0.1.7 17.76 WARN --no-stop-on-test-error
r-devel-windows-ix86+x86_64 0.1.7 4.00 48.00 52.00 WARN
r-patched-linux-x86_64 0.1.7 0.60 9.73 10.33 OK
r-patched-solaris-sparc 0.1.7 109.70 OK
r-patched-solaris-x86 0.1.7 24.10 OK
r-release-linux-x86_64 0.1.7 0.62 9.60 10.23 OK
r-release-osx-x86_64-mavericks 0.1.7 OK
r-release-windows-ix86+x86_64 0.1.7 2.00 25.00 27.00 OK
r-oldrel-windows-ix86+x86_64 0.1.7 3.00 22.00 25.00 OK

Check Details

Version: 0.1.7
Check: files in ‘vignettes’
Result: WARN
    Files in the 'vignettes' directory but no files in 'inst/doc':
     ‘Guide_restorepoint.Rmd’, ‘Guide_restorepoint.html’,
     ‘Guide_restorepoint.md’
    Package has no Sweave vignette sources and no VignetteBuilder field.
Flavors: r-devel-linux-x86_64-debian-clang, r-devel-linux-x86_64-debian-gcc, r-devel-windows-ix86+x86_64

Version: 0.1.7
Flags: --no-stop-on-test-error
Check: files in ‘vignettes’
Result: WARN
    Files in the 'vignettes' directory but no files in 'inst/doc':
     ‘Guide_restorepoint.Rmd’, ‘Guide_restorepoint.html’,
     ‘Guide_restorepoint.md’
    Package has no Sweave vignette sources and no VignetteBuilder field.
Flavors: r-devel-linux-x86_64-fedora-clang, r-devel-linux-x86_64-fedora-gcc, r-devel-macos-x86_64-clang