CRAN Package Check Results for Package restorepoint

Last updated on 2016-09-27 20:47:16.

Flavor Version Tinstall Tcheck Ttotal Status Flags
r-devel-linux-x86_64-debian-clang 0.1.7 0.63 9.70 10.33 WARN
r-devel-linux-x86_64-debian-gcc 0.1.7 0.83 9.98 10.81 WARN
r-devel-linux-x86_64-fedora-clang 0.1.7 17.19 WARN
r-devel-linux-x86_64-fedora-gcc 0.1.7 15.82 WARN
r-devel-macos-x86_64-clang 0.1.7 15.55 WARN
r-devel-windows-ix86+x86_64 0.1.7 5.00 46.00 51.00 WARN
r-patched-linux-x86_64 0.1.7 0.63 9.77 10.40 OK
r-patched-solaris-sparc 0.1.7 109.00 OK
r-patched-solaris-x86 0.1.7 23.90 OK
r-release-linux-x86_64 0.1.7 0.66 9.74 10.39 OK
r-release-osx-x86_64-mavericks 0.1.7 OK
r-release-windows-ix86+x86_64 0.1.7 3.00 23.00 26.00 OK
r-oldrel-windows-ix86+x86_64 0.1.7 3.00 19.00 22.00 OK

Check Details

Version: 0.1.7
Check: files in ‘vignettes’
Result: WARN
    Files in the 'vignettes' directory but no files in 'inst/doc':
     ‘Guide_restorepoint.Rmd’, ‘Guide_restorepoint.html’,
     ‘Guide_restorepoint.md’
    Package has no Sweave vignette sources and no VignetteBuilder field.
Flavors: r-devel-linux-x86_64-debian-clang, r-devel-linux-x86_64-debian-gcc, r-devel-linux-x86_64-fedora-clang, r-devel-linux-x86_64-fedora-gcc, r-devel-macos-x86_64-clang, r-devel-windows-ix86+x86_64