CRAN Package Check Results for Package restorepoint

Last updated on 2016-12-04 12:48:03.

Flavor Version Tinstall Tcheck Ttotal Status Flags
r-devel-linux-x86_64-debian-clang 0.1.7 0.64 11.22 11.86 WARN
r-devel-linux-x86_64-debian-gcc 0.1.7 0.69 11.13 11.82 WARN
r-devel-linux-x86_64-fedora-clang 0.1.7 20.33 WARN --no-stop-on-test-error
r-devel-linux-x86_64-fedora-gcc 0.1.7 20.78 WARN
r-devel-macos-x86_64-clang 0.1.7 18.23 WARN
r-devel-windows-ix86+x86_64 0.1.7 4.00 25.00 29.00 WARN
r-patched-linux-x86_64 0.1.7 0.68 9.76 10.45 OK
r-patched-solaris-sparc 0.1.7 109.00 OK
r-patched-solaris-x86 0.1.7 24.10 OK
r-release-linux-x86_64 0.1.7 0.72 9.69 10.41 OK
r-release-osx-x86_64-mavericks 0.1.7 OK
r-release-windows-ix86+x86_64 0.1.7 2.00 25.00 27.00 OK
r-oldrel-windows-ix86+x86_64 0.1.7 3.00 22.00 25.00 OK

Check Details

Version: 0.1.7
Check: files in ‘vignettes’
Result: WARN
    Files in the 'vignettes' directory but no files in 'inst/doc':
     ‘Guide_restorepoint.Rmd’, ‘Guide_restorepoint.html’,
     ‘Guide_restorepoint.md’
    Package has no Sweave vignette sources and no VignetteBuilder field.
Flavors: r-devel-linux-x86_64-debian-clang, r-devel-linux-x86_64-debian-gcc, r-devel-linux-x86_64-fedora-gcc, r-devel-macos-x86_64-clang, r-devel-windows-ix86+x86_64

Version: 0.1.7
Flags: --no-stop-on-test-error
Check: files in ‘vignettes’
Result: WARN
    Files in the 'vignettes' directory but no files in 'inst/doc':
     ‘Guide_restorepoint.Rmd’, ‘Guide_restorepoint.html’,
     ‘Guide_restorepoint.md’
    Package has no Sweave vignette sources and no VignetteBuilder field.
Flavor: r-devel-linux-x86_64-fedora-clang