CRAN Package Check Results for Package restorepoint

Last updated on 2015-08-05 03:48:17.

Flavor Version Tinstall Tcheck Ttotal Status Flags
r-devel-linux-x86_64-debian-clang 0.1.5 0.58 9.03 9.61 NOTE
r-devel-linux-x86_64-debian-gcc 0.1.5 0.57 8.88 9.45 NOTE
r-devel-linux-x86_64-fedora-clang 0.1.5 17.47 NOTE
r-devel-linux-x86_64-fedora-gcc 0.1.5 16.63 NOTE
r-devel-osx-x86_64-clang 0.1.5 18.64 OK
r-devel-windows-ix86+x86_64 0.1.5 3.00 17.00 20.00 NOTE
r-patched-linux-x86_64 0.1.5 0.59 9.16 9.75 OK
r-patched-solaris-sparc 0.1.5 120.90 OK
r-patched-solaris-x86 0.1.5 27.60 OK
r-release-linux-x86_64 0.1.5 0.60 9.67 10.27 OK
r-release-osx-x86_64-mavericks 0.1.5 OK
r-release-windows-ix86+x86_64 0.1.5 3.00 18.00 21.00 OK
r-oldrel-windows-ix86+x86_64 0.1.5 4.00 17.00 21.00 OK

Check Details

Version: 0.1.5
Check: R code for possible problems
Result: NOTE
    env.console : parse.fun: no visible global function definition for
     ‘capture.output’
    Undefined global functions or variables:
     capture.output
    Consider adding
     importFrom("utils", "capture.output")
    to your NAMESPACE.
Flavors: r-devel-linux-x86_64-debian-clang, r-devel-linux-x86_64-debian-gcc, r-devel-linux-x86_64-fedora-clang, r-devel-linux-x86_64-fedora-gcc, r-devel-windows-ix86+x86_64