CRAN Package Check Results for Package restorepoint

Last updated on 2017-03-27 03:50:03.

Flavor Version Tinstall Tcheck Ttotal Status Flags
r-devel-linux-x86_64-debian-clang 0.1.7 0.68 11.68 12.37 WARN
r-devel-linux-x86_64-debian-gcc 0.1.7 0.64 11.37 12.01 WARN
r-devel-linux-x86_64-fedora-clang 0.1.7 19.56 WARN --no-stop-on-test-error
r-devel-linux-x86_64-fedora-gcc 0.1.7 18.48 WARN --no-stop-on-test-error
r-devel-macos-x86_64-clang 0.1.7 17.80 WARN --no-stop-on-test-error
r-devel-windows-ix86+x86_64 0.1.7 2.00 25.00 27.00 WARN
r-patched-linux-x86_64 0.1.7 0.68 11.55 12.23 WARN
r-patched-solaris-sparc 0.1.7 117.70 WARN
r-patched-solaris-x86 0.1.7 27.70 WARN
r-release-linux-x86_64 0.1.7 0.60 9.73 10.33 OK
r-release-osx-x86_64-mavericks 0.1.7 OK
r-release-windows-ix86+x86_64 0.1.7 2.00 25.00 27.00 OK
r-oldrel-windows-ix86+x86_64 0.1.7 3.00 22.00 25.00 OK

Check Details

Version: 0.1.7
Check: files in ‘vignettes’
Result: WARN
    Files in the 'vignettes' directory but no files in 'inst/doc':
     ‘Guide_restorepoint.Rmd’, ‘Guide_restorepoint.html’,
     ‘Guide_restorepoint.md’
    Package has no Sweave vignette sources and no VignetteBuilder field.
Flavors: r-devel-linux-x86_64-debian-clang, r-devel-linux-x86_64-debian-gcc, r-devel-windows-ix86+x86_64, r-patched-linux-x86_64, r-patched-solaris-sparc, r-patched-solaris-x86

Version: 0.1.7
Flags: --no-stop-on-test-error
Check: files in ‘vignettes’
Result: WARN
    Files in the 'vignettes' directory but no files in 'inst/doc':
     ‘Guide_restorepoint.Rmd’, ‘Guide_restorepoint.html’,
     ‘Guide_restorepoint.md’
    Package has no Sweave vignette sources and no VignetteBuilder field.
Flavors: r-devel-linux-x86_64-fedora-clang, r-devel-linux-x86_64-fedora-gcc, r-devel-macos-x86_64-clang