CRAN Package Check Results for Package restorepoint

Last updated on 2017-06-27 15:49:09.

Flavor Version Tinstall Tcheck Ttotal Status Flags
r-release-osx-x86_64 0.1.7 WARN

Check Details

Version: 0.1.7
Check: files in ‘vignettes’
Result: WARN
    Files in the 'vignettes' directory but no files in 'inst/doc':
     ‘Guide_restorepoint.Rmd’, ‘Guide_restorepoint.html’,
     ‘Guide_restorepoint.md’
    Package has no Sweave vignette sources and no VignetteBuilder field.
Flavor: r-release-osx-x86_64