CRAN Package Check Results for Package restrictedMVN

Last updated on 2019-03-24 14:49:50 CET.

Flavor Version Tinstall Tcheck Ttotal Status Flags
r-devel-linux-x86_64-debian-clang 1.0 2.19 27.68 29.87 OK
r-devel-linux-x86_64-debian-gcc 1.0 1.73 21.10 22.83 OK
r-devel-linux-x86_64-fedora-clang 1.0 36.42 NOTE
r-devel-linux-x86_64-fedora-gcc 1.0 33.85 NOTE
r-devel-windows-ix86+x86_64 1.0 11.00 70.00 81.00 OK
r-patched-linux-x86_64 1.0 1.22 26.38 27.60 OK
r-patched-solaris-x86 1.0 47.70 OK
r-release-linux-x86_64 1.0 0.31 1.93 2.24 ERROR
r-release-windows-ix86+x86_64 1.0 5.00 52.00 57.00 OK
r-release-osx-x86_64 1.0 OK
r-oldrel-windows-ix86+x86_64 1.0 5.00 68.00 73.00 OK
r-oldrel-osx-x86_64 1.0 OK

Check Details

Version: 1.0
Check: compiled code
Result: NOTE
    File ‘restrictedMVN/libs/restrictedMVN.so’:
     Found no calls to: ‘R_registerRoutines’, ‘R_useDynamicSymbols’
    
    It is good practice to register native routines and to disable symbol
    search.
    
    See ‘Writing portable packages’ in the ‘Writing R Extensions’ manual.
Flavors: r-devel-linux-x86_64-fedora-clang, r-devel-linux-x86_64-fedora-gcc

Version: 1.0
Check: whether package can be installed
Result: ERROR
    Installation failed.
Flavor: r-release-linux-x86_64