CRAN Package Check Results for Package restrictedMVN

Last updated on 2019-05-26 16:48:37 CEST.

Flavor Version Tinstall Tcheck Ttotal Status Flags
r-devel-linux-x86_64-debian-clang 1.0 2.38 27.96 30.34 OK
r-devel-linux-x86_64-debian-gcc 1.0 1.69 20.65 22.34 OK
r-devel-linux-x86_64-fedora-clang 1.0 35.32 NOTE
r-devel-linux-x86_64-fedora-gcc 1.0 33.58 NOTE
r-devel-windows-ix86+x86_64 1.0 6.00 79.00 85.00 OK
r-patched-linux-x86_64 1.0 OK
r-patched-solaris-x86 1.0 51.50 OK
r-release-linux-x86_64 1.0 2.11 27.67 29.78 OK
r-release-windows-ix86+x86_64 1.0 9.00 55.00 64.00 OK
r-release-osx-x86_64 1.0 OK
r-oldrel-windows-ix86+x86_64 1.0 7.00 53.00 60.00 OK
r-oldrel-osx-x86_64 1.0 OK

Check Details

Version: 1.0
Check: compiled code
Result: NOTE
    File ‘restrictedMVN/libs/restrictedMVN.so’:
     Found no calls to: ‘R_registerRoutines’, ‘R_useDynamicSymbols’
    
    It is good practice to register native routines and to disable symbol
    search.
    
    See ‘Writing portable packages’ in the ‘Writing R Extensions’ manual.
Flavors: r-devel-linux-x86_64-fedora-clang, r-devel-linux-x86_64-fedora-gcc