CRAN Package Check Results for Package reticulate

Last updated on 2022-08-11 21:50:14 CEST.

Flavor Version Tinstall Tcheck Ttotal Status Flags
r-devel-linux-x86_64-debian-clang 1.25 34.54 129.15 163.69 NOTE
r-devel-linux-x86_64-debian-gcc 1.25 34.61 98.90 133.51 NOTE
r-devel-linux-x86_64-fedora-clang 1.25 225.13 OK
r-devel-linux-x86_64-fedora-gcc 1.25 217.53 OK
r-devel-windows-x86_64 1.25 269.00 193.00 462.00 OK
r-patched-linux-x86_64 1.25 38.26 125.76 164.02 OK
r-release-linux-x86_64 1.25 35.14 126.38 161.52 OK
r-release-macos-arm64 1.25 69.00 NOTE
r-release-macos-x86_64 1.25 91.00 NOTE
r-release-windows-x86_64 1.25 223.00 204.00 427.00 OK
r-oldrel-macos-arm64 1.25 70.00 NOTE
r-oldrel-macos-x86_64 1.25 104.00 NOTE
r-oldrel-windows-ix86+x86_64 1.25 97.00 257.00 354.00 OK

Check Details

Version: 1.25
Check: HTML version of manual
Result: NOTE
    Found the following HTML validation problems:
    py_iterator.html:56:154: Warning: inserting implicit <p>
    py_iterator.html:65:87: Warning: inserting implicit <p>
    py_iterator.html:82:35: Warning: inserting implicit <p>
    py_iterator.html:56:154: Warning: trimming empty <p>
    py_iterator.html:65:87: Warning: trimming empty <p>
    py_iterator.html:82:35: Warning: trimming empty <p>
Flavors: r-devel-linux-x86_64-debian-clang, r-devel-linux-x86_64-debian-gcc

Version: 1.25
Check: installed package size
Result: NOTE
     installed size is 5.4Mb
     sub-directories of 1Mb or more:
     libs 3.2Mb
Flavors: r-release-macos-arm64, r-release-macos-x86_64, r-oldrel-macos-arm64, r-oldrel-macos-x86_64