CRAN Package Check Results for Package retrodesign

Last updated on 2022-09-27 16:54:50 CEST.

Flavor Version Tinstall Tcheck Ttotal Status Flags
r-devel-linux-x86_64-debian-clang 0.1.0 2.15 35.82 37.97 NOTE
r-devel-linux-x86_64-debian-gcc 0.1.0 1.51 27.28 28.79 NOTE
r-devel-linux-x86_64-fedora-clang 0.1.0 59.11 NOTE
r-devel-linux-x86_64-fedora-gcc 0.1.0 54.93 NOTE
r-devel-windows-x86_64 0.1.0 14.00 69.00 83.00 NOTE
r-patched-linux-x86_64 0.1.0 2.43 34.31 36.74 NOTE
r-release-linux-x86_64 0.1.0 2.10 33.44 35.54 NOTE
r-release-macos-arm64 0.1.0 17.00 NOTE
r-release-macos-x86_64 0.1.0 27.00 NOTE
r-release-windows-x86_64 0.1.0 26.00 64.00 90.00 NOTE
r-oldrel-macos-arm64 0.1.0 26.00 NOTE
r-oldrel-macos-x86_64 0.1.0 34.00 NOTE
r-oldrel-windows-ix86+x86_64 0.1.0 6.00 60.00 66.00 NOTE

Check Details

Version: 0.1.0
Check: LazyData
Result: NOTE
     'LazyData' is specified without a 'data' directory
Flavors: r-devel-linux-x86_64-debian-clang, r-devel-linux-x86_64-debian-gcc, r-devel-linux-x86_64-fedora-clang, r-devel-linux-x86_64-fedora-gcc, r-devel-windows-x86_64, r-patched-linux-x86_64, r-release-linux-x86_64, r-release-macos-arm64, r-release-macos-x86_64, r-release-windows-x86_64, r-oldrel-macos-arm64, r-oldrel-macos-x86_64, r-oldrel-windows-ix86+x86_64