CRAN Package Check Results for Package review

Last updated on 2014-08-21 05:47:02.

Flavor Version Tinstall Tcheck Ttotal Status Flags
r-devel-linux-x86_64-debian-clang 2.5 2.16 21.17 23.33 NOTE
r-devel-linux-x86_64-debian-gcc 2.5 1.66 21.26 22.92 NOTE
r-devel-linux-x86_64-fedora-clang 2.5 47.18 NOTE
r-devel-linux-x86_64-fedora-gcc 2.5 49.18 NOTE
r-devel-osx-x86_64-clang 2.5 45.32 NOTE
r-devel-windows-ix86+x86_64 2.5 6.00 34.00 40.00 NOTE
r-patched-linux-x86_64 2.5 2.24 21.90 24.14 NOTE
r-patched-solaris-sparc 2.5 268.20 NOTE
r-patched-solaris-x86 2.5 64.60 NOTE
r-release-linux-ix86 2.5 2.21 29.60 31.82 NOTE
r-release-linux-x86_64 2.5 1.84 22.72 24.55 NOTE
r-release-osx-x86_64-mavericks 2.5 NOTE
r-release-osx-x86_64-snowleopard 2.5 NOTE
r-release-windows-ix86+x86_64 2.5 7.00 37.00 44.00 NOTE
r-oldrel-windows-ix86+x86_64 2.5 7.00 36.00 43.00 NOTE

Check Details

Version: 2.5
Check: dependencies in R code
Result: NOTE
    'library' or 'require' call to ‘Hmisc’ which was already attached by Depends.
     Please remove these calls from your code.
    See the information on DESCRIPTION files in the chapter ‘Creating R
    packages’ of the ‘Writing R Extensions’ manual.
Flavors: r-devel-linux-x86_64-debian-clang, r-devel-linux-x86_64-debian-gcc, r-devel-linux-x86_64-fedora-clang, r-devel-linux-x86_64-fedora-gcc, r-devel-osx-x86_64-clang, r-devel-windows-ix86+x86_64, r-patched-linux-x86_64, r-patched-solaris-sparc, r-patched-solaris-x86, r-release-linux-ix86, r-release-linux-x86_64, r-release-osx-x86_64-mavericks, r-release-osx-x86_64-snowleopard, r-release-windows-ix86+x86_64, r-oldrel-windows-ix86+x86_64

Version: 2.5
Check: Rd line widths
Result: NOTE
    Rd file 'logAppendix.Rd':
     \usage lines wider than 90 characters:
     caption='Summary of file review: file, last version reviewed (revf), system identifier of reviewer, and time of acceptance.',
    
    These lines will be truncated in the PDF manual.
Flavors: r-devel-linux-x86_64-fedora-clang, r-devel-linux-x86_64-fedora-gcc