CRAN Package Check Results for Package review

Last updated on 2014-11-23 03:48:08.

Flavor Version Tinstall Tcheck Ttotal Status Flags
r-devel-linux-x86_64-debian-clang 2.5 1.63 23.76 25.38 NOTE
r-devel-linux-x86_64-debian-gcc 2.5 1.59 23.51 25.10 NOTE
r-devel-linux-x86_64-fedora-clang 2.5 53.32 NOTE
r-devel-linux-x86_64-fedora-gcc 2.5 50.09 NOTE
r-devel-osx-x86_64-clang 2.5 47.67 NOTE
r-devel-windows-ix86+x86_64 2.5 8.00 40.00 48.00 NOTE
r-patched-linux-x86_64 2.5 1.70 23.31 25.00 NOTE
r-patched-solaris-sparc 2.5 268.20 NOTE
r-patched-solaris-x86 2.5 69.00 NOTE
r-release-linux-ix86 2.5 2.06 29.54 31.61 NOTE
r-release-linux-x86_64 2.5 1.70 23.84 25.54 NOTE
r-release-osx-x86_64-mavericks 2.5 NOTE
r-release-osx-x86_64-snowleopard 2.5 NOTE
r-release-windows-ix86+x86_64 2.5 10.00 40.00 50.00 NOTE
r-oldrel-windows-ix86+x86_64 2.5 9.00 43.00 52.00 NOTE

Check Details

Version: 2.5
Check: dependencies in R code
Result: NOTE
    'library' or 'require' call to ‘Hmisc’ which was already attached by Depends.
     Please remove these calls from your code.
    See the information on DESCRIPTION files in the chapter ‘Creating R
    packages’ of the ‘Writing R Extensions’ manual.
Flavors: r-devel-linux-x86_64-debian-clang, r-devel-linux-x86_64-debian-gcc, r-devel-linux-x86_64-fedora-clang, r-devel-linux-x86_64-fedora-gcc, r-devel-osx-x86_64-clang, r-devel-windows-ix86+x86_64, r-patched-linux-x86_64, r-patched-solaris-sparc, r-patched-solaris-x86, r-release-linux-ix86, r-release-linux-x86_64, r-release-osx-x86_64-mavericks, r-release-osx-x86_64-snowleopard, r-release-windows-ix86+x86_64, r-oldrel-windows-ix86+x86_64

Version: 2.5
Check: Rd line widths
Result: NOTE
    Rd file 'logAppendix.Rd':
     \usage lines wider than 90 characters:
     caption='Summary of file review: file, last version reviewed (revf), system identifier of reviewer, and time of acceptance.',
    
    These lines will be truncated in the PDF manual.
Flavors: r-devel-linux-x86_64-debian-clang, r-devel-linux-x86_64-debian-gcc, r-devel-linux-x86_64-fedora-clang, r-devel-linux-x86_64-fedora-gcc, r-patched-linux-x86_64, r-release-linux-x86_64