CRAN Package Check Results for Package review

Last updated on 2014-04-23 07:55:07.

Flavor Version Tinstall Tcheck Ttotal Status Flags
r-devel-linux-x86_64-debian-clang 2.5 1.83 23.54 25.37 NOTE
r-devel-linux-x86_64-debian-gcc 2.5 1.84 23.54 25.38 NOTE
r-devel-linux-x86_64-fedora-clang 2.5 50.33 NOTE
r-devel-linux-x86_64-fedora-gcc 2.5 47.91 NOTE
r-devel-osx-x86_64-clang 2.5 49.51 NOTE
r-devel-osx-x86_64-gcc 2.5 ERROR
r-devel-windows-ix86+x86_64 2.5 6.00 37.00 43.00 NOTE
r-patched-linux-x86_64 2.5 1.80 23.78 25.58 NOTE
r-patched-solaris-sparc 2.5 269.50 NOTE
r-patched-solaris-x86 2.5 67.40 NOTE
r-release-linux-ix86 2.5 3.00 43.00 46.00 NOTE
r-release-linux-x86_64 2.5 1.82 23.42 25.24 NOTE
r-release-osx-x86_64-mavericks 2.5 WARN
r-release-osx-x86_64-snowleopard 2.5 NOTE
r-release-windows-ix86+x86_64 2.5 7.00 35.00 42.00 NOTE
r-oldrel-windows-ix86+x86_64 2.5 7.00 41.00 48.00 NOTE

Check Details

Version: 2.5
Check: dependencies in R code
Result: NOTE
    'library' or 'require' call to ‘Hmisc’ which was already attached by Depends.
     Please remove these calls from your code.
    See the information on DESCRIPTION files in the chapter ‘Creating R
    packages’ of the ‘Writing R Extensions’ manual.
Flavors: r-devel-linux-x86_64-debian-clang, r-devel-linux-x86_64-debian-gcc, r-devel-linux-x86_64-fedora-clang, r-devel-linux-x86_64-fedora-gcc, r-devel-osx-x86_64-clang, r-devel-windows-ix86+x86_64, r-patched-linux-x86_64, r-patched-solaris-sparc, r-patched-solaris-x86, r-release-linux-ix86, r-release-linux-x86_64, r-release-osx-x86_64-mavericks, r-release-osx-x86_64-snowleopard, r-release-windows-ix86+x86_64, r-oldrel-windows-ix86+x86_64

Version: 2.5
Check: Rd line widths
Result: NOTE
    Rd file 'logAppendix.Rd':
     \usage lines wider than 90 characters:
     caption='Summary of file review: file, last version reviewed (revf), system identifier of reviewer, and time of acceptance.',
    
    These lines will be truncated in the PDF manual.
Flavors: r-devel-linux-x86_64-fedora-clang, r-devel-linux-x86_64-fedora-gcc

Version: 2.5
Check: package dependencies
Result: ERROR
    Packages required but not available: ‘XML’ ‘Hmisc’
    
    See the information on DESCRIPTION files in the chapter ‘Creating R
    packages’ of the ‘Writing R Extensions’ manual.
Flavor: r-devel-osx-x86_64-gcc

Version: 2.5
Check: PDF version of manual
Result: WARNING
    LaTeX errors when creating PDF version.
    This typically indicates Rd problems.
    LaTeX errors found:
    ! LaTeX Error: File `upquote.sty' not found.
    
    Type X to quit or <RETURN> to proceed,
    or enter new name. (Default extension: sty)
    
    8d817/Rd2.tex:8: ==> Fatal error occurred, no output PDF file produced!
Flavor: r-release-osx-x86_64-mavericks