CRAN Package Check Results for Package review

Last updated on 2014-09-16 19:48:41.

Flavor Version Tinstall Tcheck Ttotal Status Flags
r-devel-linux-x86_64-debian-clang 2.5 1.64 24.26 25.90 NOTE
r-devel-linux-x86_64-debian-gcc 2.5 1.60 23.06 24.66 NOTE
r-devel-linux-x86_64-fedora-clang 2.5 48.29 NOTE
r-devel-linux-x86_64-fedora-gcc 2.5 43.99 NOTE
r-devel-osx-x86_64-clang 2.5 45.49 NOTE
r-devel-windows-ix86+x86_64 2.5 6.00 36.00 42.00 NOTE
r-patched-linux-x86_64 2.5 1.65 21.80 23.45 NOTE
r-patched-solaris-sparc 2.5 268.20 NOTE
r-patched-solaris-x86 2.5 67.60 NOTE
r-release-linux-ix86 2.5 2.24 31.99 34.23 NOTE
r-release-linux-x86_64 2.5 1.83 24.45 26.28 NOTE
r-release-osx-x86_64-mavericks 2.5 NOTE
r-release-osx-x86_64-snowleopard 2.5 NOTE
r-release-windows-ix86+x86_64 2.5 7.00 40.00 47.00 NOTE
r-oldrel-windows-ix86+x86_64 2.5 7.00 40.00 47.00 NOTE

Check Details

Version: 2.5
Check: dependencies in R code
Result: NOTE
    'library' or 'require' call to ‘Hmisc’ which was already attached by Depends.
     Please remove these calls from your code.
    See the information on DESCRIPTION files in the chapter ‘Creating R
    packages’ of the ‘Writing R Extensions’ manual.
Flavors: r-devel-linux-x86_64-debian-clang, r-devel-linux-x86_64-debian-gcc, r-devel-linux-x86_64-fedora-clang, r-devel-linux-x86_64-fedora-gcc, r-devel-osx-x86_64-clang, r-devel-windows-ix86+x86_64, r-patched-linux-x86_64, r-patched-solaris-sparc, r-patched-solaris-x86, r-release-linux-ix86, r-release-linux-x86_64, r-release-osx-x86_64-mavericks, r-release-osx-x86_64-snowleopard, r-release-windows-ix86+x86_64, r-oldrel-windows-ix86+x86_64

Version: 2.5
Check: Rd line widths
Result: NOTE
    Rd file 'logAppendix.Rd':
     \usage lines wider than 90 characters:
     caption='Summary of file review: file, last version reviewed (revf), system identifier of reviewer, and time of acceptance.',
    
    These lines will be truncated in the PDF manual.
Flavors: r-devel-linux-x86_64-debian-clang, r-devel-linux-x86_64-debian-gcc, r-devel-linux-x86_64-fedora-clang, r-devel-linux-x86_64-fedora-gcc, r-release-linux-x86_64