CRAN Package Check Results for Package review

Last updated on 2014-07-25 17:48:07.

Flavor Version Tinstall Tcheck Ttotal Status Flags
r-devel-linux-x86_64-debian-clang 2.5 1.69 21.59 23.28 NOTE
r-devel-linux-x86_64-debian-gcc 2.5 2.36 21.44 23.80 NOTE
r-devel-linux-x86_64-fedora-clang 2.5 49.22 NOTE
r-devel-linux-x86_64-fedora-gcc 2.5 45.44 NOTE
r-devel-osx-x86_64-clang 2.5 45.51 NOTE
r-devel-windows-ix86+x86_64 2.5 7.00 36.00 43.00 NOTE
r-patched-linux-x86_64 2.5 1.71 21.56 23.27 NOTE
r-patched-solaris-sparc 2.5 269.50 NOTE
r-patched-solaris-x86 2.5 64.60 NOTE
r-release-linux-ix86 2.5 2.21 29.52 31.73 NOTE
r-release-linux-x86_64 2.5 1.78 22.71 24.49 NOTE
r-release-osx-x86_64-mavericks 2.5 NOTE
r-release-osx-x86_64-snowleopard 2.5 NOTE
r-release-windows-ix86+x86_64 2.5 6.00 35.00 41.00 NOTE
r-oldrel-windows-ix86+x86_64 2.5 7.00 39.00 46.00 NOTE

Check Details

Version: 2.5
Check: dependencies in R code
Result: NOTE
    'library' or 'require' call to ‘Hmisc’ which was already attached by Depends.
     Please remove these calls from your code.
    See the information on DESCRIPTION files in the chapter ‘Creating R
    packages’ of the ‘Writing R Extensions’ manual.
Flavors: r-devel-linux-x86_64-debian-clang, r-devel-linux-x86_64-debian-gcc, r-devel-linux-x86_64-fedora-clang, r-devel-linux-x86_64-fedora-gcc, r-devel-osx-x86_64-clang, r-devel-windows-ix86+x86_64, r-patched-linux-x86_64, r-patched-solaris-sparc, r-patched-solaris-x86, r-release-linux-ix86, r-release-linux-x86_64, r-release-osx-x86_64-mavericks, r-release-osx-x86_64-snowleopard, r-release-windows-ix86+x86_64, r-oldrel-windows-ix86+x86_64

Version: 2.5
Check: Rd line widths
Result: NOTE
    Rd file 'logAppendix.Rd':
     \usage lines wider than 90 characters:
     caption='Summary of file review: file, last version reviewed (revf), system identifier of reviewer, and time of acceptance.',
    
    These lines will be truncated in the PDF manual.
Flavors: r-devel-linux-x86_64-fedora-clang, r-devel-linux-x86_64-fedora-gcc