CRAN Package Check Results for Package reweight

Last updated on 2016-02-11 23:47:39.

Flavor Version Tinstall Tcheck Ttotal Status Flags
r-devel-linux-x86_64-debian-gcc 1.2.1 0.55 25.61 26.16 NOTE
r-devel-linux-x86_64-fedora-clang 1.2.1 49.33 NOTE
r-devel-linux-x86_64-fedora-gcc 1.2.1 49.96 NOTE
r-devel-osx-x86_64-clang 1.2.1 47.30 NOTE
r-devel-windows-ix86+x86_64 1.2.1 3.00 62.00 65.00 NOTE
r-patched-linux-x86_64 1.2.1 0.57 26.96 27.52 OK
r-patched-solaris-sparc 1.2.1 281.40 OK
r-patched-solaris-x86 1.2.1 67.60 OK
r-release-linux-x86_64 1.2.1 0.95 26.54 27.49 OK
r-release-osx-x86_64-mavericks 1.2.1 OK
r-release-windows-ix86+x86_64 1.2.1 3.00 52.00 55.00 OK
r-oldrel-windows-ix86+x86_64 1.2.1 4.00 49.00 53.00 OK

Check Details

Version: 1.2.1
Check: R code for possible problems
Result: NOTE
    plot.reweight: no visible global function definition for ‘par’
    plot.reweight: no visible global function definition for ‘plot’
    plot.reweight: no visible global function definition for ‘density’
    plot.reweight: no visible global function definition for ‘rug’
    reweight: no visible global function definition for ‘aggregate’
    search.best.h: no visible global function definition for ‘quantile’
    Undefined global functions or variables:
     aggregate density par plot quantile rug
    Consider adding
     importFrom("graphics", "par", "plot", "rug")
     importFrom("stats", "aggregate", "density", "quantile")
    to your NAMESPACE file.
Flavors: r-devel-linux-x86_64-debian-gcc, r-devel-linux-x86_64-fedora-clang, r-devel-linux-x86_64-fedora-gcc, r-devel-osx-x86_64-clang, r-devel-windows-ix86+x86_64