CRAN Package Check Results for Package reweight

Last updated on 2017-12-13 01:54:57 CET.

Flavor Version Tinstall Tcheck Ttotal Status Flags
r-devel-linux-x86_64-debian-clang 1.2.1 0.57 42.30 42.87 NOTE
r-devel-linux-x86_64-debian-gcc 1.2.1 0.64 34.75 35.39 NOTE
r-devel-linux-x86_64-fedora-clang 1.2.1 50.83 NOTE
r-devel-windows-ix86+x86_64 1.2.1 4.00 56.00 60.00 NOTE
r-patched-linux-x86_64 1.2.1 0.73 42.78 43.51 NOTE
r-patched-solaris-x86 1.2.1 69.80 NOTE
r-release-linux-x86_64 1.2.1 0.68 42.51 43.19 NOTE
r-release-windows-ix86+x86_64 1.2.1 2.00 57.00 59.00 NOTE
r-release-osx-x86_64 1.2.1 NOTE
r-oldrel-windows-ix86+x86_64 1.2.1 2.00 55.00 57.00 NOTE
r-oldrel-osx-x86_64 1.2.1 NOTE

Check Details

Version: 1.2.1
Check: R code for possible problems
Result: NOTE
    plot.reweight: no visible global function definition for ‘par’
    plot.reweight: no visible global function definition for ‘plot’
    plot.reweight: no visible global function definition for ‘density’
    plot.reweight: no visible global function definition for ‘rug’
    reweight: no visible global function definition for ‘aggregate’
    search.best.h: no visible global function definition for ‘quantile’
    Undefined global functions or variables:
     aggregate density par plot quantile rug
    Consider adding
     importFrom("graphics", "par", "plot", "rug")
     importFrom("stats", "aggregate", "density", "quantile")
    to your NAMESPACE file.
Flavors: r-devel-linux-x86_64-debian-clang, r-devel-linux-x86_64-debian-gcc, r-devel-linux-x86_64-fedora-clang, r-devel-windows-ix86+x86_64, r-patched-linux-x86_64, r-patched-solaris-x86, r-release-linux-x86_64, r-release-windows-ix86+x86_64, r-release-osx-x86_64, r-oldrel-windows-ix86+x86_64, r-oldrel-osx-x86_64