CRAN Package Check Results for Package reweight

Last updated on 2016-12-07 17:52:47.

Flavor Version Tinstall Tcheck Ttotal Status Flags
r-devel-linux-x86_64-debian-clang 1.2.1 0.65 27.82 28.47 NOTE
r-devel-linux-x86_64-debian-gcc 1.2.1 0.60 27.30 27.90 NOTE
r-devel-linux-x86_64-fedora-clang 1.2.1 53.52 NOTE --no-stop-on-test-error
r-devel-linux-x86_64-fedora-gcc 1.2.1 51.88 NOTE --no-stop-on-test-error
r-devel-macos-x86_64-clang 1.2.1 33.03 NOTE
r-devel-windows-ix86+x86_64 1.2.1 4.00 54.00 58.00 NOTE
r-patched-linux-x86_64 1.2.1 0.53 25.67 26.20 NOTE
r-patched-solaris-sparc 1.2.1 274.70 NOTE
r-patched-solaris-x86 1.2.1 62.60 NOTE
r-release-linux-x86_64 1.2.1 0.57 26.12 26.69 NOTE
r-release-osx-x86_64-mavericks 1.2.1 NOTE
r-release-windows-ix86+x86_64 1.2.1 2.00 55.00 57.00 NOTE
r-oldrel-windows-ix86+x86_64 1.2.1 3.00 54.00 57.00 OK

Check Details

Version: 1.2.1
Check: R code for possible problems
Result: NOTE
    plot.reweight: no visible global function definition for ‘par’
    plot.reweight: no visible global function definition for ‘plot’
    plot.reweight: no visible global function definition for ‘density’
    plot.reweight: no visible global function definition for ‘rug’
    reweight: no visible global function definition for ‘aggregate’
    search.best.h: no visible global function definition for ‘quantile’
    Undefined global functions or variables:
     aggregate density par plot quantile rug
    Consider adding
     importFrom("graphics", "par", "plot", "rug")
     importFrom("stats", "aggregate", "density", "quantile")
    to your NAMESPACE file.
Flavors: r-devel-linux-x86_64-debian-clang, r-devel-linux-x86_64-debian-gcc, r-devel-macos-x86_64-clang, r-devel-windows-ix86+x86_64, r-patched-linux-x86_64, r-patched-solaris-sparc, r-patched-solaris-x86, r-release-linux-x86_64, r-release-osx-x86_64-mavericks, r-release-windows-ix86+x86_64

Version: 1.2.1
Flags: --no-stop-on-test-error
Check: R code for possible problems
Result: NOTE
    plot.reweight: no visible global function definition for ‘par’
    plot.reweight: no visible global function definition for ‘plot’
    plot.reweight: no visible global function definition for ‘density’
    plot.reweight: no visible global function definition for ‘rug’
    reweight: no visible global function definition for ‘aggregate’
    search.best.h: no visible global function definition for ‘quantile’
    Undefined global functions or variables:
     aggregate density par plot quantile rug
    Consider adding
     importFrom("graphics", "par", "plot", "rug")
     importFrom("stats", "aggregate", "density", "quantile")
    to your NAMESPACE file.
Flavors: r-devel-linux-x86_64-fedora-clang, r-devel-linux-x86_64-fedora-gcc