CRAN Package Check Results for Package rexpokit

Last updated on 2014-04-25 05:47:23.

Flavor Version Tinstall Tcheck Ttotal Status Flags
r-devel-linux-x86_64-debian-clang 0.24.1 8.40 20.54 28.94 NOTE
r-devel-linux-x86_64-debian-gcc 0.24.1 8.67 20.45 29.12 NOTE
r-devel-linux-x86_64-fedora-clang 0.24.1 57.09 NOTE
r-devel-linux-x86_64-fedora-gcc 0.24.1 53.90 NOTE
r-devel-osx-x86_64-clang 0.24.1 53.59 NOTE
r-devel-osx-x86_64-gcc 0.24.1 NOTE
r-devel-windows-ix86+x86_64 0.24.1 31.00 48.00 79.00 NOTE
r-patched-linux-x86_64 0.24.1 8.60 20.53 29.13 NOTE
r-patched-solaris-sparc 0.24.1 313.80 NOTE
r-patched-solaris-x86 0.24.1 72.40 NOTE
r-release-linux-ix86 0.24.1 14.00 40.00 54.00 NOTE
r-release-linux-x86_64 0.24.1 8.45 20.52 28.97 NOTE
r-release-osx-x86_64-mavericks 0.24.1 WARN
r-release-windows-ix86+x86_64 0.24.1 50.00 67.00 117.00 NOTE
r-oldrel-windows-ix86+x86_64 0.24.1 33.00 47.00 80.00 NOTE

Check Details

Version: 0.24.1
Check: dependencies in R code
Result: NOTE
    'library' or 'require' call to ‘SparseM’ which was already attached by Depends.
     Please remove these calls from your code.
    Packages in Depends field not imported from:
     ‘Rcpp’ ‘SparseM’ ‘methods’
     These packages need to be imported from (in the NAMESPACE file)
     for when this namespace is loaded but not attached.
    See the information on DESCRIPTION files in the chapter ‘Creating R
    packages’ of the ‘Writing R Extensions’ manual.
Flavors: r-devel-linux-x86_64-debian-clang, r-devel-linux-x86_64-debian-gcc, r-devel-linux-x86_64-fedora-clang, r-devel-linux-x86_64-fedora-gcc, r-devel-osx-x86_64-clang, r-devel-osx-x86_64-gcc, r-devel-windows-ix86+x86_64, r-patched-linux-x86_64, r-patched-solaris-sparc, r-patched-solaris-x86, r-release-linux-ix86, r-release-linux-x86_64, r-release-osx-x86_64-mavericks, r-release-windows-ix86+x86_64, r-oldrel-windows-ix86+x86_64

Version: 0.24.1
Check: Rd cross-references
Result: NOTE
    Packages unavailable to check Rd xrefs: ‘diversitree’, ‘expoRkit’
Flavor: r-devel-osx-x86_64-gcc

Version: 0.24.1
Check: Rd cross-references
Result: NOTE
    Package unavailable to check Rd xrefs: ‘diversitree’
Flavor: r-release-osx-x86_64-mavericks

Version: 0.24.1
Check: PDF version of manual
Result: WARNING
    LaTeX errors when creating PDF version.
    This typically indicates Rd problems.
    LaTeX errors found:
    ! LaTeX Error: File `upquote.sty' not found.
    
    Type X to quit or <RETURN> to proceed,
    or enter new name. (Default extension: sty)
    
    8a075d8/Rd2.tex:8: ==> Fatal error occurred, no output PDF file produced!
Flavor: r-release-osx-x86_64-mavericks