CRAN Package Check Results for Package rexpokit

Last updated on 2014-07-24 22:48:42.

Flavor Version Tinstall Tcheck Ttotal Status Flags
r-devel-linux-x86_64-debian-clang 0.24.1 8.32 18.55 26.87 NOTE
r-devel-linux-x86_64-debian-gcc 0.24.1 8.44 18.26 26.70 NOTE
r-devel-linux-x86_64-fedora-clang 0.24.1 55.01 NOTE
r-devel-linux-x86_64-fedora-gcc 0.24.1 53.36 NOTE
r-devel-osx-x86_64-clang 0.24.1 51.06 NOTE
r-devel-windows-ix86+x86_64 0.24.1 33.00 50.00 83.00 NOTE
r-patched-linux-x86_64 0.24.1 8.28 18.51 26.79 NOTE
r-patched-solaris-sparc 0.24.1 313.80 NOTE
r-patched-solaris-x86 0.24.1 70.60 NOTE
r-release-linux-ix86 0.24.1 11.42 26.18 37.60 NOTE
r-release-linux-x86_64 0.24.1 8.42 18.91 27.33 NOTE
r-release-osx-x86_64-mavericks 0.24.1 NOTE
r-release-windows-ix86+x86_64 0.24.1 43.00 61.00 104.00 NOTE
r-oldrel-windows-ix86+x86_64 0.24.1 33.00 48.00 81.00 NOTE

Check Details

Version: 0.24.1
Check: dependencies in R code
Result: NOTE
    'library' or 'require' call to ‘SparseM’ which was already attached by Depends.
     Please remove these calls from your code.
    Packages in Depends field not imported from:
     ‘Rcpp’ ‘SparseM’ ‘methods’
     These packages need to be imported from (in the NAMESPACE file)
     for when this namespace is loaded but not attached.
    See the information on DESCRIPTION files in the chapter ‘Creating R
    packages’ of the ‘Writing R Extensions’ manual.
Flavors: r-devel-linux-x86_64-debian-clang, r-devel-linux-x86_64-debian-gcc, r-devel-linux-x86_64-fedora-clang, r-devel-linux-x86_64-fedora-gcc, r-devel-osx-x86_64-clang, r-devel-windows-ix86+x86_64, r-patched-linux-x86_64, r-patched-solaris-sparc, r-patched-solaris-x86, r-release-linux-ix86, r-release-linux-x86_64, r-release-osx-x86_64-mavericks, r-release-windows-ix86+x86_64, r-oldrel-windows-ix86+x86_64

Version: 0.24.1
Check: Rd cross-references
Result: NOTE
    Package unavailable to check Rd xrefs: ‘diversitree’
Flavor: r-release-osx-x86_64-mavericks