CRAN Package Check Results for Package rexpokit

Last updated on 2015-03-05 16:47:06.

Flavor Version Tinstall Tcheck Ttotal Status Flags
r-devel-linux-x86_64-debian-clang 0.24.1 8.17 15.98 24.15 NOTE
r-devel-linux-x86_64-debian-gcc 0.24.1 8.20 15.32 23.52 NOTE
r-devel-linux-x86_64-fedora-clang 0.24.1 46.84 NOTE
r-devel-linux-x86_64-fedora-gcc 0.24.1 43.89 NOTE
r-devel-osx-x86_64-clang 0.24.1 46.15 NOTE
r-devel-windows-ix86+x86_64 0.24.1 42.00 41.00 83.00 NOTE
r-patched-linux-x86_64 0.24.1 8.49 18.59 27.08 NOTE
r-patched-solaris-sparc 0.24.1 343.90 NOTE
r-patched-solaris-x86 0.24.1 73.50 NOTE
r-release-linux-ix86 0.24.1 11.62 27.30 38.93 NOTE
r-release-linux-x86_64 0.24.1 8.62 18.88 27.50 NOTE
r-release-osx-x86_64-mavericks 0.24.1 NOTE
r-release-windows-ix86+x86_64 0.24.1 32.00 43.00 75.00 NOTE
r-oldrel-windows-ix86+x86_64 0.24.1 32.00 50.00 82.00 NOTE

Check Details

Version: 0.24.1
Check: dependencies in R code
Result: NOTE
    'library' or 'require' call to ‘SparseM’ which was already attached by Depends.
     Please remove these calls from your code.
    Packages in Depends field not imported from:
     ‘Rcpp’ ‘SparseM’ ‘methods’
     These packages need to be imported from (in the NAMESPACE file)
     for when this namespace is loaded but not attached.
Flavors: r-devel-linux-x86_64-debian-clang, r-devel-linux-x86_64-debian-gcc, r-devel-linux-x86_64-fedora-clang, r-devel-linux-x86_64-fedora-gcc, r-devel-osx-x86_64-clang, r-devel-windows-ix86+x86_64, r-patched-linux-x86_64, r-patched-solaris-sparc, r-patched-solaris-x86

Version: 0.24.1
Check: R code for possible problems
Result: NOTE
    mat2coo: no visible global function definition for ‘as.matrix.coo’
Flavors: r-devel-linux-x86_64-debian-clang, r-devel-linux-x86_64-debian-gcc, r-devel-linux-x86_64-fedora-clang, r-devel-linux-x86_64-fedora-gcc, r-devel-osx-x86_64-clang, r-devel-windows-ix86+x86_64, r-patched-linux-x86_64, r-patched-solaris-sparc, r-patched-solaris-x86, r-release-linux-ix86, r-release-linux-x86_64, r-release-osx-x86_64-mavericks, r-release-windows-ix86+x86_64

Version: 0.24.1
Check: dependencies in R code
Result: NOTE
    'library' or 'require' call to ‘SparseM’ which was already attached by Depends.
     Please remove these calls from your code.
    Packages in Depends field not imported from:
     ‘Rcpp’ ‘SparseM’ ‘methods’
     These packages need to be imported from (in the NAMESPACE file)
     for when this namespace is loaded but not attached.
    See the information on DESCRIPTION files in the chapter ‘Creating R
    packages’ of the ‘Writing R Extensions’ manual.
Flavors: r-release-linux-ix86, r-release-linux-x86_64, r-release-osx-x86_64-mavericks, r-release-windows-ix86+x86_64, r-oldrel-windows-ix86+x86_64

Version: 0.24.1
Check: Rd cross-references
Result: NOTE
    Package unavailable to check Rd xrefs: ‘diversitree’
Flavor: r-release-osx-x86_64-mavericks