CRAN Package Check Results for Package rexpokit

Last updated on 2014-12-19 12:48:26.

Flavor Version Tinstall Tcheck Ttotal Status Flags
r-devel-linux-x86_64-debian-clang 0.24.1 8.75 19.80 28.54 NOTE
r-devel-linux-x86_64-debian-gcc 0.24.1 8.21 17.69 25.90 NOTE
r-devel-linux-x86_64-fedora-clang 0.24.1 55.40 NOTE
r-devel-linux-x86_64-fedora-gcc 0.24.1 49.96 NOTE
r-devel-osx-x86_64-clang 0.24.1 50.03 NOTE
r-devel-windows-ix86+x86_64 0.24.1 50.00 43.00 93.00 NOTE
r-patched-linux-x86_64 0.24.1 8.50 18.30 26.80 NOTE
r-patched-solaris-sparc 0.24.1 302.10 NOTE
r-patched-solaris-x86 0.24.1 71.90 NOTE
r-release-linux-ix86 0.24.1 10.83 24.55 35.38 NOTE
r-release-linux-x86_64 0.24.1 8.50 22.09 30.59 NOTE
r-release-osx-x86_64-mavericks 0.24.1 NOTE
r-release-windows-ix86+x86_64 0.24.1 34.00 55.00 89.00 NOTE
r-oldrel-windows-ix86+x86_64 0.24.1 31.00 50.00 81.00 NOTE

Check Details

Version: 0.24.1
Check: dependencies in R code
Result: NOTE
    'library' or 'require' call to ‘SparseM’ which was already attached by Depends.
     Please remove these calls from your code.
    Packages in Depends field not imported from:
     ‘Rcpp’ ‘SparseM’ ‘methods’
     These packages need to be imported from (in the NAMESPACE file)
     for when this namespace is loaded but not attached.
    See the information on DESCRIPTION files in the chapter ‘Creating R
    packages’ of the ‘Writing R Extensions’ manual.
Flavors: r-devel-linux-x86_64-debian-clang, r-devel-linux-x86_64-debian-gcc, r-devel-linux-x86_64-fedora-clang, r-devel-linux-x86_64-fedora-gcc, r-devel-osx-x86_64-clang, r-devel-windows-ix86+x86_64, r-patched-linux-x86_64, r-patched-solaris-sparc, r-patched-solaris-x86, r-release-linux-ix86, r-release-linux-x86_64, r-release-osx-x86_64-mavericks, r-release-windows-ix86+x86_64, r-oldrel-windows-ix86+x86_64

Version: 0.24.1
Check: R code for possible problems
Result: NOTE
    mat2coo: no visible global function definition for ‘as.matrix.coo’
Flavors: r-devel-linux-x86_64-debian-clang, r-devel-linux-x86_64-debian-gcc, r-devel-linux-x86_64-fedora-clang, r-devel-linux-x86_64-fedora-gcc, r-devel-osx-x86_64-clang, r-devel-windows-ix86+x86_64, r-patched-linux-x86_64, r-patched-solaris-sparc, r-patched-solaris-x86, r-release-linux-ix86, r-release-linux-x86_64, r-release-windows-ix86+x86_64

Version: 0.24.1
Check: Rd cross-references
Result: NOTE
    Package unavailable to check Rd xrefs: ‘diversitree’
Flavor: r-release-osx-x86_64-mavericks