CRAN Package Check Results for Package rexpokit

Last updated on 2016-04-30 06:47:39.

Flavor Version Tinstall Tcheck Ttotal Status Flags
r-devel-linux-x86_64-debian-gcc 0.24.1 8.05 15.40 23.45 NOTE
r-devel-linux-x86_64-fedora-clang 0.24.1 43.56 WARN
r-devel-linux-x86_64-fedora-gcc 0.24.1 40.52 WARN
r-devel-osx-x86_64-clang 0.24.1 49.17 WARN
r-devel-windows-ix86+x86_64 0.24.1 34.00 43.00 77.00 NOTE
r-patched-linux-x86_64 0.24.1 7.93 15.65 23.58 NOTE
r-patched-solaris-sparc 0.24.1 255.60 NOTE
r-patched-solaris-x86 0.24.1 54.00 NOTE
r-release-linux-x86_64 0.24.1 8.08 16.55 24.62 NOTE
r-release-osx-x86_64-mavericks 0.24.1 NOTE
r-release-windows-ix86+x86_64 0.24.1 33.00 56.00 89.00 NOTE
r-oldrel-windows-ix86+x86_64 0.24.1 47.00 52.00 99.00 NOTE

Check Details

Version: 0.24.1
Check: dependencies in R code
Result: NOTE
    'library' or 'require' call to ‘SparseM’ which was already attached by Depends.
     Please remove these calls from your code.
    Packages in Depends field not imported from:
     ‘Rcpp’ ‘SparseM’ ‘methods’
     These packages need to be imported from (in the NAMESPACE file)
     for when this namespace is loaded but not attached.
Flavors: r-devel-linux-x86_64-debian-gcc, r-devel-linux-x86_64-fedora-clang, r-devel-linux-x86_64-fedora-gcc, r-devel-osx-x86_64-clang, r-devel-windows-ix86+x86_64, r-patched-linux-x86_64, r-patched-solaris-sparc, r-patched-solaris-x86, r-release-linux-x86_64, r-release-osx-x86_64-mavericks, r-release-windows-ix86+x86_64, r-oldrel-windows-ix86+x86_64

Version: 0.24.1
Check: R code for possible problems
Result: NOTE
    fermat.test: no visible global function definition for ‘runif’
    mat2coo: no visible global function definition for ‘as.matrix.coo’
    Undefined global functions or variables:
     as.matrix.coo runif
    Consider adding
     importFrom("stats", "runif")
    to your NAMESPACE file.
Flavors: r-devel-linux-x86_64-debian-gcc, r-devel-linux-x86_64-fedora-clang, r-devel-linux-x86_64-fedora-gcc, r-devel-osx-x86_64-clang, r-devel-windows-ix86+x86_64, r-patched-linux-x86_64, r-patched-solaris-sparc, r-patched-solaris-x86

Version: 0.24.1
Check: whether package can be installed
Result: WARN
    Found the following significant warnings:
     Warning: iteration 7 invokes undefined behavior [-Waggressive-loop-optimizations]
Flavors: r-devel-linux-x86_64-fedora-clang, r-devel-linux-x86_64-fedora-gcc, r-devel-osx-x86_64-clang

Version: 0.24.1
Check: R code for possible problems
Result: NOTE
    mat2coo: no visible global function definition for ‘as.matrix.coo’
Flavors: r-release-linux-x86_64, r-release-osx-x86_64-mavericks, r-release-windows-ix86+x86_64, r-oldrel-windows-ix86+x86_64