CRAN Package Check Results for Package rexpokit

Last updated on 2015-07-29 03:48:37.

Flavor Version Tinstall Tcheck Ttotal Status Flags
r-devel-linux-x86_64-debian-clang 0.24.1 8.88 16.23 25.12 NOTE
r-devel-linux-x86_64-debian-gcc 0.24.1 8.25 15.45 23.70 NOTE
r-devel-linux-x86_64-fedora-clang 0.24.1 46.59 NOTE
r-devel-linux-x86_64-fedora-gcc 0.24.1 43.35 NOTE
r-devel-osx-x86_64-clang 0.24.1 37.39 NOTE
r-devel-windows-ix86+x86_64 0.24.1 34.00 73.00 107.00 NOTE
r-patched-linux-x86_64 0.24.1 8.46 15.64 24.10 NOTE
r-patched-solaris-sparc 0.24.1 283.70 NOTE
r-patched-solaris-x86 0.24.1 61.50 NOTE
r-release-linux-x86_64 0.24.1 9.39 15.48 24.87 NOTE
r-release-osx-x86_64-mavericks 0.24.1 NOTE
r-release-windows-ix86+x86_64 0.24.1 40.00 45.00 85.00 NOTE
r-oldrel-windows-ix86+x86_64 0.24.1 37.00 58.00 95.00 NOTE

Check Details

Version: 0.24.1
Check: dependencies in R code
Result: NOTE
    'library' or 'require' call to ‘SparseM’ which was already attached by Depends.
     Please remove these calls from your code.
    Packages in Depends field not imported from:
     ‘Rcpp’ ‘SparseM’ ‘methods’
     These packages need to be imported from (in the NAMESPACE file)
     for when this namespace is loaded but not attached.
Flavors: r-devel-linux-x86_64-debian-clang, r-devel-linux-x86_64-debian-gcc, r-devel-linux-x86_64-fedora-clang, r-devel-linux-x86_64-fedora-gcc, r-devel-osx-x86_64-clang, r-devel-windows-ix86+x86_64, r-patched-linux-x86_64, r-patched-solaris-sparc, r-patched-solaris-x86, r-release-linux-x86_64, r-release-osx-x86_64-mavericks, r-release-windows-ix86+x86_64, r-oldrel-windows-ix86+x86_64

Version: 0.24.1
Check: R code for possible problems
Result: NOTE
    fermat.test: no visible global function definition for ‘runif’
    mat2coo: no visible global function definition for ‘as.matrix.coo’
    Undefined global functions or variables:
     as.matrix.coo runif
    Consider adding
     importFrom("stats", "runif")
    to your NAMESPACE.
Flavors: r-devel-linux-x86_64-debian-clang, r-devel-linux-x86_64-debian-gcc, r-devel-linux-x86_64-fedora-clang, r-devel-linux-x86_64-fedora-gcc, r-devel-windows-ix86+x86_64

Version: 0.24.1
Check: R code for possible problems
Result: NOTE
    mat2coo: no visible global function definition for ‘as.matrix.coo’
    Undefined global functions or variables:
     as.matrix.coo
Flavor: r-devel-osx-x86_64-clang

Version: 0.24.1
Check: R code for possible problems
Result: NOTE
    mat2coo: no visible global function definition for ‘as.matrix.coo’
Flavors: r-patched-linux-x86_64, r-patched-solaris-sparc, r-patched-solaris-x86, r-release-linux-x86_64, r-release-osx-x86_64-mavericks, r-release-windows-ix86+x86_64, r-oldrel-windows-ix86+x86_64