CRAN Package Check Results for Package rexpokit

Last updated on 2014-11-27 13:47:07.

Flavor Version Tinstall Tcheck Ttotal Status Flags
r-devel-linux-x86_64-debian-clang 0.24.1 8.39 18.28 26.67 NOTE
r-devel-linux-x86_64-debian-gcc 0.24.1 8.26 18.95 27.21 NOTE
r-devel-linux-x86_64-fedora-clang 0.24.1 56.42 NOTE
r-devel-linux-x86_64-fedora-gcc 0.24.1 52.75 NOTE
r-devel-osx-x86_64-clang 0.24.1 48.91 NOTE
r-devel-windows-ix86+x86_64 0.24.1 38.00 44.00 82.00 NOTE
r-patched-linux-x86_64 0.24.1 8.53 18.95 27.48 NOTE
r-patched-solaris-sparc 0.24.1 302.10 NOTE
r-patched-solaris-x86 0.24.1 71.10 NOTE
r-release-linux-ix86 0.24.1 10.82 25.62 36.44 NOTE
r-release-linux-x86_64 0.24.1 8.52 18.74 27.26 NOTE
r-release-osx-x86_64-mavericks 0.24.1 NOTE
r-release-windows-ix86+x86_64 0.24.1 34.00 55.00 89.00 NOTE
r-oldrel-windows-ix86+x86_64 0.24.1 31.00 50.00 81.00 NOTE

Check Details

Version: 0.24.1
Check: dependencies in R code
Result: NOTE
    'library' or 'require' call to ‘SparseM’ which was already attached by Depends.
     Please remove these calls from your code.
    Packages in Depends field not imported from:
     ‘Rcpp’ ‘SparseM’ ‘methods’
     These packages need to be imported from (in the NAMESPACE file)
     for when this namespace is loaded but not attached.
    See the information on DESCRIPTION files in the chapter ‘Creating R
    packages’ of the ‘Writing R Extensions’ manual.
Flavors: r-devel-linux-x86_64-debian-clang, r-devel-linux-x86_64-debian-gcc, r-devel-linux-x86_64-fedora-clang, r-devel-linux-x86_64-fedora-gcc, r-devel-osx-x86_64-clang, r-devel-windows-ix86+x86_64, r-patched-linux-x86_64, r-patched-solaris-sparc, r-patched-solaris-x86, r-release-linux-ix86, r-release-linux-x86_64, r-release-osx-x86_64-mavericks, r-release-windows-ix86+x86_64, r-oldrel-windows-ix86+x86_64

Version: 0.24.1
Check: R code for possible problems
Result: NOTE
    mat2coo: no visible global function definition for ‘as.matrix.coo’
Flavors: r-devel-linux-x86_64-debian-clang, r-devel-linux-x86_64-debian-gcc, r-devel-linux-x86_64-fedora-clang, r-devel-linux-x86_64-fedora-gcc, r-devel-osx-x86_64-clang, r-devel-windows-ix86+x86_64, r-patched-linux-x86_64, r-patched-solaris-sparc, r-patched-solaris-x86, r-release-linux-ix86, r-release-linux-x86_64, r-release-windows-ix86+x86_64

Version: 0.24.1
Check: Rd cross-references
Result: NOTE
    Package unavailable to check Rd xrefs: ‘diversitree’
Flavor: r-release-osx-x86_64-mavericks