CRAN Package Check Results for Package rexpokit

Last updated on 2016-02-09 12:47:51.

Flavor Version Tinstall Tcheck Ttotal Status Flags
r-devel-linux-x86_64-debian-gcc 0.24.1 7.87 14.66 22.53 NOTE
r-devel-linux-x86_64-fedora-clang 0.24.1 43.49 WARN
r-devel-linux-x86_64-fedora-gcc 0.24.1 39.84 WARN
r-devel-osx-x86_64-clang 0.24.1 47.05 WARN
r-devel-windows-ix86+x86_64 0.24.1 49.00 53.00 102.00 NOTE
r-patched-linux-x86_64 0.24.1 8.02 15.53 23.56 NOTE
r-patched-solaris-sparc 0.24.1 259.20 NOTE
r-patched-solaris-x86 0.24.1 54.10 NOTE
r-release-linux-x86_64 0.24.1 8.11 15.50 23.61 NOTE
r-release-osx-x86_64-mavericks 0.24.1 NOTE
r-release-windows-ix86+x86_64 0.24.1 40.00 48.00 88.00 NOTE
r-oldrel-windows-ix86+x86_64 0.24.1 43.00 75.00 118.00 NOTE

Check Details

Version: 0.24.1
Check: dependencies in R code
Result: NOTE
    'library' or 'require' call to ‘SparseM’ which was already attached by Depends.
     Please remove these calls from your code.
    Packages in Depends field not imported from:
     ‘Rcpp’ ‘SparseM’ ‘methods’
     These packages need to be imported from (in the NAMESPACE file)
     for when this namespace is loaded but not attached.
Flavors: r-devel-linux-x86_64-debian-gcc, r-devel-linux-x86_64-fedora-clang, r-devel-linux-x86_64-fedora-gcc, r-devel-osx-x86_64-clang, r-devel-windows-ix86+x86_64, r-patched-linux-x86_64, r-patched-solaris-sparc, r-patched-solaris-x86, r-release-linux-x86_64, r-release-osx-x86_64-mavericks, r-release-windows-ix86+x86_64, r-oldrel-windows-ix86+x86_64

Version: 0.24.1
Check: R code for possible problems
Result: NOTE
    fermat.test: no visible global function definition for ‘runif’
    mat2coo: no visible global function definition for ‘as.matrix.coo’
    Undefined global functions or variables:
     as.matrix.coo runif
    Consider adding
     importFrom("stats", "runif")
    to your NAMESPACE file.
Flavors: r-devel-linux-x86_64-debian-gcc, r-devel-linux-x86_64-fedora-clang, r-devel-linux-x86_64-fedora-gcc, r-devel-osx-x86_64-clang, r-devel-windows-ix86+x86_64

Version: 0.24.1
Check: whether package can be installed
Result: WARN
    Found the following significant warnings:
     Warning: iteration 7 invokes undefined behavior [-Waggressive-loop-optimizations]
Flavors: r-devel-linux-x86_64-fedora-clang, r-devel-linux-x86_64-fedora-gcc, r-devel-osx-x86_64-clang

Version: 0.24.1
Check: R code for possible problems
Result: NOTE
    mat2coo: no visible global function definition for ‘as.matrix.coo’
Flavors: r-patched-linux-x86_64, r-patched-solaris-sparc, r-patched-solaris-x86, r-release-linux-x86_64, r-release-osx-x86_64-mavericks, r-release-windows-ix86+x86_64, r-oldrel-windows-ix86+x86_64