CRAN Package Check Results for Package rexpokit

Last updated on 2015-04-26 12:46:38.

Flavor Version Tinstall Tcheck Ttotal Status Flags
r-devel-linux-x86_64-debian-clang 0.24.1 8.38 15.70 24.08 NOTE
r-devel-linux-x86_64-debian-gcc 0.24.1 8.22 15.44 23.65 NOTE
r-devel-linux-x86_64-fedora-clang 0.24.1 47.99 NOTE
r-devel-linux-x86_64-fedora-gcc 0.24.1 43.79 NOTE
r-devel-osx-x86_64-clang 0.24.1 44.42 NOTE
r-devel-windows-ix86+x86_64 0.24.1 30.00 42.00 72.00 NOTE
r-patched-linux-x86_64 0.24.1 8.22 15.39 23.61 NOTE
r-patched-solaris-sparc 0.24.1 286.60 NOTE
r-patched-solaris-x86 0.24.1 68.30 NOTE
r-release-linux-x86_64 0.24.1 8.09 15.63 23.72 NOTE
r-release-osx-x86_64-mavericks 0.24.1 NOTE
r-release-osx-x86_64-snowleopard 0.24.1 NOTE
r-release-windows-ix86+x86_64 0.24.1 24.00 40.00 64.00 NOTE
r-oldrel-windows-ix86+x86_64 0.24.1 29.00 46.00 75.00 NOTE

Check Details

Version: 0.24.1
Check: dependencies in R code
Result: NOTE
    'library' or 'require' call to ‘SparseM’ which was already attached by Depends.
     Please remove these calls from your code.
    Packages in Depends field not imported from:
     ‘Rcpp’ ‘SparseM’ ‘methods’
     These packages need to be imported from (in the NAMESPACE file)
     for when this namespace is loaded but not attached.
Flavors: r-devel-linux-x86_64-fedora-clang, r-devel-linux-x86_64-fedora-gcc, r-devel-osx-x86_64-clang, r-devel-windows-ix86+x86_64, r-patched-solaris-sparc, r-patched-solaris-x86, r-release-osx-x86_64-mavericks, r-release-windows-ix86+x86_64, r-oldrel-windows-ix86+x86_64

Version: 0.24.1
Check: R code for possible problems
Result: NOTE
    mat2coo: no visible global function definition for ‘as.matrix.coo’
Flavors: r-devel-linux-x86_64-fedora-clang, r-devel-linux-x86_64-fedora-gcc, r-devel-osx-x86_64-clang, r-devel-windows-ix86+x86_64, r-patched-solaris-sparc, r-patched-solaris-x86, r-release-osx-x86_64-mavericks, r-release-windows-ix86+x86_64, r-oldrel-windows-ix86+x86_64