CRAN Package Check Results for Package rextendr

Last updated on 2022-08-10 12:56:26 CEST.

Flavor Version Tinstall Tcheck Ttotal Status Flags
r-devel-linux-x86_64-debian-clang 0.2.0 7.26 61.70 68.96 OK
r-devel-linux-x86_64-debian-gcc 0.2.0 4.82 46.39 51.21 OK
r-devel-linux-x86_64-fedora-clang 0.2.0 90.84 NOTE
r-devel-linux-x86_64-fedora-gcc 0.2.0 88.12 NOTE
r-devel-windows-x86_64 0.2.0 25.00 102.00 127.00 OK
r-patched-linux-x86_64 0.2.0 6.63 58.73 65.36 OK
r-release-linux-x86_64 0.2.0 OK
r-release-macos-arm64 0.2.0 26.00 NOTE
r-release-macos-x86_64 0.2.0 56.00 NOTE
r-release-windows-x86_64 0.2.0 25.00 99.00 124.00 OK
r-oldrel-macos-arm64 0.2.0 33.00 NOTE
r-oldrel-macos-x86_64 0.2.0 38.00 NOTE
r-oldrel-windows-ix86+x86_64 0.2.0 16.00 77.00 93.00 OK

Check Details

Version: 0.2.0
Check: dependencies in R code
Result: NOTE
    Namespace in Imports field not imported from: ‘pkgload’
     All declared Imports should be used.
Flavors: r-devel-linux-x86_64-fedora-clang, r-devel-linux-x86_64-fedora-gcc, r-release-macos-arm64, r-release-macos-x86_64, r-oldrel-macos-arm64, r-oldrel-macos-x86_64