CRAN Package Check Results for Package rfPermute

Last updated on 2017-12-11 02:48:55 CET.

Flavor Version Tinstall Tcheck Ttotal Status Flags
r-devel-linux-x86_64-debian-clang 2.1.5 3.68 71.14 74.82 OK
r-devel-linux-x86_64-debian-gcc 2.1.5 3.47 68.98 72.45 OK
r-devel-linux-x86_64-fedora-clang 2.1.5 113.04 NOTE
r-devel-linux-x86_64-fedora-gcc 2.1.5 111.94 NOTE
r-devel-windows-ix86+x86_64 2.1.5 17.00 101.00 118.00 OK
r-patched-linux-x86_64 2.1.5 4.25 96.66 100.91 OK
r-patched-solaris-x86 2.1.5 171.70 NOTE
r-release-linux-x86_64 2.1.5 4.22 97.33 101.55 OK
r-release-windows-ix86+x86_64 2.1.5 10.00 106.00 116.00 OK
r-release-osx-x86_64 2.1.5 NOTE
r-oldrel-windows-ix86+x86_64 2.1.5 13.00 130.00 143.00 OK
r-oldrel-osx-x86_64 2.1.5 NOTE

Check Details

Version: 2.1.5
Check: dependencies in R code
Result: NOTE
    Namespace in Imports field not imported from: ‘graphics’
     All declared Imports should be used.
Flavors: r-devel-linux-x86_64-fedora-clang, r-devel-linux-x86_64-fedora-gcc, r-patched-solaris-x86, r-release-osx-x86_64, r-oldrel-osx-x86_64