CRAN Package Check Results for Package rfPermute

Last updated on 2017-08-22 04:47:15.

Flavor Version Tinstall Tcheck Ttotal Status Flags
r-devel-linux-x86_64-debian-clang 2.1.5 3.28 60.16 63.43 OK
r-devel-linux-x86_64-debian-gcc 2.1.5 3.26 58.07 61.33 OK
r-devel-linux-x86_64-fedora-clang 2.1.5 133.28 NOTE
r-devel-linux-x86_64-fedora-gcc 2.1.5 126.84 NOTE
r-devel-windows-ix86+x86_64 2.1.5 14.00 105.00 119.00 OK
r-patched-linux-x86_64 2.1.5 3.50 58.78 62.28 OK
r-patched-solaris-x86 2.1.5 174.30 NOTE
r-release-linux-x86_64 2.1.5 3.27 57.76 61.03 OK
r-release-windows-ix86+x86_64 2.1.5 10.00 131.00 141.00 OK
r-release-osx-x86_64 2.1.5 NOTE
r-oldrel-windows-ix86+x86_64 2.1.5 11.00 95.00 106.00 OK
r-oldrel-osx-x86_64 2.1.5 NOTE

Check Details

Version: 2.1.5
Check: dependencies in R code
Result: NOTE
    Namespace in Imports field not imported from: ‘graphics’
     All declared Imports should be used.
Flavors: r-devel-linux-x86_64-fedora-clang, r-devel-linux-x86_64-fedora-gcc, r-patched-solaris-x86, r-release-osx-x86_64, r-oldrel-osx-x86_64