CRAN Package Check Results for Package rfPermute

Last updated on 2017-05-24 11:50:07.

Flavor Version Tinstall Tcheck Ttotal Status Flags
r-devel-linux-x86_64-debian-clang 2.1.5 3.16 59.20 62.36 OK
r-devel-linux-x86_64-debian-gcc 2.1.5 3.42 58.05 61.46 OK
r-devel-linux-x86_64-fedora-clang 2.1.5 130.61 NOTE --no-stop-on-test-error
r-devel-linux-x86_64-fedora-gcc 2.1.5 126.64 NOTE --no-stop-on-test-error
r-devel-windows-ix86+x86_64 2.1.5 10.00 106.00 116.00 OK
r-patched-linux-x86_64 2.1.5 3.24 58.80 62.04 OK
r-patched-solaris-sparc 2.1.5 753.00 NOTE
r-patched-solaris-x86 2.1.5 170.90 NOTE
r-release-linux-x86_64 2.1.5 3.50 58.82 62.32 OK
r-release-windows-ix86+x86_64 2.1.5 10.00 141.00 151.00 OK
r-release-osx-x86_64 2.1.5 NOTE
r-oldrel-windows-ix86+x86_64 2.1.5 15.00 129.00 144.00 OK
r-oldrel-osx-x86_64 2.1.5 NOTE

Check Details

Version: 2.1.5
Flags: --no-stop-on-test-error
Check: dependencies in R code
Result: NOTE
    Namespace in Imports field not imported from: ‘graphics’
     All declared Imports should be used.
Flavors: r-devel-linux-x86_64-fedora-clang, r-devel-linux-x86_64-fedora-gcc

Version: 2.1.5
Check: dependencies in R code
Result: NOTE
    Namespace in Imports field not imported from: ‘graphics’
     All declared Imports should be used.
Flavors: r-patched-solaris-sparc, r-patched-solaris-x86, r-release-osx-x86_64, r-oldrel-osx-x86_64