CRAN Package Check Results for Package rfPermute

Last updated on 2018-02-18 06:46:38 CET.

Flavor Version Tinstall Tcheck Ttotal Status Flags
r-devel-linux-x86_64-debian-clang 2.1.5 5.72 88.65 94.37 OK
r-devel-linux-x86_64-debian-gcc 2.1.5 4.67 68.70 73.37 OK
r-devel-linux-x86_64-fedora-clang 2.1.5 109.65 NOTE
r-devel-linux-x86_64-fedora-gcc 2.1.5 108.25 NOTE
r-devel-windows-ix86+x86_64 2.1.5 10.00 100.00 110.00 OK
r-patched-linux-x86_64 2.1.5 5.22 95.62 100.84 OK
r-patched-solaris-x86 2.1.5 173.70 NOTE
r-release-linux-x86_64 2.1.5 4.16 94.55 98.71 OK
r-release-windows-ix86+x86_64 2.1.5 20.00 143.00 163.00 OK
r-release-osx-x86_64 2.1.5 NOTE
r-oldrel-windows-ix86+x86_64 2.1.5 10.00 123.00 133.00 OK
r-oldrel-osx-x86_64 2.1.5 NOTE

Check Details

Version: 2.1.5
Check: dependencies in R code
Result: NOTE
    Namespace in Imports field not imported from: ‘graphics’
     All declared Imports should be used.
Flavors: r-devel-linux-x86_64-fedora-clang, r-devel-linux-x86_64-fedora-gcc, r-patched-solaris-x86, r-release-osx-x86_64, r-oldrel-osx-x86_64