CRAN Package Check Results for Package rfPermute

Last updated on 2017-06-24 09:55:57.

Flavor Version Tinstall Tcheck Ttotal Status Flags
r-devel-linux-x86_64-debian-clang 2.1.5 3.15 58.76 61.91 OK
r-devel-linux-x86_64-debian-gcc 2.1.5 3.19 58.28 61.47 OK
r-devel-linux-x86_64-fedora-clang 2.1.5 132.86 NOTE
r-devel-linux-x86_64-fedora-gcc 2.1.5 128.71 NOTE
r-devel-windows-ix86+x86_64 2.1.5 18.00 130.00 148.00 OK
r-patched-linux-x86_64 2.1.5 3.37 59.44 62.81 OK
r-patched-solaris-sparc 2.1.5 753.00 NOTE
r-patched-solaris-x86 2.1.5 172.30 NOTE
r-release-linux-x86_64 2.1.5 3.22 59.09 62.31 OK
r-release-windows-ix86+x86_64 2.1.5 17.00 137.00 154.00 OK
r-release-osx-x86_64 2.1.5 NOTE
r-oldrel-windows-ix86+x86_64 2.1.5 12.00 126.00 138.00 OK
r-oldrel-osx-x86_64 2.1.5 NOTE

Check Details

Version: 2.1.5
Check: dependencies in R code
Result: NOTE
    Namespace in Imports field not imported from: ‘graphics’
     All declared Imports should be used.
Flavors: r-devel-linux-x86_64-fedora-clang, r-devel-linux-x86_64-fedora-gcc, r-patched-solaris-sparc, r-patched-solaris-x86, r-release-osx-x86_64, r-oldrel-osx-x86_64