CRAN Package Check Results for Package rfPermute

Last updated on 2017-03-29 03:50:51.

Flavor Version Tinstall Tcheck Ttotal Status Flags
r-devel-linux-x86_64-debian-clang 2.1.5 3.24 61.16 64.40 OK
r-devel-linux-x86_64-debian-gcc 2.1.5 3.19 58.23 61.42 OK
r-devel-linux-x86_64-fedora-clang 2.1.5 130.31 NOTE --no-stop-on-test-error
r-devel-linux-x86_64-fedora-gcc 2.1.5 127.51 NOTE --no-stop-on-test-error
r-devel-macos-x86_64-clang 2.1.5 99.90 NOTE --no-stop-on-test-error
r-devel-windows-ix86+x86_64 2.1.5 12.00 164.00 176.00 OK
r-patched-linux-x86_64 2.1.5 3.66 58.57 62.23 OK
r-patched-solaris-sparc 2.1.5 753.00 NOTE
r-patched-solaris-x86 2.1.5 170.20 NOTE
r-release-linux-x86_64 2.1.5 3.28 55.78 59.06 OK
r-release-osx-x86_64-mavericks 2.1.5 NOTE
r-release-windows-ix86+x86_64 2.1.5 14.00 146.00 160.00 OK
r-oldrel-windows-ix86+x86_64 2.1.5 11.00 142.00 153.00 NOTE

Check Details

Version: 2.1.5
Flags: --no-stop-on-test-error
Check: dependencies in R code
Result: NOTE
    Namespace in Imports field not imported from: ‘graphics’
     All declared Imports should be used.
Flavors: r-devel-linux-x86_64-fedora-clang, r-devel-linux-x86_64-fedora-gcc, r-devel-macos-x86_64-clang

Version: 2.1.5
Check: dependencies in R code
Result: NOTE
    Namespace in Imports field not imported from: ‘graphics’
     All declared Imports should be used.
Flavors: r-patched-solaris-sparc, r-patched-solaris-x86, r-release-osx-x86_64-mavericks, r-oldrel-windows-ix86+x86_64