CRAN Package Check Results for Package rfPermute

Last updated on 2014-07-24 07:49:26.

Flavor Version Tinstall Tcheck Ttotal Status Flags
r-devel-linux-x86_64-debian-clang 1.5.2 1.70 24.87 26.57 NOTE
r-devel-linux-x86_64-debian-gcc 1.5.2 1.48 23.99 25.47 NOTE
r-devel-linux-x86_64-fedora-clang 1.5.2 55.96 NOTE
r-devel-linux-x86_64-fedora-gcc 1.5.2 52.76 NOTE
r-devel-osx-x86_64-clang 1.5.2 48.94 NOTE
r-devel-windows-ix86+x86_64 1.5.2 6.00 42.00 48.00 NOTE
r-patched-linux-x86_64 1.5.2 1.57 24.38 25.94 NOTE
r-patched-solaris-sparc 1.5.2 369.70 NOTE
r-patched-solaris-x86 1.5.2 80.80 NOTE
r-release-linux-ix86 1.5.2 2.02 35.22 37.24 NOTE
r-release-linux-x86_64 1.5.2 1.82 24.50 26.32 NOTE
r-release-osx-x86_64-mavericks 1.5.2 NOTE
r-release-osx-x86_64-snowleopard 1.5.2 OK
r-release-windows-ix86+x86_64 1.5.2 7.00 45.00 52.00 NOTE
r-oldrel-windows-ix86+x86_64 1.5.2 7.00 50.00 57.00 NOTE

Check Details

Version: 1.5.2
Check: dependencies in R code
Result: NOTE
    Packages in Depends field not imported from:
     ‘ggplot2’ ‘gridExtra’ ‘randomForest’
     These packages need to be imported from (in the NAMESPACE file)
     for when this namespace is loaded but not attached.
    See the information on DESCRIPTION files in the chapter ‘Creating R
    packages’ of the ‘Writing R Extensions’ manual.
Flavors: r-devel-linux-x86_64-debian-clang, r-devel-linux-x86_64-debian-gcc, r-devel-linux-x86_64-fedora-clang, r-devel-linux-x86_64-fedora-gcc, r-devel-osx-x86_64-clang, r-devel-windows-ix86+x86_64, r-patched-linux-x86_64, r-patched-solaris-sparc, r-patched-solaris-x86, r-release-linux-ix86, r-release-linux-x86_64, r-release-osx-x86_64-mavericks, r-release-windows-ix86+x86_64, r-oldrel-windows-ix86+x86_64