Last updated on 2018-04-25 15:48:25 CEST.
Flavor | Version | Tinstall | Tcheck | Ttotal | Status | Flags |
---|---|---|---|---|---|---|
r-devel-linux-x86_64-debian-clang | 2.1.5 | 6.08 | 86.23 | 92.31 | OK | |
r-devel-linux-x86_64-debian-gcc | 2.1.5 | 5.10 | 70.75 | 75.85 | OK | |
r-devel-linux-x86_64-fedora-clang | 2.1.5 | 112.75 | NOTE | |||
r-devel-linux-x86_64-fedora-gcc | 2.1.5 | 108.47 | NOTE | |||
r-devel-windows-ix86+x86_64 | 2.1.5 | 16.00 | 103.00 | 119.00 | OK | |
r-patched-linux-x86_64 | 2.1.5 | 6.40 | 85.25 | 91.65 | OK | |
r-patched-solaris-x86 | 2.1.5 | 172.80 | NOTE | |||
r-release-linux-x86_64 | 2.1.5 | 5.03 | 87.07 | 92.10 | OK | |
r-release-windows-ix86+x86_64 | 2.1.5 | 16.00 | 103.00 | 119.00 | OK | |
r-release-osx-x86_64 | 2.1.5 | NOTE | ||||
r-oldrel-windows-ix86+x86_64 | 2.1.5 | 12.00 | 152.00 | 164.00 | OK | |
r-oldrel-osx-x86_64 | 2.1.5 | NOTE |
Version: 2.1.5
Check: dependencies in R code
Result: NOTE
Namespace in Imports field not imported from: ‘graphics’
All declared Imports should be used.
Flavors: r-devel-linux-x86_64-fedora-clang, r-devel-linux-x86_64-fedora-gcc, r-patched-solaris-x86, r-release-osx-x86_64, r-oldrel-osx-x86_64