CRAN Package Check Results for Package rfPermute

Last updated on 2015-07-01 06:48:51.

Flavor Version Tinstall Tcheck Ttotal Status Flags
r-devel-linux-x86_64-debian-clang 1.7 1.50 22.77 24.27 NOTE
r-devel-linux-x86_64-debian-gcc 1.7 1.08 22.22 23.29 NOTE
r-devel-linux-x86_64-fedora-clang 1.7 48.42 NOTE
r-devel-linux-x86_64-fedora-gcc 1.7 46.49 NOTE
r-devel-osx-x86_64-clang 1.7 39.03 OK
r-devel-windows-ix86+x86_64 1.7 5.00 42.00 47.00 NOTE
r-patched-linux-x86_64 1.7 1.15 22.46 23.60 OK
r-patched-solaris-sparc 1.7 283.90 OK
r-patched-solaris-x86 1.7 67.60 OK
r-release-linux-x86_64 1.7 1.56 24.40 25.96 OK
r-release-osx-x86_64-mavericks 1.7 OK
r-release-windows-ix86+x86_64 1.7 5.00 41.00 46.00 OK
r-oldrel-windows-ix86+x86_64 1.6.2 10.00 52.00 62.00 OK

Check Details

Version: 1.7
Check: R code for possible problems
Result: NOTE
    clean.rf.data: no visible global function definition for
     ‘complete.cases’
    plot.rfPermute: no visible global function definition for ‘par’
    plot.rfPermute: no visible global function definition for ‘plot’
    plot.rfPermute: no visible global function definition for ‘density’
    plot.rfPermute: no visible global function definition for ‘abline’
    proximity.plot: no visible global function definition for ‘cmdscale’
    proximity.plot: no visible global function definition for ‘rainbow’
    proximity.plot: no visible global function definition for ‘plot’
    proximity.plot : <anonymous>: no visible global function definition for
     ‘chull’
    proximity.plot: no visible global function definition for ‘lines’
    proximity.plot: no visible global function definition for ‘legend’
    proximity.plot: no visible global function definition for ‘points’
    rfPermute.formula: no visible binding for global variable ‘na.fail’
    rfPermute.formula: no visible global function definition for
     ‘model.response’
    rfPermute.formula: no visible global function definition for
     ‘model.frame’
    rfPermute.formula: no visible global function definition for ‘terms’
    rfPermute.formula: no visible global function definition for
     ‘reformulate’
Flavors: r-devel-linux-x86_64-debian-clang, r-devel-linux-x86_64-debian-gcc, r-devel-linux-x86_64-fedora-clang, r-devel-linux-x86_64-fedora-gcc, r-devel-windows-ix86+x86_64