CRAN Package Check Results for Package rfPermute

Last updated on 2019-07-18 15:47:33 CEST.

Flavor Version Tinstall Tcheck Ttotal Status Flags
r-devel-linux-x86_64-debian-clang 2.1.7 8.80 101.44 110.24 OK
r-devel-linux-x86_64-debian-gcc 2.1.7 8.68 79.16 87.84 OK
r-devel-linux-x86_64-fedora-clang 2.1.7 130.22 NOTE
r-devel-linux-x86_64-fedora-gcc 2.1.7 128.30 NOTE
r-devel-windows-ix86+x86_64 2.1.7 30.00 116.00 146.00 OK
r-patched-linux-x86_64 2.1.7 8.96 98.72 107.68 OK
r-patched-solaris-x86 2.1.7 204.40 NOTE
r-release-linux-x86_64 2.1.7 7.84 99.08 106.92 OK
r-release-windows-ix86+x86_64 2.1.7 21.00 156.00 177.00 OK
r-release-osx-x86_64 2.1.7 NOTE
r-oldrel-windows-ix86+x86_64 2.1.7 12.00 144.00 156.00 OK
r-oldrel-osx-x86_64 2.1.7 NOTE

Check Details

Version: 2.1.7
Check: dependencies in R code
Result: NOTE
    Namespace in Imports field not imported from: ‘plyr’
     All declared Imports should be used.
Flavors: r-devel-linux-x86_64-fedora-clang, r-devel-linux-x86_64-fedora-gcc, r-patched-solaris-x86, r-release-osx-x86_64, r-oldrel-osx-x86_64