CRAN Package Check Results for Package rfPermute

Last updated on 2018-06-18 23:50:30 CEST.

Flavor Version Tinstall Tcheck Ttotal Status Flags
r-devel-linux-x86_64-debian-clang 2.1.5 7.01 86.76 93.77 OK
r-devel-linux-x86_64-debian-gcc 2.1.5 5.36 78.77 84.13 OK
r-devel-linux-x86_64-fedora-clang 2.1.5 125.18 NOTE
r-devel-linux-x86_64-fedora-gcc 2.1.5 120.43 NOTE
r-devel-windows-ix86+x86_64 2.1.5 18.00 110.00 128.00 OK
r-patched-linux-x86_64 2.1.5 5.06 87.54 92.60 OK
r-patched-solaris-x86 2.1.5 165.90 NOTE
r-release-linux-x86_64 2.1.5 5.23 85.57 90.80 OK
r-release-windows-ix86+x86_64 2.1.5 12.00 142.00 154.00 OK
r-release-osx-x86_64 2.1.5 NOTE
r-oldrel-windows-ix86+x86_64 2.1.5 12.00 140.00 152.00 OK
r-oldrel-osx-x86_64 2.1.5 NOTE

Check Details

Version: 2.1.5
Check: dependencies in R code
Result: NOTE
    Namespace in Imports field not imported from: ‘graphics’
     All declared Imports should be used.
Flavors: r-devel-linux-x86_64-fedora-clang, r-devel-linux-x86_64-fedora-gcc, r-patched-solaris-x86, r-release-osx-x86_64, r-oldrel-osx-x86_64