CRAN Package Check Results for Package rfPermute

Last updated on 2015-01-30 08:51:34.

Flavor Version Tinstall Tcheck Ttotal Status Flags
r-devel-linux-x86_64-debian-clang 1.6.1 1.15 24.74 25.89 NOTE
r-devel-linux-x86_64-debian-gcc 1.6.1 1.15 23.68 24.83 NOTE
r-devel-linux-x86_64-fedora-clang 1.6.1 51.67 NOTE
r-devel-linux-x86_64-fedora-gcc 1.6.1 49.42 NOTE
r-devel-osx-x86_64-clang 1.6.1 56.47 NOTE
r-devel-windows-ix86+x86_64 1.6.1 9.00 33.00 42.00 OK
r-patched-linux-x86_64 1.6.1 1.85 31.31 33.16 OK
r-patched-solaris-sparc 1.6.1 348.50 OK
r-patched-solaris-x86 1.6.1 86.20 OK
r-release-linux-ix86 1.6.1 2.12 37.70 39.82 OK
r-release-linux-x86_64 1.6.1 1.79 30.79 32.58 OK
r-release-osx-x86_64-mavericks 1.6.1 OK
r-release-osx-x86_64-snowleopard 1.6.1 OK
r-release-windows-ix86+x86_64 1.6.1 7.00 52.00 59.00 OK
r-oldrel-windows-ix86+x86_64 1.6.1 9.00 52.00 61.00 OK

Check Details

Version: 1.6.1
Check: S3 generic/method consistency
Result: NOTE
    Found the following apparent S3 methods exported but not registered:
     rfPermute.default rfPermute.formula plot.rfPermute plot.rp.importance
    See section ‘Registering S3 methods’ in the ‘Writing R Extensions’
    manual.
Flavors: r-devel-linux-x86_64-debian-clang, r-devel-linux-x86_64-debian-gcc, r-devel-linux-x86_64-fedora-clang, r-devel-linux-x86_64-fedora-gcc, r-devel-osx-x86_64-clang