CRAN Package Check Results for Package rfPermute

Last updated on 2016-12-03 05:47:23.

Flavor Version Tinstall Tcheck Ttotal Status Flags
r-devel-linux-x86_64-debian-clang 2.1.5 4.10 59.51 63.61 OK
r-devel-linux-x86_64-debian-gcc 2.1.5 3.40 57.72 61.12 OK
r-devel-linux-x86_64-fedora-clang 2.1.5 129.75 NOTE
r-devel-linux-x86_64-fedora-gcc 2.1.5 131.05 NOTE
r-devel-macos-x86_64-clang 2.1.5 98.92 NOTE
r-devel-windows-ix86+x86_64 2.1.5 10.00 95.00 105.00 OK
r-patched-linux-x86_64 2.1.5 3.34 54.26 57.60 OK
r-patched-solaris-sparc 2.1.5 689.10 NOTE
r-patched-solaris-x86 2.1.5 150.30 NOTE
r-release-linux-x86_64 2.1.5 3.02 52.80 55.82 OK
r-release-osx-x86_64-mavericks 2.1.5 NOTE
r-release-windows-ix86+x86_64 2.1.5 12.00 132.00 144.00 OK
r-oldrel-windows-ix86+x86_64 2.1.5 14.00 100.00 114.00 NOTE

Check Details

Version: 2.1.5
Check: dependencies in R code
Result: NOTE
    Namespace in Imports field not imported from: ‘graphics’
     All declared Imports should be used.
Flavors: r-devel-linux-x86_64-fedora-clang, r-devel-linux-x86_64-fedora-gcc, r-devel-macos-x86_64-clang, r-patched-solaris-sparc, r-patched-solaris-x86, r-release-osx-x86_64-mavericks, r-oldrel-windows-ix86+x86_64