CRAN Package Check Results for Package rfPermute

Last updated on 2019-05-21 18:56:41 CEST.

Flavor Version Tinstall Tcheck Ttotal Status Flags
r-devel-linux-x86_64-debian-clang 2.1.7 9.18 101.63 110.81 OK
r-devel-linux-x86_64-debian-gcc 2.1.7 8.51 78.21 86.72 OK
r-devel-linux-x86_64-fedora-clang 2.1.7 135.47 NOTE
r-devel-linux-x86_64-fedora-gcc 2.1.7 124.40 NOTE
r-devel-windows-ix86+x86_64 2.1.7 19.00 160.00 179.00 OK
r-patched-linux-x86_64 2.1.7 9.26 97.35 106.61 OK
r-patched-solaris-x86 2.1.7 175.30 NOTE
r-release-linux-x86_64 2.1.7 8.87 97.56 106.43 OK
r-release-windows-ix86+x86_64 2.1.7 41.00 160.00 201.00 OK
r-release-osx-x86_64 2.1.7 NOTE
r-oldrel-windows-ix86+x86_64 2.1.7 12.00 108.00 120.00 OK
r-oldrel-osx-x86_64 2.1.7 NOTE

Check Details

Version: 2.1.7
Check: dependencies in R code
Result: NOTE
    Namespace in Imports field not imported from: ‘plyr’
     All declared Imports should be used.
Flavors: r-devel-linux-x86_64-fedora-clang, r-devel-linux-x86_64-fedora-gcc, r-patched-solaris-x86, r-release-osx-x86_64, r-oldrel-osx-x86_64