CRAN Package Check Results for Package rfPermute

Last updated on 2017-10-20 06:49:03.

Flavor Version Tinstall Tcheck Ttotal Status Flags
r-devel-linux-x86_64-debian-clang 2.1.5 3.15 58.34 61.48 OK
r-devel-linux-x86_64-debian-gcc 2.1.5 3.47 62.56 66.03 OK
r-devel-linux-x86_64-fedora-clang 2.1.5 131.54 NOTE
r-devel-linux-x86_64-fedora-gcc 2.1.5 134.33 NOTE
r-devel-windows-ix86+x86_64 2.1.5 15.00 139.00 154.00 OK
r-patched-linux-x86_64 2.1.5 3.32 58.84 62.17 OK
r-patched-solaris-x86 2.1.5 173.70 NOTE
r-release-linux-x86_64 2.1.5 3.56 59.19 62.75 OK
r-release-windows-ix86+x86_64 2.1.5 14.00 135.00 149.00 OK
r-release-osx-x86_64 2.1.5 NOTE
r-oldrel-windows-ix86+x86_64 2.1.5 10.00 127.00 137.00 OK
r-oldrel-osx-x86_64 2.1.5 NOTE

Check Details

Version: 2.1.5
Check: dependencies in R code
Result: NOTE
    Namespace in Imports field not imported from: ‘graphics’
     All declared Imports should be used.
Flavors: r-devel-linux-x86_64-fedora-clang, r-devel-linux-x86_64-fedora-gcc, r-patched-solaris-x86, r-release-osx-x86_64, r-oldrel-osx-x86_64