CRAN Package Check Results for Package rfPermute

Last updated on 2014-04-20 09:48:22.

Flavor Version Tinstall Tcheck Ttotal Status Flags
r-devel-linux-x86_64-debian-clang 1.5.2 1.78 28.52 30.30 NOTE
r-devel-linux-x86_64-debian-gcc 1.5.2 1.68 27.87 29.55 NOTE
r-devel-linux-x86_64-fedora-clang 1.5.2 66.41 NOTE
r-devel-linux-x86_64-fedora-gcc 1.5.2 60.95 NOTE
r-devel-macosx-x86_64-clang 1.5.2 60.27 NOTE
r-devel-macosx-x86_64-gcc 1.5.2 ERROR
r-devel-windows-ix86+x86_64 1.5.2 7.00 47.00 54.00 NOTE
r-patched-linux-x86_64 1.5.2 1.68 27.19 28.87 NOTE
r-patched-solaris-sparc 1.5.2 369.70 NOTE
r-patched-solaris-x86 1.5.2 86.70 NOTE
r-release-linux-ix86 NOTE
r-release-linux-x86_64 1.5.2 1.68 27.92 29.60 NOTE
r-release-macosx-x86_64 1.5.2 OK
r-release-windows-ix86+x86_64 1.5.2 10.00 50.00 60.00 NOTE
r-oldrel-windows-ix86+x86_64 1.5.2 8.00 52.00 60.00 NOTE

Check Details

Version: 1.5.2
Check: dependencies in R code
Result: NOTE
    Packages in Depends field not imported from:
     ‘ggplot2’ ‘gridExtra’ ‘randomForest’
     These packages need to be imported from (in the NAMESPACE file)
     for when this namespace is loaded but not attached.
    See the information on DESCRIPTION files in the chapter ‘Creating R
    packages’ of the ‘Writing R Extensions’ manual.
Flavors: r-devel-linux-x86_64-debian-clang, r-devel-linux-x86_64-debian-gcc, r-devel-linux-x86_64-fedora-clang, r-devel-linux-x86_64-fedora-gcc, r-devel-macosx-x86_64-clang, r-devel-windows-ix86+x86_64, r-patched-linux-x86_64, r-patched-solaris-sparc, r-patched-solaris-x86, r-release-linux-ix86, r-release-linux-x86_64, r-release-windows-ix86+x86_64, r-oldrel-windows-ix86+x86_64

Version: 1.5.2
Check: package dependencies
Result: ERROR
    Packages required but not available: ‘ggplot2’ ‘gridExtra’
    
    See the information on DESCRIPTION files in the chapter ‘Creating R
    packages’ of the ‘Writing R Extensions’ manual.
Flavor: r-devel-macosx-x86_64-gcc