CRAN Package Check Results for Package rfPermute

Last updated on 2017-01-17 11:50:38.

Flavor Version Tinstall Tcheck Ttotal Status Flags
r-devel-linux-x86_64-debian-clang 2.1.5 3.18 58.21 61.40 OK
r-devel-linux-x86_64-debian-gcc 2.1.5 3.37 56.76 60.14 OK
r-devel-linux-x86_64-fedora-clang 2.1.5 124.68 NOTE --no-stop-on-test-error
r-devel-linux-x86_64-fedora-gcc 2.1.5 122.12 NOTE --no-stop-on-test-error
r-devel-macos-x86_64-clang 2.1.5 96.23 NOTE --no-stop-on-test-error
r-devel-windows-ix86+x86_64 2.1.5 17.00 104.00 121.00 OK
r-patched-linux-x86_64 2.1.5 3.08 51.78 54.86 OK
r-patched-solaris-sparc 2.1.5 679.50 NOTE
r-patched-solaris-x86 2.1.5 150.80 NOTE
r-release-linux-x86_64 2.1.5 4.11 54.92 59.03 OK
r-release-osx-x86_64-mavericks 2.1.5 NOTE
r-release-windows-ix86+x86_64 2.1.5 14.00 123.00 137.00 OK
r-oldrel-windows-ix86+x86_64 2.1.5 11.00 95.00 106.00 NOTE

Check Details

Version: 2.1.5
Flags: --no-stop-on-test-error
Check: dependencies in R code
Result: NOTE
    Namespace in Imports field not imported from: ‘graphics’
     All declared Imports should be used.
Flavors: r-devel-linux-x86_64-fedora-clang, r-devel-linux-x86_64-fedora-gcc, r-devel-macos-x86_64-clang

Version: 2.1.5
Check: dependencies in R code
Result: NOTE
    Namespace in Imports field not imported from: ‘graphics’
     All declared Imports should be used.
Flavors: r-patched-solaris-sparc, r-patched-solaris-x86, r-release-osx-x86_64-mavericks, r-oldrel-windows-ix86+x86_64