CRAN Package Check Results for Package rfPermute

Last updated on 2017-02-20 17:49:18.

Flavor Version Tinstall Tcheck Ttotal Status Flags
r-devel-linux-x86_64-debian-clang 2.1.5 3.43 59.31 62.74 OK
r-devel-linux-x86_64-debian-gcc 2.1.5 3.68 58.02 61.71 OK
r-devel-linux-x86_64-fedora-clang 2.1.5 129.87 NOTE --no-stop-on-test-error
r-devel-linux-x86_64-fedora-gcc 2.1.5 126.85 NOTE --no-stop-on-test-error
r-devel-macos-x86_64-clang 100.10 NOTE --no-stop-on-test-error
r-devel-windows-ix86+x86_64 2.1.5 20.00 113.00 133.00 OK
r-patched-linux-x86_64 2.1.5 3.22 55.30 58.52 OK
r-patched-solaris-sparc 2.1.5 679.50 NOTE
r-patched-solaris-x86 2.1.5 153.50 NOTE
r-release-linux-x86_64 2.1.5 3.11 54.74 57.86 OK
r-release-osx-x86_64-mavericks 2.1.5 NOTE
r-release-windows-ix86+x86_64 2.1.5 9.00 94.00 103.00 OK
r-oldrel-windows-ix86+x86_64 2.1.5 10.00 100.00 110.00 NOTE

Check Details

Version: 2.1.5
Flags: --no-stop-on-test-error
Check: dependencies in R code
Result: NOTE
    Namespace in Imports field not imported from: ‘graphics’
     All declared Imports should be used.
Flavors: r-devel-linux-x86_64-fedora-clang, r-devel-linux-x86_64-fedora-gcc, r-devel-macos-x86_64-clang

Version: 2.1.5
Check: dependencies in R code
Result: NOTE
    Namespace in Imports field not imported from: ‘graphics’
     All declared Imports should be used.
Flavors: r-patched-solaris-sparc, r-patched-solaris-x86, r-release-osx-x86_64-mavericks, r-oldrel-windows-ix86+x86_64