CRAN Package Check Results for Package rfieldclimate

Last updated on 2021-04-11 01:49:57 CEST.

Flavor Version Tinstall Tcheck Ttotal Status Flags
r-devel-linux-x86_64-debian-clang 0.1.0 5.61 53.59 59.20 NOTE
r-devel-linux-x86_64-debian-gcc 0.1.0 4.84 39.89 44.73 NOTE
r-devel-linux-x86_64-fedora-clang 0.1.0 79.75 NOTE
r-devel-linux-x86_64-fedora-gcc 0.1.0 64.35 NOTE
r-devel-windows-ix86+x86_64 0.1.0 9.00 53.00 62.00 NOTE
r-devel-windows-x86_64-gcc10-UCRT 0.1.0 NOTE
r-patched-linux-x86_64 0.1.0 5.94 48.82 54.76 OK
r-patched-solaris-x86 0.1.0 100.50 OK
r-release-linux-x86_64 0.1.0 4.81 48.83 53.64 OK
r-release-macos-x86_64 0.1.0 OK
r-release-windows-ix86+x86_64 0.1.0 20.00 69.00 89.00 OK
r-oldrel-macos-x86_64 0.1.0 OK
r-oldrel-windows-ix86+x86_64 0.1.0 11.00 49.00 60.00 OK

Check Details

Version: 0.1.0
Check: LazyData
Result: NOTE
     'LazyData' is specified without a 'data' directory
Flavors: r-devel-linux-x86_64-debian-clang, r-devel-linux-x86_64-debian-gcc, r-devel-linux-x86_64-fedora-clang, r-devel-linux-x86_64-fedora-gcc, r-devel-windows-ix86+x86_64, r-devel-windows-x86_64-gcc10-UCRT