CRAN Package Check Results for Package rfigshare

Last updated on 2014-07-26 05:50:45.

Flavor Version Tinstall Tcheck Ttotal Status Flags
r-devel-linux-x86_64-debian-clang 0.3.5 2.98 103.69 106.67 OK
r-devel-linux-x86_64-debian-gcc 0.3.5 2.98 100.49 103.47 OK
r-devel-linux-x86_64-fedora-clang 0.3.5 100.22 OK
r-devel-linux-x86_64-fedora-gcc 0.3.5 93.84 OK
r-devel-osx-x86_64-clang 0.3.5 291.64 OK
r-devel-windows-ix86+x86_64 0.3.5 9.00 133.00 142.00 OK
r-patched-linux-x86_64 0.3.5 2.94 108.55 111.50 OK
r-patched-solaris-sparc 0.3.5 488.30 NOTE
r-patched-solaris-x86 0.3.5 120.40 NOTE
r-release-linux-ix86 0.3.5 3.62 125.76 129.38 OK
r-release-linux-x86_64 0.3.5 3.04 112.26 115.30 OK
r-release-osx-x86_64-mavericks 0.3.5 OK
r-release-osx-x86_64-snowleopard 0.3.5 ERROR
r-release-windows-ix86+x86_64 0.3.5 9.00 132.00 141.00 OK
r-oldrel-windows-ix86+x86_64 0.3.5 10.00 141.00 151.00 OK

Check Details

Version: 0.3.5
Check: package dependencies
Result: NOTE
    Package suggested but not available for checking: ‘uuid’
Flavors: r-patched-solaris-sparc, r-patched-solaris-x86

Version: 0.3.5
Check: running R code from vignettes
Result: ERROR
    Errors in running code in vignettes:
    when running code in ‘README.Rmd’
     ...
    
    > data(mtcars)
    
    > write.csv(mtcars, "mtcars.csv")
    
    > fs_upload(id, "mtcars.csv")
    
     When sourcing ‘README.R’:
    Error: specified file does not exist: NA. You must specify a valid file name or provide the contents to send.
    Execution halted
Flavor: r-release-osx-x86_64-snowleopard