CRAN Package Check Results for Package rfigshare

Last updated on 2017-11-20 23:50:01 CET.

Flavor Version Tinstall Tcheck Ttotal Status Flags
r-devel-linux-x86_64-debian-clang 0.3.7 1.64 23.04 24.68 NOTE
r-devel-linux-x86_64-debian-gcc 0.3.7 2.02 56.89 58.91 NOTE
r-devel-linux-x86_64-fedora-clang 0.3.7 43.33 NOTE
r-devel-linux-x86_64-fedora-gcc 0.3.7 83.49 NOTE
r-devel-windows-ix86+x86_64 0.3.7 7.00 50.00 57.00 NOTE
r-patched-linux-x86_64 0.3.7 1.77 24.66 26.43 NOTE
r-patched-solaris-x86 0.3.7 67.40 NOTE
r-release-linux-x86_64 0.3.7 1.76 24.34 26.10 NOTE
r-release-windows-ix86+x86_64 0.3.7 6.00 79.00 85.00 NOTE
r-release-osx-x86_64 0.3.7 NOTE
r-oldrel-windows-ix86+x86_64 0.3.7 5.00 72.00 77.00 NOTE
r-oldrel-osx-x86_64 0.3.7 NOTE

Check Details

Version: 0.3.7
Check: R code for possible problems
Result: NOTE
    fs_author_ids : <anonymous>: no visible global function definition for
     ‘select.list’
    fs_download : <anonymous>: no visible global function definition for
     ‘download.file’
    Undefined global functions or variables:
     download.file select.list
    Consider adding
     importFrom("utils", "download.file", "select.list")
    to your NAMESPACE file.
Flavors: r-devel-linux-x86_64-debian-clang, r-devel-linux-x86_64-debian-gcc, r-devel-linux-x86_64-fedora-clang, r-devel-linux-x86_64-fedora-gcc, r-devel-windows-ix86+x86_64, r-patched-linux-x86_64, r-patched-solaris-x86, r-release-linux-x86_64, r-release-windows-ix86+x86_64, r-release-osx-x86_64, r-oldrel-windows-ix86+x86_64, r-oldrel-osx-x86_64