CRAN Package Check Results for Package rfigshare

Last updated on 2014-10-25 01:49:50.

Flavor Version Tinstall Tcheck Ttotal Status Flags
r-devel-linux-x86_64-debian-clang 0.3.6 2.84 82.26 85.10 ERROR
r-devel-linux-x86_64-debian-gcc 0.3.6 2.70 193.70 196.40 OK
r-devel-linux-x86_64-fedora-clang 0.3.6 86.64 OK
r-devel-linux-x86_64-fedora-gcc 0.3.6 82.41 OK
r-devel-osx-x86_64-clang 0.3.6 101.58 OK
r-devel-windows-ix86+x86_64 0.3.6 9.00 159.00 168.00 OK
r-patched-linux-x86_64 0.3.6 3.87 91.93 95.80 OK
r-patched-solaris-sparc 0.3.6 440.50 NOTE
r-patched-solaris-x86 0.3.6 111.80 NOTE
r-release-linux-ix86 0.3.6 3.32 120.58 123.89 OK
r-release-linux-x86_64 0.3.6 2.77 96.67 99.44 OK
r-release-osx-x86_64-mavericks 0.3.6 OK
r-release-osx-x86_64-snowleopard 0.3.6 OK
r-release-windows-ix86+x86_64 0.3.6 9.00 155.00 164.00 ERROR
r-oldrel-windows-ix86+x86_64 0.3.6 10.00 136.00 146.00 OK

Check Details

Version: 0.3.6
Check: tests
Result: ERROR
    Running the tests in ‘tests/test-all.R’ failed.
    Last 13 lines of output:
     ..
    
    
     1. Failure(@test_figshare.R#189): We are able to change visibility of objects --
     fs_make_private(new_fs_obj)$status_code not equal to 200
     Mean relative difference: 1
    
     2. Failure(@test_figshare.R#201): We can make articles public ------------------
     fs_make_public(new_fs_obj)$status_code not equal to 200
     Mean relative difference: 1
    
     Error: Test failures
     Execution halted
Flavor: r-devel-linux-x86_64-debian-clang

Version: 0.3.6
Check: package dependencies
Result: NOTE
    Package suggested but not available for checking: ‘uuid’
Flavors: r-patched-solaris-sparc, r-patched-solaris-x86

Version: 0.3.6
Check: running R code from vignettes
Result: ERROR
    Errors in running code in vignettes:
    when running code in 'README.Rmd'
     ...
    
    > data(mtcars)
    
    > write.csv(mtcars, "mtcars.csv")
    
    > fs_upload(id, "mtcars.csv")
    
     When sourcing 'README.R':
    Error: specified file does not exist: NA. You must specify a valid file name or provide the contents to send.
    Execution halted
Flavor: r-release-windows-ix86+x86_64