CRAN Package Check Results for Package rfigshare

Last updated on 2017-02-24 11:48:34.

Flavor Version Tinstall Tcheck Ttotal Status Flags
r-devel-linux-x86_64-debian-clang 0.3.7 1.60 24.22 25.82 NOTE
r-devel-linux-x86_64-debian-gcc 0.3.7 1.74 24.15 25.90 NOTE
r-devel-linux-x86_64-fedora-clang 0.3.7 50.17 NOTE --no-stop-on-test-error
r-devel-linux-x86_64-fedora-gcc 0.3.7 47.63 NOTE --no-stop-on-test-error
r-devel-macos-x86_64-clang 0.3.7 40.01 NOTE --no-stop-on-test-error
r-devel-windows-ix86+x86_64 0.3.7 18.00 54.00 72.00 NOTE
r-patched-linux-x86_64 0.3.7 1.93 21.72 23.66 NOTE
r-patched-solaris-sparc 0.3.7 266.60 NOTE
r-patched-solaris-x86 0.3.7 58.90 NOTE
r-release-linux-x86_64 0.3.7 1.85 21.76 23.61 NOTE
r-release-osx-x86_64-mavericks 0.3.7 NOTE
r-release-windows-ix86+x86_64 0.3.7 17.00 123.00 140.00 NOTE
r-oldrel-windows-ix86+x86_64 0.3.7 9.00 65.00 74.00 OK

Check Details

Version: 0.3.7
Check: R code for possible problems
Result: NOTE
    fs_author_ids : <anonymous>: no visible global function definition for
     ‘select.list’
    fs_download : <anonymous>: no visible global function definition for
     ‘download.file’
    Undefined global functions or variables:
     download.file select.list
    Consider adding
     importFrom("utils", "download.file", "select.list")
    to your NAMESPACE file.
Flavors: r-devel-linux-x86_64-debian-clang, r-devel-linux-x86_64-debian-gcc, r-devel-windows-ix86+x86_64, r-patched-linux-x86_64, r-patched-solaris-sparc, r-patched-solaris-x86, r-release-linux-x86_64, r-release-osx-x86_64-mavericks, r-release-windows-ix86+x86_64

Version: 0.3.7
Flags: --no-stop-on-test-error
Check: R code for possible problems
Result: NOTE
    fs_author_ids : <anonymous>: no visible global function definition for
     ‘select.list’
    fs_download : <anonymous>: no visible global function definition for
     ‘download.file’
    Undefined global functions or variables:
     download.file select.list
    Consider adding
     importFrom("utils", "download.file", "select.list")
    to your NAMESPACE file.
Flavors: r-devel-linux-x86_64-fedora-clang, r-devel-linux-x86_64-fedora-gcc, r-devel-macos-x86_64-clang