CRAN Package Check Results for Package rfigshare

Last updated on 2014-11-27 17:47:40.

Flavor Version Tinstall Tcheck Ttotal Status Flags
r-devel-linux-x86_64-debian-clang 0.3.6 2.73 90.90 93.63 OK
r-devel-linux-x86_64-debian-gcc 0.3.6 2.74 104.36 107.09 OK
r-devel-linux-x86_64-fedora-clang 0.3.6 88.85 OK
r-devel-linux-x86_64-fedora-gcc 0.3.6 84.78 OK
r-devel-osx-x86_64-clang 0.3.6 124.08 OK
r-devel-windows-ix86+x86_64 0.3.6 9.00 139.00 148.00 OK
r-patched-linux-x86_64 0.3.6 2.74 103.71 106.44 OK
r-patched-solaris-sparc 0.3.6 440.50 NOTE
r-patched-solaris-x86 0.3.6 111.70 NOTE
r-release-linux-ix86 0.3.6 3.24 97.34 100.58 OK
r-release-linux-x86_64 0.3.6 2.79 99.39 102.18 OK
r-release-osx-x86_64-mavericks 0.3.6 OK
r-release-osx-x86_64-snowleopard 0.3.6 OK
r-release-windows-ix86+x86_64 0.3.6 10.00 131.00 141.00 OK
r-oldrel-windows-ix86+x86_64 0.3.6 9.00 136.00 145.00 OK

Check Details

Version: 0.3.6
Check: package dependencies
Result: NOTE
    Package suggested but not available for checking: ‘uuid’
Flavors: r-patched-solaris-sparc, r-patched-solaris-x86