CRAN Package Check Results for Package rfigshare

Last updated on 2014-08-21 19:48:55.

Flavor Version Tinstall Tcheck Ttotal Status Flags
r-devel-linux-x86_64-debian-clang 0.3.6 2.64 109.55 112.18 OK
r-devel-linux-x86_64-debian-gcc 0.3.6 2.56 115.86 118.42 OK
r-devel-linux-x86_64-fedora-clang 0.3.6 85.37 OK
r-devel-linux-x86_64-fedora-gcc 0.3.6 79.85 OK
r-devel-osx-x86_64-clang 0.3.6 128.95 OK
r-devel-windows-ix86+x86_64 0.3.6 9.00 144.00 153.00 OK
r-patched-linux-x86_64 0.3.6 2.62 113.55 116.17 OK
r-patched-solaris-sparc 0.3.6 440.50 NOTE
r-patched-solaris-x86 0.3.6 111.40 NOTE
r-release-linux-ix86 0.3.6 3.30 113.68 116.98 OK
r-release-linux-x86_64 0.3.6 2.72 116.50 119.22 OK
r-release-osx-x86_64-mavericks 0.3.6 OK
r-release-osx-x86_64-snowleopard 0.3.6 ERROR
r-release-windows-ix86+x86_64 0.3.6 9.00 150.00 159.00 OK
r-oldrel-windows-ix86+x86_64 0.3.6 10.00 146.00 156.00 OK

Check Details

Version: 0.3.6
Check: package dependencies
Result: NOTE
    Package suggested but not available for checking: ‘uuid’
Flavors: r-patched-solaris-sparc, r-patched-solaris-x86

Version: 0.3.6
Check: running R code from vignettes
Result: ERROR
    Errors in running code in vignettes:
    when running code in ‘README.Rmd’
     ...
    
    > data(mtcars)
    
    > write.csv(mtcars, "mtcars.csv")
    
    > fs_upload(id, "mtcars.csv")
    
     When sourcing ‘README.R’:
    Error: specified file does not exist: NA. You must specify a valid file name or provide the contents to send.
    Execution halted
Flavor: r-release-osx-x86_64-snowleopard