CRAN Package Check Results for Package rfigshare

Last updated on 2017-05-26 06:47:03.

Flavor Version Tinstall Tcheck Ttotal Status Flags
r-devel-linux-x86_64-debian-clang 0.3.7 1.77 25.00 26.76 NOTE
r-devel-linux-x86_64-debian-gcc 0.3.7 1.88 25.12 27.00 NOTE
r-devel-linux-x86_64-fedora-clang 0.3.7 47.37 NOTE --no-stop-on-test-error
r-devel-linux-x86_64-fedora-gcc 0.3.7 45.87 NOTE --no-stop-on-test-error
r-devel-windows-ix86+x86_64 0.3.7 6.00 54.00 60.00 NOTE
r-patched-linux-x86_64 0.3.7 1.90 24.77 26.67 NOTE
r-patched-solaris-sparc 0.3.7 285.00 NOTE
r-patched-solaris-x86 0.3.7 65.70 NOTE
r-release-linux-x86_64 0.3.7 1.74 24.75 26.49 NOTE
r-release-windows-ix86+x86_64 0.3.7 7.00 78.00 85.00 NOTE
r-release-osx-x86_64 0.3.7 NOTE
r-oldrel-windows-ix86+x86_64 0.3.7 9.00 47.00 56.00 NOTE
r-oldrel-osx-x86_64 0.3.7 NOTE

Check Details

Version: 0.3.7
Check: R code for possible problems
Result: NOTE
    fs_author_ids : <anonymous>: no visible global function definition for
     ‘select.list’
    fs_download : <anonymous>: no visible global function definition for
     ‘download.file’
    Undefined global functions or variables:
     download.file select.list
    Consider adding
     importFrom("utils", "download.file", "select.list")
    to your NAMESPACE file.
Flavors: r-devel-linux-x86_64-debian-clang, r-devel-linux-x86_64-debian-gcc, r-devel-windows-ix86+x86_64, r-patched-linux-x86_64, r-patched-solaris-sparc, r-patched-solaris-x86, r-release-linux-x86_64, r-release-windows-ix86+x86_64, r-release-osx-x86_64, r-oldrel-windows-ix86+x86_64, r-oldrel-osx-x86_64

Version: 0.3.7
Flags: --no-stop-on-test-error
Check: R code for possible problems
Result: NOTE
    fs_author_ids : <anonymous>: no visible global function definition for
     ‘select.list’
    fs_download : <anonymous>: no visible global function definition for
     ‘download.file’
    Undefined global functions or variables:
     download.file select.list
    Consider adding
     importFrom("utils", "download.file", "select.list")
    to your NAMESPACE file.
Flavors: r-devel-linux-x86_64-fedora-clang, r-devel-linux-x86_64-fedora-gcc