CRAN Package Check Results for Package rfigshare

Last updated on 2015-05-27 17:47:24.

Flavor Version Tinstall Tcheck Ttotal Status Flags
r-devel-linux-x86_64-debian-clang 0.3.6 1.73 90.14 91.87 NOTE
r-devel-linux-x86_64-debian-gcc 0.3.6 2.16 83.65 85.81 NOTE
r-devel-linux-x86_64-fedora-clang 0.3.6 59.60 NOTE
r-devel-linux-x86_64-fedora-gcc 0.3.6 55.03 NOTE
r-devel-osx-x86_64-clang 0.3.6 101.25 NOTE
r-devel-windows-ix86+x86_64 0.3.6 7.00 106.00 113.00 NOTE
r-patched-linux-x86_64 0.3.6 1.77 84.80 86.58 NOTE
r-patched-solaris-sparc 0.3.6 353.20 NOTE
r-patched-solaris-x86 0.3.6 82.30 NOTE
r-release-linux-x86_64 0.3.6 1.74 85.70 87.44 NOTE
r-release-osx-x86_64-mavericks 0.3.6 NOTE
r-release-osx-x86_64-snowleopard 0.3.6 ERROR
r-release-windows-ix86+x86_64 0.3.6 6.00 88.00 94.00 NOTE
r-oldrel-windows-ix86+x86_64 0.3.6 12.00 136.00 148.00 OK

Check Details

Version: 0.3.6
Check: DESCRIPTION meta-information
Result: NOTE
    Malformed Title field: should not end in a period.
Flavors: r-devel-linux-x86_64-debian-clang, r-devel-linux-x86_64-debian-gcc, r-devel-linux-x86_64-fedora-clang, r-devel-linux-x86_64-fedora-gcc, r-devel-osx-x86_64-clang, r-devel-windows-ix86+x86_64, r-patched-linux-x86_64, r-patched-solaris-sparc, r-patched-solaris-x86, r-release-linux-x86_64, r-release-osx-x86_64-mavericks, r-release-windows-ix86+x86_64

Version: 0.3.6
Check: package dependencies
Result: NOTE
    Package suggested but not available for checking: ‘uuid’
Flavors: r-patched-solaris-sparc, r-patched-solaris-x86

Version: 0.3.6
Check: package dependencies
Result: ERROR
    Packages required but not available: ‘ggplot2’ ‘XML’
    
    Package suggested but not available for checking: ‘knitr’
    
    VignetteBuilder package required for checking but not installed: ‘knitr’
    
    See section ‘The DESCRIPTION file’ in the ‘Writing R Extensions’
    manual.
Flavor: r-release-osx-x86_64-snowleopard