CRAN Package Check Results for Package rfigshare

Last updated on 2016-02-12 09:50:54.

Flavor Version Tinstall Tcheck Ttotal Status Flags
r-devel-linux-x86_64-debian-gcc 0.3.7 1.53 19.70 21.23 NOTE
r-devel-linux-x86_64-fedora-clang 0.3.7 39.53 NOTE
r-devel-linux-x86_64-fedora-gcc 0.3.7 37.69 NOTE
r-devel-osx-x86_64-clang 0.3.7 45.18 NOTE
r-devel-windows-ix86+x86_64 0.3.7 8.00 36.00 44.00 NOTE
r-patched-linux-x86_64 0.3.7 1.81 21.26 23.07 OK
r-patched-solaris-sparc 0.3.7 276.00 OK
r-patched-solaris-x86 0.3.7 59.10 OK
r-release-linux-x86_64 0.3.7 1.71 21.32 23.03 OK
r-release-osx-x86_64-mavericks 0.3.7 OK
r-release-windows-ix86+x86_64 0.3.7 7.00 72.00 79.00 OK
r-oldrel-windows-ix86+x86_64 0.3.7 15.00 58.00 73.00 OK

Check Details

Version: 0.3.7
Check: R code for possible problems
Result: NOTE
    fs_author_ids : <anonymous>: no visible global function definition for
     ‘select.list’
    fs_download : <anonymous>: no visible global function definition for
     ‘download.file’
    Undefined global functions or variables:
     download.file select.list
    Consider adding
     importFrom("utils", "download.file", "select.list")
    to your NAMESPACE file.
Flavors: r-devel-linux-x86_64-debian-gcc, r-devel-linux-x86_64-fedora-clang, r-devel-linux-x86_64-fedora-gcc, r-devel-osx-x86_64-clang, r-devel-windows-ix86+x86_64