CRAN Package Check Results for Package rfigshare

Last updated on 2016-12-05 17:49:35.

Flavor Version Tinstall Tcheck Ttotal Status Flags
r-devel-linux-x86_64-debian-clang 0.3.7 1.70 24.38 26.08 NOTE
r-devel-linux-x86_64-debian-gcc 0.3.7 1.74 24.89 26.63 NOTE
r-devel-linux-x86_64-fedora-clang 0.3.7 49.30 NOTE --no-stop-on-test-error
r-devel-linux-x86_64-fedora-gcc 0.3.7 49.33 NOTE --no-stop-on-test-error
r-devel-macos-x86_64-clang 0.3.7 41.03 NOTE
r-devel-windows-ix86+x86_64 0.3.7 6.00 78.00 84.00 NOTE
r-patched-linux-x86_64 0.3.7 1.80 21.89 23.69 NOTE
r-patched-solaris-sparc 0.3.7 273.20 NOTE
r-patched-solaris-x86 0.3.7 58.70 NOTE
r-release-linux-x86_64 0.3.7 2.08 21.89 23.98 NOTE
r-release-osx-x86_64-mavericks 0.3.7 NOTE
r-release-windows-ix86+x86_64 0.3.7 8.00 44.00 52.00 NOTE
r-oldrel-windows-ix86+x86_64 0.3.7 9.00 59.00 68.00 OK

Check Details

Version: 0.3.7
Check: R code for possible problems
Result: NOTE
    fs_author_ids : <anonymous>: no visible global function definition for
     ‘select.list’
    fs_download : <anonymous>: no visible global function definition for
     ‘download.file’
    Undefined global functions or variables:
     download.file select.list
    Consider adding
     importFrom("utils", "download.file", "select.list")
    to your NAMESPACE file.
Flavors: r-devel-linux-x86_64-debian-clang, r-devel-linux-x86_64-debian-gcc, r-devel-macos-x86_64-clang, r-devel-windows-ix86+x86_64, r-patched-linux-x86_64, r-patched-solaris-sparc, r-patched-solaris-x86, r-release-linux-x86_64, r-release-osx-x86_64-mavericks, r-release-windows-ix86+x86_64

Version: 0.3.7
Flags: --no-stop-on-test-error
Check: R code for possible problems
Result: NOTE
    fs_author_ids : <anonymous>: no visible global function definition for
     ‘select.list’
    fs_download : <anonymous>: no visible global function definition for
     ‘download.file’
    Undefined global functions or variables:
     download.file select.list
    Consider adding
     importFrom("utils", "download.file", "select.list")
    to your NAMESPACE file.
Flavors: r-devel-linux-x86_64-fedora-clang, r-devel-linux-x86_64-fedora-gcc