CRAN Package Check Results for Package rfigshare

Last updated on 2014-09-02 23:47:40.

Flavor Version Tinstall Tcheck Ttotal Status Flags
r-devel-linux-x86_64-debian-clang 0.3.6 2.79 98.23 101.02 OK
r-devel-linux-x86_64-debian-gcc 0.3.6 2.73 69.63 72.36 ERROR
r-devel-linux-x86_64-fedora-clang 0.3.6 87.60 OK
r-devel-linux-x86_64-fedora-gcc 0.3.6 80.15 OK
r-devel-osx-x86_64-clang 0.3.6 133.86 OK
r-devel-windows-ix86+x86_64 0.3.6 9.00 146.00 155.00 OK
r-patched-linux-x86_64 0.3.6 2.65 101.93 104.58 OK
r-patched-solaris-sparc 0.3.6 440.50 NOTE
r-patched-solaris-x86 0.3.6 76.90 ERROR
r-release-linux-ix86 0.3.6 3.28 109.91 113.19 OK
r-release-linux-x86_64 0.3.6 2.67 109.36 112.04 OK
r-release-osx-x86_64-mavericks 0.3.6 OK
r-release-osx-x86_64-snowleopard 0.3.6 OK
r-release-windows-ix86+x86_64 0.3.6 9.00 98.00 107.00 ERROR
r-oldrel-windows-ix86+x86_64 0.3.6 10.00 141.00 151.00 OK

Check Details

Version: 0.3.6
Check: tests
Result: ERROR
    Running the tests in ‘tests/test-all.R’ failed.
    Last 13 lines of output:
     Testing miscellaneous functions : ..
    
    
     1. Error: We are able to perform search correctly ------------------------------
     $ operator is invalid for atomic vectors
     1: expect_is(fs_search("Boettiger")[[1]], "fs_object") at test_figshare.R:159
     2: expect_that(object, is_a(class), info, label)
     3: condition(object)
     4: paste0(class(x), collapse = ", ")
     5: fs_search("Boettiger")
    
     Error: Test failures
     Execution halted
Flavors: r-devel-linux-x86_64-debian-gcc, r-release-windows-ix86+x86_64

Version: 0.3.6
Check: package dependencies
Result: NOTE
    Package suggested but not available for checking: ‘uuid’
Flavors: r-patched-solaris-sparc, r-patched-solaris-x86

Version: 0.3.6
Check: tests
Result: ERROR
    Running the tests in ‘tests/test-all.R’ failed.
    Last 13 lines of output:
     1. Error: We are able to perform search correctly ------------------------------
     $ operator is invalid for atomic vectors
     1: expect_is(fs_search("Boettiger")[[1]], "fs_object") at test_figshare.R:159
     2: expect_that(object, is_a(class), info, label)
     3: condition(object)
     4: paste0(class(x), collapse = ", ")
     5: fs_search("Boettiger")
    
     Error: Test failures
     In addition: Warning message:
     In library(package, lib.loc = lib.loc, character.only = TRUE, logical.return = TRUE, :
     there is no package called 'uuid'
     Execution halted
Flavor: r-patched-solaris-x86