CRAN Package Check Results for Package rfigshare

Last updated on 2016-07-31 06:47:39.

Flavor Version Tinstall Tcheck Ttotal Status Flags
r-devel-linux-x86_64-debian-clang 0.3.7 1.50 21.26 22.76 NOTE
r-devel-linux-x86_64-debian-gcc 0.3.7 1.63 20.75 22.38 NOTE
r-devel-linux-x86_64-fedora-clang 0.3.7 41.50 NOTE
r-devel-linux-x86_64-fedora-gcc 0.3.7 37.10 NOTE
r-devel-osx-x86_64-clang 0.3.7 34.30 NOTE
r-devel-windows-ix86+x86_64 0.3.7 6.00 45.00 51.00 NOTE
r-patched-linux-x86_64 0.3.7 1.57 20.97 22.54 NOTE
r-patched-solaris-sparc 0.3.7 252.80 NOTE
r-patched-solaris-x86 0.3.7 56.00 NOTE
r-release-linux-x86_64 0.3.7 2.16 22.98 25.14 NOTE
r-release-osx-x86_64-mavericks 0.3.7 NOTE
r-release-windows-ix86+x86_64 0.3.7 7.00 58.00 65.00 NOTE
r-oldrel-windows-ix86+x86_64 0.3.7 8.00 62.00 70.00 OK

Check Details

Version: 0.3.7
Check: R code for possible problems
Result: NOTE
    fs_author_ids : <anonymous>: no visible global function definition for
     ‘select.list’
    fs_download : <anonymous>: no visible global function definition for
     ‘download.file’
    Undefined global functions or variables:
     download.file select.list
    Consider adding
     importFrom("utils", "download.file", "select.list")
    to your NAMESPACE file.
Flavors: r-devel-linux-x86_64-debian-clang, r-devel-linux-x86_64-debian-gcc, r-devel-linux-x86_64-fedora-clang, r-devel-linux-x86_64-fedora-gcc, r-devel-osx-x86_64-clang, r-devel-windows-ix86+x86_64, r-patched-linux-x86_64, r-patched-solaris-sparc, r-patched-solaris-x86, r-release-linux-x86_64, r-release-osx-x86_64-mavericks, r-release-windows-ix86+x86_64