CRAN Package Check Results for Package rfigshare

Last updated on 2014-04-23 20:47:20.

Flavor Version Tinstall Tcheck Ttotal Status Flags
r-devel-linux-x86_64-debian-clang 0.3-0 3.09 107.55 110.64 OK
r-devel-linux-x86_64-debian-gcc 0.3-0 3.04 93.00 96.04 OK
r-devel-linux-x86_64-fedora-clang 0.3-0 99.85 OK
r-devel-linux-x86_64-fedora-gcc 0.3-0 94.09 OK
r-devel-osx-x86_64-clang 0.3-0 140.56 OK
r-devel-osx-x86_64-gcc 0.3-0 ERROR
r-devel-windows-ix86+x86_64 0.3-0 9.00 134.00 143.00 OK
r-patched-linux-x86_64 0.3-0 3.11 96.56 99.67 OK
r-patched-solaris-sparc 0.3-0 419.10 ERROR
r-patched-solaris-x86 0.3-0 104.60 ERROR
r-release-linux-ix86 0.3-0 5.00 140.00 145.00 OK
r-release-linux-x86_64 0.3-0 3.06 103.42 106.47 OK
r-release-osx-x86_64-mavericks 0.3-0 WARN
r-release-osx-x86_64-snowleopard 0.3-0 OK
r-release-windows-ix86+x86_64 0.3-0 11.00 103.00 114.00 OK
r-oldrel-windows-ix86+x86_64 0.3-0 10.00 126.00 136.00 OK

Check Details

Version: 0.3-0
Check: package dependencies
Result: ERROR
    Packages required but not available: ‘ggplot2’ ‘XML’
    
    Package suggested but not available for checking: ‘knitr’
    
    See the information on DESCRIPTION files in the chapter ‘Creating R
    packages’ of the ‘Writing R Extensions’ manual.
Flavor: r-devel-osx-x86_64-gcc

Version: 0.3-0
Check: package dependencies
Result: NOTE
    Package suggested but not available for checking: ‘uuid’
Flavors: r-patched-solaris-sparc, r-patched-solaris-x86

Version: 0.3-0
Check: tests
Result: ERROR
    Running the tests in ‘tests/test-all.R’ failed.
    Last 13 lines of output:
     File names : Labrid_fins.png
     Links :
     .
     Testing miscellaneous functions : ..
    
    
     1. Error: we can add new authors without accounts ------------------------------
     there is no package called 'uuid'
     1: library(uuid) at test_figshare.R:28
     2: stop(txt, domain = NA)
    
     Error: Test failures
     Execution halted
Flavors: r-patched-solaris-sparc, r-patched-solaris-x86

Version: 0.3-0
Check: PDF version of manual
Result: WARNING
    LaTeX errors when creating PDF version.
    This typically indicates Rd problems.
    LaTeX errors found:
    ! LaTeX Error: File `upquote.sty' not found.
    
    Type X to quit or <RETURN> to proceed,
    or enter new name. (Default extension: sty)
    
    a96d7d7/Rd2.tex:8: ==> Fatal error occurred, no output PDF file produced!
Flavor: r-release-osx-x86_64-mavericks