CRAN Package Check Results for Package rfigshare

Last updated on 2016-09-28 15:48:10.

Flavor Version Tinstall Tcheck Ttotal Status Flags
r-devel-linux-x86_64-debian-clang 0.3.7 1.54 20.65 22.18 NOTE
r-devel-linux-x86_64-debian-gcc 0.3.7 1.46 20.23 21.68 NOTE
r-devel-linux-x86_64-fedora-clang 0.3.7 38.65 NOTE
r-devel-linux-x86_64-fedora-gcc 0.3.7 37.26 NOTE
r-devel-macos-x86_64-clang 0.3.7 32.89 NOTE
r-devel-windows-ix86+x86_64 0.3.7 9.00 57.00 66.00 NOTE
r-patched-linux-x86_64 0.3.7 1.63 21.07 22.70 NOTE
r-patched-solaris-sparc 0.3.7 252.80 NOTE
r-patched-solaris-x86 0.3.7 55.80 NOTE
r-release-linux-x86_64 0.3.7 1.83 21.08 22.91 NOTE
r-release-osx-x86_64-mavericks 0.3.7 NOTE
r-release-windows-ix86+x86_64 0.3.7 7.00 40.00 47.00 NOTE
r-oldrel-windows-ix86+x86_64 0.3.7 11.00 62.00 73.00 OK

Check Details

Version: 0.3.7
Check: R code for possible problems
Result: NOTE
    fs_author_ids : <anonymous>: no visible global function definition for
     ‘select.list’
    fs_download : <anonymous>: no visible global function definition for
     ‘download.file’
    Undefined global functions or variables:
     download.file select.list
    Consider adding
     importFrom("utils", "download.file", "select.list")
    to your NAMESPACE file.
Flavors: r-devel-linux-x86_64-debian-clang, r-devel-linux-x86_64-debian-gcc, r-devel-linux-x86_64-fedora-clang, r-devel-linux-x86_64-fedora-gcc, r-devel-macos-x86_64-clang, r-devel-windows-ix86+x86_64, r-patched-linux-x86_64, r-patched-solaris-sparc, r-patched-solaris-x86, r-release-linux-x86_64, r-release-osx-x86_64-mavericks, r-release-windows-ix86+x86_64