CRAN Package Check Results for Package rfigshare

Last updated on 2015-07-03 09:47:13.

Flavor Version Tinstall Tcheck Ttotal Status Flags
r-devel-linux-x86_64-debian-clang 0.3.7 1.67 22.18 23.85 NOTE
r-devel-linux-x86_64-debian-gcc 0.3.7 1.66 22.04 23.70 NOTE
r-devel-linux-x86_64-fedora-clang 0.3.7 46.05 NOTE
r-devel-linux-x86_64-fedora-gcc 0.3.7 45.03 NOTE
r-devel-osx-x86_64-clang 0.3.7 40.98 OK
r-devel-windows-ix86+x86_64 0.3.7 6.00 41.00 47.00 NOTE
r-patched-linux-x86_64 0.3.7 2.13 21.92 24.05 OK
r-patched-solaris-sparc 0.3.7 293.20 NOTE
r-patched-solaris-x86 0.3.7 69.20 OK
r-release-linux-x86_64 0.3.7 1.68 22.18 23.86 OK
r-release-osx-x86_64-mavericks 0.3.7 OK
r-release-windows-ix86+x86_64 0.3.7 7.00 41.00 48.00 OK
r-oldrel-windows-ix86+x86_64 0.3.7 11.00 94.00 105.00 OK

Check Details

Version: 0.3.7
Check: R code for possible problems
Result: NOTE
    fs_author_ids : <anonymous>: no visible global function definition for
     ‘select.list’
    fs_download : <anonymous>: no visible global function definition for
     ‘download.file’
    Undefined global functions or variables:
     download.file select.list
Flavors: r-devel-linux-x86_64-debian-clang, r-devel-linux-x86_64-debian-gcc, r-devel-linux-x86_64-fedora-clang, r-devel-linux-x86_64-fedora-gcc, r-devel-windows-ix86+x86_64

Version: 0.3.7
Check: package dependencies
Result: NOTE
    Package suggested but not available for checking: ‘uuid’
Flavor: r-patched-solaris-sparc