CRAN Package Check Results for Package rfigshare

Last updated on 2015-03-30 12:47:53.

Flavor Version Tinstall Tcheck Ttotal Status Flags
r-devel-linux-x86_64-debian-clang 0.3.6 1.79 105.02 106.81 NOTE
r-devel-linux-x86_64-debian-gcc 0.3.6 1.88 112.15 114.03 NOTE
r-devel-linux-x86_64-fedora-clang 0.3.6 61.98 NOTE
r-devel-linux-x86_64-fedora-gcc 0.3.6 62.07 NOTE
r-devel-osx-x86_64-clang 0.3.6 119.96 NOTE
r-prerel-windows-ix86+x86_64 0.3.6 7.00 126.00 133.00 NOTE
r-prerel-linux-x86_64 0.3.6 1.72 110.27 112.00 NOTE
r-prerel-solaris-sparc 0.3.6 358.10 NOTE
r-prerel-solaris-x86 0.3.6 82.10 NOTE
r-release-linux-x86_64 0.3.6 2.63 115.90 118.54 OK
r-release-osx-x86_64-mavericks 0.3.6 OK
r-release-osx-x86_64-snowleopard 0.3.6 OK
r-release-windows-ix86+x86_64 0.3.6 11.00 151.00 162.00 OK
r-oldrel-windows-ix86+x86_64 0.3.6 11.00 120.00 131.00 OK

Check Details

Version: 0.3.6
Check: DESCRIPTION meta-information
Result: NOTE
    Malformed Title field: should not end in a period.
Flavors: r-devel-linux-x86_64-debian-clang, r-devel-linux-x86_64-debian-gcc, r-devel-linux-x86_64-fedora-clang, r-devel-linux-x86_64-fedora-gcc, r-devel-osx-x86_64-clang, r-prerel-windows-ix86+x86_64, r-prerel-linux-x86_64, r-prerel-solaris-sparc, r-prerel-solaris-x86

Version: 0.3.6
Check: package dependencies
Result: NOTE
    Package suggested but not available for checking: ‘uuid’
Flavors: r-prerel-solaris-sparc, r-prerel-solaris-x86