CRAN Package Check Results for Package rfigshare

Last updated on 2015-02-28 19:51:17.

Flavor Version Tinstall Tcheck Ttotal Status Flags
r-devel-linux-x86_64-debian-clang 0.3.6 1.80 91.76 93.56 NOTE
r-devel-linux-x86_64-debian-gcc 0.3.6 1.61 93.42 95.03 NOTE
r-devel-linux-x86_64-fedora-clang 0.3.6 61.90 NOTE
r-devel-linux-x86_64-fedora-gcc 0.3.6 58.40 NOTE
r-devel-osx-x86_64-clang 0.3.6 127.77 NOTE
r-devel-windows-ix86+x86_64 0.3.6 10.00 119.00 129.00 NOTE
r-patched-linux-x86_64 0.3.6 2.86 119.87 122.73 OK
r-patched-solaris-sparc 0.3.6 522.90 NOTE
r-patched-solaris-x86 0.3.6 115.30 NOTE
r-release-linux-ix86 0.3.6 3.26 108.49 111.75 OK
r-release-linux-x86_64 0.3.6 2.71 118.99 121.70 OK
r-release-osx-x86_64-mavericks 0.3.6 OK
r-release-osx-x86_64-snowleopard 0.3.6 OK
r-release-windows-ix86+x86_64 0.3.6 9.00 142.00 151.00 OK
r-oldrel-windows-ix86+x86_64 0.3.6 11.00 148.00 159.00 OK

Check Details

Version: 0.3.6
Check: DESCRIPTION meta-information
Result: NOTE
    Malformed Title field: should not end in a period.
Flavors: r-devel-linux-x86_64-debian-clang, r-devel-linux-x86_64-debian-gcc, r-devel-linux-x86_64-fedora-clang, r-devel-linux-x86_64-fedora-gcc, r-devel-osx-x86_64-clang, r-devel-windows-ix86+x86_64

Version: 0.3.6
Check: package dependencies
Result: NOTE
    Package suggested but not available for checking: ‘uuid’
Flavors: r-patched-solaris-sparc, r-patched-solaris-x86