CRAN Package Check Results for Package rfigshare

Last updated on 2017-01-22 06:47:30.

Flavor Version Tinstall Tcheck Ttotal Status Flags
r-devel-linux-x86_64-debian-clang 0.3.7 1.62 24.47 26.08 NOTE
r-devel-linux-x86_64-debian-gcc 0.3.7 1.74 23.64 25.38 NOTE
r-devel-linux-x86_64-fedora-clang 0.3.7 47.16 NOTE --no-stop-on-test-error
r-devel-linux-x86_64-fedora-gcc 0.3.7 46.18 NOTE --no-stop-on-test-error
r-devel-macos-x86_64-clang 0.3.7 39.30 NOTE --no-stop-on-test-error
r-devel-windows-ix86+x86_64 0.3.7 11.00 85.00 96.00 NOTE
r-patched-linux-x86_64 0.3.7 1.82 22.06 23.88 NOTE
r-patched-solaris-sparc 0.3.7 266.60 NOTE
r-patched-solaris-x86 0.3.7 58.70 NOTE
r-release-linux-x86_64 0.3.7 2.05 21.87 23.92 NOTE
r-release-osx-x86_64-mavericks 0.3.7 NOTE
r-release-windows-ix86+x86_64 0.3.7 19.00 47.00 66.00 NOTE
r-oldrel-windows-ix86+x86_64 0.3.7 18.00 61.00 79.00 OK

Check Details

Version: 0.3.7
Check: R code for possible problems
Result: NOTE
    fs_author_ids : <anonymous>: no visible global function definition for
     ‘select.list’
    fs_download : <anonymous>: no visible global function definition for
     ‘download.file’
    Undefined global functions or variables:
     download.file select.list
    Consider adding
     importFrom("utils", "download.file", "select.list")
    to your NAMESPACE file.
Flavors: r-devel-linux-x86_64-debian-clang, r-devel-linux-x86_64-debian-gcc, r-devel-windows-ix86+x86_64, r-patched-linux-x86_64, r-patched-solaris-sparc, r-patched-solaris-x86, r-release-linux-x86_64, r-release-osx-x86_64-mavericks, r-release-windows-ix86+x86_64

Version: 0.3.7
Flags: --no-stop-on-test-error
Check: R code for possible problems
Result: NOTE
    fs_author_ids : <anonymous>: no visible global function definition for
     ‘select.list’
    fs_download : <anonymous>: no visible global function definition for
     ‘download.file’
    Undefined global functions or variables:
     download.file select.list
    Consider adding
     importFrom("utils", "download.file", "select.list")
    to your NAMESPACE file.
Flavors: r-devel-linux-x86_64-fedora-clang, r-devel-linux-x86_64-fedora-gcc, r-devel-macos-x86_64-clang