CRAN Package Check Results for Package rfigshare

Last updated on 2015-08-02 11:47:36.

Flavor Version Tinstall Tcheck Ttotal Status Flags
r-devel-linux-x86_64-debian-clang 0.3.7 1.72 22.64 24.36 NOTE
r-devel-linux-x86_64-debian-gcc 0.3.7 2.42 22.14 24.57 NOTE
r-devel-linux-x86_64-fedora-clang 0.3.7 47.95 NOTE
r-devel-linux-x86_64-fedora-gcc 0.3.7 45.39 NOTE
r-devel-osx-x86_64-clang 0.3.7 44.81 OK
r-devel-windows-ix86+x86_64 0.3.7 8.00 42.00 50.00 NOTE
r-patched-linux-x86_64 0.3.7 1.82 22.16 23.98 OK
r-patched-solaris-sparc 0.3.7 271.20 OK
r-patched-solaris-x86 0.3.7 70.80 OK
r-release-linux-x86_64 0.3.7 1.73 22.08 23.81 OK
r-release-osx-x86_64-mavericks 0.3.7 OK
r-release-windows-ix86+x86_64 0.3.7 11.00 40.00 51.00 OK
r-oldrel-windows-ix86+x86_64 0.3.7 16.00 69.00 85.00 OK

Check Details

Version: 0.3.7
Check: R code for possible problems
Result: NOTE
    fs_author_ids : <anonymous>: no visible global function definition for
     ‘select.list’
    fs_download : <anonymous>: no visible global function definition for
     ‘download.file’
    Undefined global functions or variables:
     download.file select.list
    Consider adding
     importFrom("utils", "download.file", "select.list")
    to your NAMESPACE.
Flavors: r-devel-linux-x86_64-debian-clang, r-devel-linux-x86_64-debian-gcc, r-devel-linux-x86_64-fedora-clang, r-devel-linux-x86_64-fedora-gcc, r-devel-windows-ix86+x86_64