CRAN Package Check Results for Package rfigshare

Last updated on 2015-01-27 10:47:50.

Flavor Version Tinstall Tcheck Ttotal Status Flags
r-devel-linux-x86_64-debian-clang 0.3.6 2.10 93.44 95.54 OK
r-devel-linux-x86_64-debian-gcc 0.3.6 1.86 90.33 92.19 OK
r-devel-linux-x86_64-fedora-clang 0.3.6 89.88 OK
r-devel-linux-x86_64-fedora-gcc 0.3.6 87.47 OK
r-devel-osx-x86_64-clang 0.3.6 134.39 OK
r-devel-windows-ix86+x86_64 0.3.6 7.00 109.00 116.00 OK
r-patched-linux-x86_64 0.3.6 2.75 100.49 103.24 OK
r-patched-solaris-sparc 0.3.6 522.90 NOTE
r-patched-solaris-x86 0.3.6 112.00 NOTE
r-release-linux-ix86 0.3.6 3.23 109.81 113.04 OK
r-release-linux-x86_64 0.3.6 2.75 106.58 109.33 OK
r-release-osx-x86_64-mavericks 0.3.6 OK
r-release-osx-x86_64-snowleopard 0.3.6 OK
r-release-windows-ix86+x86_64 0.3.6 10.00 130.00 140.00 OK
r-oldrel-windows-ix86+x86_64 0.3.6 15.00 131.00 146.00 OK

Check Details

Version: 0.3.6
Check: package dependencies
Result: NOTE
    Package suggested but not available for checking: ‘uuid’
Flavors: r-patched-solaris-sparc, r-patched-solaris-x86