CRAN Package Check Results for Package rfigshare

Last updated on 2017-09-22 11:51:35.

Flavor Version Tinstall Tcheck Ttotal Status Flags
r-devel-linux-x86_64-debian-clang 0.3.7 1.65 24.80 26.45 NOTE
r-devel-linux-x86_64-debian-gcc 0.3.7 1.67 24.09 25.76 NOTE
r-devel-linux-x86_64-fedora-clang 0.3.7 48.13 NOTE
r-devel-linux-x86_64-fedora-gcc 0.3.7 46.92 NOTE
r-devel-windows-ix86+x86_64 0.3.7 5.00 50.00 55.00 NOTE
r-patched-linux-x86_64 0.3.7 1.64 24.25 25.89 NOTE
r-patched-solaris-x86 0.3.7 67.50 NOTE
r-release-linux-x86_64 0.3.7 1.75 24.19 25.94 NOTE
r-release-windows-ix86+x86_64 0.3.7 7.00 50.00 57.00 NOTE
r-release-osx-x86_64 0.3.7 NOTE
r-oldrel-windows-ix86+x86_64 0.3.7 6.00 45.00 51.00 NOTE
r-oldrel-osx-x86_64 0.3.7 NOTE

Check Details

Version: 0.3.7
Check: R code for possible problems
Result: NOTE
    fs_author_ids : <anonymous>: no visible global function definition for
     ‘select.list’
    fs_download : <anonymous>: no visible global function definition for
     ‘download.file’
    Undefined global functions or variables:
     download.file select.list
    Consider adding
     importFrom("utils", "download.file", "select.list")
    to your NAMESPACE file.
Flavors: r-devel-linux-x86_64-debian-clang, r-devel-linux-x86_64-debian-gcc, r-devel-linux-x86_64-fedora-clang, r-devel-linux-x86_64-fedora-gcc, r-devel-windows-ix86+x86_64, r-patched-linux-x86_64, r-patched-solaris-x86, r-release-linux-x86_64, r-release-windows-ix86+x86_64, r-release-osx-x86_64, r-oldrel-windows-ix86+x86_64, r-oldrel-osx-x86_64