CRAN Package Check Results for Package rfigshare

Last updated on 2015-04-28 03:47:30.

Flavor Version Tinstall Tcheck Ttotal Status Flags
r-devel-linux-x86_64-debian-clang 0.3.6 1.65 58.85 60.50 NOTE
r-devel-linux-x86_64-debian-gcc 0.3.6 1.65 72.89 74.54 NOTE
r-devel-linux-x86_64-fedora-clang 0.3.6 58.97 NOTE
r-devel-linux-x86_64-fedora-gcc 0.3.6 55.74 NOTE
r-devel-osx-x86_64-clang 0.3.6 107.33 NOTE
r-devel-windows-ix86+x86_64 0.3.6 7.00 75.00 82.00 NOTE
r-patched-linux-x86_64 0.3.6 1.87 61.78 63.65 NOTE
r-patched-solaris-sparc 0.3.6 358.10 NOTE
r-patched-solaris-x86 0.3.6 77.90 NOTE
r-release-linux-x86_64 0.3.6 1.68 55.26 56.93 NOTE
r-release-osx-x86_64-mavericks 0.3.6 NOTE
r-release-osx-x86_64-snowleopard 0.3.6 ERROR
r-release-windows-ix86+x86_64 0.3.6 11.00 107.00 118.00 NOTE
r-oldrel-windows-ix86+x86_64 0.3.6 11.00 127.00 138.00 OK

Check Details

Version: 0.3.6
Check: DESCRIPTION meta-information
Result: NOTE
    Malformed Title field: should not end in a period.
Flavors: r-devel-linux-x86_64-debian-clang, r-devel-linux-x86_64-debian-gcc, r-devel-linux-x86_64-fedora-clang, r-devel-linux-x86_64-fedora-gcc, r-devel-osx-x86_64-clang, r-devel-windows-ix86+x86_64, r-patched-solaris-sparc, r-patched-solaris-x86, r-release-linux-x86_64, r-release-osx-x86_64-mavericks, r-release-windows-ix86+x86_64

Version: 0.3.6
Check: package dependencies
Result: NOTE
    Package suggested but not available for checking: ‘uuid’
Flavors: r-patched-solaris-sparc, r-patched-solaris-x86

Version: 0.3.6
Check: package dependencies
Result: ERROR
    Packages required but not available: ‘ggplot2’ ‘XML’
    
    Package suggested but not available for checking: ‘knitr’
    
    VignetteBuilder package required for checking but not installed: ‘knitr’
    
    See section ‘The DESCRIPTION file’ in the ‘Writing R Extensions’
    manual.
Flavor: r-release-osx-x86_64-snowleopard