CRAN Package Check Results for Package rfigshare

Last updated on 2018-06-22 03:49:41 CEST.

Flavor Version Tinstall Tcheck Ttotal Status Flags
r-devel-linux-x86_64-debian-clang 0.3.7 3.73 38.97 42.70 NOTE
r-devel-linux-x86_64-debian-gcc 0.3.7 3.04 34.93 37.97 NOTE
r-devel-linux-x86_64-fedora-clang 0.3.7 55.38 NOTE
r-devel-linux-x86_64-fedora-gcc 0.3.7 52.36 NOTE
r-devel-windows-ix86+x86_64 0.3.7 7.00 53.00 60.00 NOTE
r-patched-linux-x86_64 0.3.7 2.45 38.55 41.00 NOTE
r-patched-solaris-x86 0.3.7 76.90 NOTE
r-release-linux-x86_64 0.3.7 3.15 38.32 41.47 NOTE
r-release-windows-ix86+x86_64 0.3.7 6.00 57.00 63.00 NOTE
r-release-osx-x86_64 0.3.7 NOTE
r-oldrel-windows-ix86+x86_64 0.3.7 6.00 53.00 59.00 NOTE
r-oldrel-osx-x86_64 0.3.7 NOTE

Check Details

Version: 0.3.7
Check: R code for possible problems
Result: NOTE
    fs_author_ids : <anonymous>: no visible global function definition for
     ‘select.list’
    fs_download : <anonymous>: no visible global function definition for
     ‘download.file’
    Undefined global functions or variables:
     download.file select.list
    Consider adding
     importFrom("utils", "download.file", "select.list")
    to your NAMESPACE file.
Flavors: r-devel-linux-x86_64-debian-clang, r-devel-linux-x86_64-debian-gcc, r-devel-linux-x86_64-fedora-clang, r-devel-linux-x86_64-fedora-gcc, r-devel-windows-ix86+x86_64, r-patched-linux-x86_64, r-patched-solaris-x86, r-release-linux-x86_64, r-release-windows-ix86+x86_64, r-release-osx-x86_64, r-oldrel-windows-ix86+x86_64, r-oldrel-osx-x86_64