CRAN Package Check Results for Package rfigshare

Last updated on 2016-06-27 17:53:09.

Flavor Version Tinstall Tcheck Ttotal Status Flags
r-devel-linux-x86_64-debian-gcc 0.3.7 1.56 20.43 21.99 NOTE
r-devel-linux-x86_64-fedora-clang 0.3.7 43.54 NOTE
r-devel-linux-x86_64-fedora-gcc 0.3.7 36.42 NOTE
r-devel-osx-x86_64-clang 0.3.7 32.21 NOTE
r-devel-windows-ix86+x86_64 0.3.7 5.00 42.00 47.00 NOTE
r-patched-linux-x86_64 0.3.7 1.56 20.99 22.55 NOTE
r-patched-solaris-sparc 0.3.7 252.80 NOTE
r-patched-solaris-x86 0.3.7 58.60 NOTE
r-release-linux-x86_64 0.3.7 1.62 20.33 21.96 NOTE
r-release-osx-x86_64-mavericks 0.3.7 NOTE
r-release-windows-ix86+x86_64 0.3.7 8.00 63.00 71.00 NOTE
r-oldrel-windows-ix86+x86_64 0.3.7 8.00 46.00 54.00 OK

Check Details

Version: 0.3.7
Check: R code for possible problems
Result: NOTE
    fs_author_ids : <anonymous>: no visible global function definition for
     ‘select.list’
    fs_download : <anonymous>: no visible global function definition for
     ‘download.file’
    Undefined global functions or variables:
     download.file select.list
    Consider adding
     importFrom("utils", "download.file", "select.list")
    to your NAMESPACE file.
Flavors: r-devel-linux-x86_64-debian-gcc, r-devel-linux-x86_64-fedora-clang, r-devel-linux-x86_64-fedora-gcc, r-devel-osx-x86_64-clang, r-devel-windows-ix86+x86_64, r-patched-linux-x86_64, r-patched-solaris-sparc, r-patched-solaris-x86, r-release-linux-x86_64, r-release-osx-x86_64-mavericks, r-release-windows-ix86+x86_64