CRAN Package Check Results for Package rfigshare

Last updated on 2014-12-18 11:50:14.

Flavor Version Tinstall Tcheck Ttotal Status Flags
r-devel-linux-x86_64-debian-clang 0.3.6 2.78 102.18 104.96 OK
r-devel-linux-x86_64-debian-gcc 0.3.6 2.74 99.96 102.69 OK
r-devel-linux-x86_64-fedora-clang 0.3.6 88.91 OK
r-devel-linux-x86_64-fedora-gcc 0.3.6 79.28 OK
r-devel-osx-x86_64-clang 0.3.6 132.75 OK
r-devel-windows-ix86+x86_64 0.3.6 11.00 128.00 139.00 OK
r-patched-linux-x86_64 0.3.6 2.82 95.71 98.52 OK
r-patched-solaris-sparc 0.3.6 440.50 NOTE
r-patched-solaris-x86 0.3.6 112.90 NOTE
r-release-linux-ix86 0.3.6 3.22 112.20 115.42 OK
r-release-linux-x86_64 0.3.6 2.70 82.97 85.67 OK
r-release-osx-x86_64-mavericks 0.3.6 OK
r-release-osx-x86_64-snowleopard 0.3.6 OK
r-release-windows-ix86+x86_64 0.3.6 9.00 127.00 136.00 OK
r-oldrel-windows-ix86+x86_64 0.3.6 12.00 106.00 118.00 OK

Check Details

Version: 0.3.6
Check: package dependencies
Result: NOTE
    Package suggested but not available for checking: ‘uuid’
Flavors: r-patched-solaris-sparc, r-patched-solaris-x86