CRAN Package Check Results for Package rfishbase

Last updated on 2017-03-27 18:50:10.

Flavor Version Tinstall Tcheck Ttotal Status Flags
r-devel-linux-x86_64-debian-clang 2.1.1 3.29 41.09 44.38 OK
r-devel-linux-x86_64-debian-gcc 2.1.1 3.34 40.85 44.19 OK
r-devel-linux-x86_64-fedora-clang 2.1.1 71.94 NOTE --no-stop-on-test-error
r-devel-linux-x86_64-fedora-gcc 2.1.1 68.99 NOTE --no-stop-on-test-error
r-devel-macos-x86_64-clang 2.1.1 58.03 NOTE --no-stop-on-test-error
r-devel-windows-ix86+x86_64 2.1.1 9.00 109.00 118.00 OK
r-patched-linux-x86_64 2.1.1 3.30 40.35 43.65 OK
r-patched-solaris-sparc 2.1.1 438.10 NOTE
r-patched-solaris-x86 2.1.1 94.30 NOTE
r-release-linux-x86_64 2.1.1 3.14 38.41 41.55 OK
r-release-osx-x86_64-mavericks 2.1.1 NOTE
r-release-windows-ix86+x86_64 2.1.1 11.00 83.00 94.00 OK
r-oldrel-windows-ix86+x86_64 2.1.1 8.00 67.00 75.00 NOTE

Check Details

Version: 2.1.1
Flags: --no-stop-on-test-error
Check: data for non-ASCII characters
Result: NOTE
     Note: found 33 marked UTF-8 strings
Flavors: r-devel-linux-x86_64-fedora-clang, r-devel-linux-x86_64-fedora-gcc, r-devel-macos-x86_64-clang

Version: 2.1.1
Check: data for non-ASCII characters
Result: NOTE
     Note: found 33 marked UTF-8 strings
Flavors: r-patched-solaris-sparc, r-patched-solaris-x86, r-release-osx-x86_64-mavericks, r-oldrel-windows-ix86+x86_64