CRAN Package Check Results for Package rfishbase

Last updated on 2016-02-07 03:50:48.

Flavor Version Tinstall Tcheck Ttotal Status Flags
r-devel-linux-x86_64-debian-gcc 2.1.0 3.32 33.74 37.06 OK
r-devel-linux-x86_64-fedora-clang 2.1.0 52.48 NOTE
r-devel-linux-x86_64-fedora-gcc 2.1.0 49.82 NOTE
r-devel-osx-x86_64-clang 2.1.0 64.15 NOTE
r-devel-windows-ix86+x86_64 2.1.0 8.00 70.00 78.00 OK
r-patched-linux-x86_64 2.1.0 3.20 35.41 38.62 NOTE
r-patched-solaris-sparc 2.1.0 365.50 NOTE
r-patched-solaris-x86 2.1.0 75.80 NOTE
r-release-linux-x86_64 2.1.0 3.18 35.55 38.73 NOTE
r-release-osx-x86_64-mavericks 2.1.0 NOTE
r-release-windows-ix86+x86_64 2.1.0 9.00 54.00 63.00 NOTE
r-oldrel-windows-ix86+x86_64 2.1.0 16.00 64.00 80.00 NOTE

Check Details

Version: 2.1.0
Check: data for non-ASCII characters
Result: NOTE
     Note: found 33 marked UTF-8 strings
Flavors: r-devel-linux-x86_64-fedora-clang, r-devel-linux-x86_64-fedora-gcc, r-devel-osx-x86_64-clang, r-patched-linux-x86_64, r-patched-solaris-sparc, r-patched-solaris-x86, r-release-linux-x86_64, r-release-osx-x86_64-mavericks, r-release-windows-ix86+x86_64, r-oldrel-windows-ix86+x86_64