CRAN Package Check Results for Package rfishbase

Last updated on 2015-09-02 05:47:21.

Flavor Version Tinstall Tcheck Ttotal Status Flags
r-devel-linux-x86_64-debian-clang 2.0.1 1.90 398.26 400.16 ERROR
r-devel-linux-x86_64-debian-gcc 2.0.1 1.74 965.56 967.30 ERROR
r-devel-linux-x86_64-fedora-clang 2.0.2 30.15 OK
r-devel-linux-x86_64-fedora-gcc 2.0.2 46.52 OK
r-devel-osx-x86_64-clang 2.0.1 3185.51 ERROR
r-devel-windows-ix86+x86_64 2.0.1 13.00 816.00 829.00 ERROR
r-patched-linux-x86_64 2.0.1 1.90 3800.71 3802.62 ERROR
r-patched-solaris-sparc 2.0.2 311.30 OK
r-patched-solaris-x86 2.0.1 75.50 ERROR
r-release-linux-x86_64 2.0.1 1.97 2325.74 2327.71 ERROR
r-release-osx-x86_64-mavericks 2.0.1 OK
r-release-windows-ix86+x86_64 2.0.1 8.00 0.00 8.00 ERROR
r-oldrel-windows-ix86+x86_64 2.0.1 13.00 288.00 301.00 ERROR

Check Details

Version: 2.0.1
Check: tests
Result: ERROR
    Running the tests in ‘tests/testthat.R’ failed.
    Last 13 lines of output:
     9: request_perform(req, hu$handle$handle)
     10: request_fetch(req$output, req$url, handle)
     11: request_fetch.write_memory(req$output, req$url, handle)
     12: curl::curl_fetch_memory(url, handle = handle)
    
     testthat results ================================================================
     OK: 73 SKIPPED: 0 FAILED: 3
     1. Failure (at test_list_fields.R#7): we can search for a field name
     2. Error: We can refresh the taxa list and use it in future calls
     3. Error: population_dynamics methods can all be called successfully
    
     Error: testthat unit tests failed
     Execution halted
Flavors: r-devel-linux-x86_64-debian-clang, r-devel-linux-x86_64-debian-gcc, r-devel-osx-x86_64-clang, r-devel-windows-ix86+x86_64, r-patched-solaris-x86, r-release-linux-x86_64, r-oldrel-windows-ix86+x86_64

Version: 2.0.1
Check: tests
Result: ERROR
    Running the tests in ‘tests/testthat.R’ failed.
    Last 13 lines of output:
     4: needs_api() at test_synonyms.R:6
    
     testthat results ================================================================
     OK: 66 SKIPPED: 1 FAILED: 6
     1. Failure (at test_list_fields.R#7): we can search for a field name
     2. Error: We can refresh the taxa list and use it in future calls
     3. Error: population_dynamics methods can all be called successfully
     4. Failure (at test_species.R#34): We can filter on certain fields
     5. Error: We can filter on preset fields
     6. Error: synonyms can query by species
    
     Error: testthat unit tests failed
     Execution halted
Flavor: r-patched-linux-x86_64

Version: 2.0.1
Check: tests
Result: ERROR
    Check process probably crashed or hung up for 20 minutes ... killed
    Most likely this happened in the example checks (?),
    if not, ignore the following last lines of example output:
    >
    > cleanEx()
    > nameEx("synonyms")
    > ### * synonyms
    >
    > flush(stderr()); flush(stdout())
    >
    > ### Name: synonyms
    > ### Title: synonyms
    > ### Aliases: synonyms
    >
    > ### ** Examples
    >
    >
    >
    >
    > ### * <FOOTER>
    > ###
    > options(digits = 7L)
    > base::cat("Time elapsed: ", proc.time() - base::get("ptime", pos = 'CheckExEnv'),"\n")
    Time elapsed: 0.52 0.1 0.61 NA NA
    > grDevices::dev.off()
    null device
     1
    > ###
    > ### Local variables: ***
    > ### mode: outline-minor ***
    > ### outline-regexp: "\\(> \\)?### [*]+" ***
    > ### End: ***
    > quit('no')
    ======== End of example output (where/before crash/hang up occured ?) ========
Flavor: r-release-windows-ix86+x86_64