CRAN Package Check Results for Package rfishbase

Last updated on 2016-06-26 13:47:03.

Flavor Version Tinstall Tcheck Ttotal Status Flags
r-devel-linux-x86_64-debian-gcc 2.1.0 3.56 35.48 39.04 OK
r-devel-linux-x86_64-fedora-clang 2.1.0 59.29 NOTE
r-devel-linux-x86_64-fedora-gcc 2.1.0 49.93 NOTE
r-devel-osx-x86_64-clang 2.1.0 44.07 NOTE
r-devel-windows-ix86+x86_64 2.1.0 10.00 65.00 75.00 OK
r-patched-linux-x86_64 2.1.0 3.31 35.47 38.78 OK
r-patched-solaris-sparc 2.1.0 355.00 NOTE
r-patched-solaris-x86 2.1.0 77.60 NOTE
r-release-linux-x86_64 2.1.0 3.32 35.15 38.47 OK
r-release-osx-x86_64-mavericks 2.1.0 NOTE
r-release-windows-ix86+x86_64 2.1.0 8.00 61.00 69.00 OK
r-oldrel-windows-ix86+x86_64 2.1.0 13.00 65.00 78.00 NOTE

Check Details

Version: 2.1.0
Check: data for non-ASCII characters
Result: NOTE
     Note: found 33 marked UTF-8 strings
Flavors: r-devel-linux-x86_64-fedora-clang, r-devel-linux-x86_64-fedora-gcc, r-devel-osx-x86_64-clang, r-patched-solaris-sparc, r-patched-solaris-x86, r-release-osx-x86_64-mavericks, r-oldrel-windows-ix86+x86_64