CRAN Package Check Results for Package rfishbase

Last updated on 2018-02-25 19:49:15 CET.

Flavor Version Tinstall Tcheck Ttotal Status Flags
r-devel-linux-x86_64-debian-clang 2.1.2 6.81 52.21 59.02 OK
r-devel-linux-x86_64-debian-gcc 2.1.2 5.66 42.06 47.72 OK
r-devel-linux-x86_64-fedora-clang 2.1.2 72.39 NOTE
r-devel-linux-x86_64-fedora-gcc 2.1.2 70.22 NOTE
r-devel-windows-ix86+x86_64 2.1.2 16.00 100.00 116.00 OK
r-patched-linux-x86_64 2.1.2 3.67 58.14 61.81 OK
r-patched-solaris-x86 2.1.2 106.50 NOTE
r-release-linux-x86_64 2.1.2 4.16 58.24 62.40 OK
r-release-windows-ix86+x86_64 2.1.2 15.00 100.00 115.00 OK
r-release-osx-x86_64 2.1.2 NOTE
r-oldrel-windows-ix86+x86_64 2.1.2 9.00 70.00 79.00 OK
r-oldrel-osx-x86_64 2.1.2 NOTE

Check Details

Version: 2.1.2
Check: data for non-ASCII characters
Result: NOTE
     Note: found 44 marked UTF-8 strings
Flavors: r-devel-linux-x86_64-fedora-clang, r-devel-linux-x86_64-fedora-gcc, r-patched-solaris-x86, r-release-osx-x86_64, r-oldrel-osx-x86_64