CRAN Package Check Results for Package rfishbase

Last updated on 2015-04-19 11:51:19.

Flavor Version Tinstall Tcheck Ttotal Status Flags
r-devel-linux-x86_64-debian-clang 0.2-2 1.43 38.46 39.89 OK
r-devel-linux-x86_64-debian-gcc 0.2-2 1.94 37.89 39.82 OK
r-devel-linux-x86_64-fedora-clang 0.2-2 81.42 OK
r-devel-linux-x86_64-fedora-gcc 0.2-2 76.53 OK
r-devel-osx-x86_64-clang 0.2-2 69.01 OK
r-devel-windows-ix86+x86_64 0.2-2 8.00 75.00 83.00 OK
r-patched-linux-x86_64 0.2-2 1.36 37.39 38.75 OK
r-patched-solaris-sparc 0.2-2 532.30 OK
r-patched-solaris-x86 0.2-2 105.70 OK
r-release-linux-x86_64 0.2-2 1.48 35.79 37.27 OK
r-release-osx-x86_64-mavericks 0.2-2 OK
r-release-osx-x86_64-snowleopard 0.2-2 ERROR
r-release-windows-ix86+x86_64 0.2-2 4.00 51.00 55.00 OK
r-oldrel-windows-ix86+x86_64 0.2-2 6.00 64.00 70.00 OK

Check Details

Version: 0.2-2
Check: package dependencies
Result: ERROR
    Package required but not available: ‘XML’
    
    See section ‘The DESCRIPTION file’ in the ‘Writing R Extensions’
    manual.
Flavor: r-release-osx-x86_64-snowleopard