CRAN Package Check Results for Package rfishbase

Last updated on 2017-01-23 18:47:33.

Flavor Version Tinstall Tcheck Ttotal Status Flags
r-devel-linux-x86_64-debian-clang 2.1.1 3.35 40.50 43.85 OK
r-devel-linux-x86_64-debian-gcc 2.1.1 3.33 40.39 43.72 OK
r-devel-linux-x86_64-fedora-clang 2.1.1 71.56 NOTE --no-stop-on-test-error
r-devel-linux-x86_64-fedora-gcc 2.1.1 68.86 NOTE --no-stop-on-test-error
r-devel-macos-x86_64-clang 2.1.1 57.24 NOTE --no-stop-on-test-error
r-devel-windows-ix86+x86_64 2.1.1 8.00 76.00 84.00 OK
r-patched-linux-x86_64 2.1.1 3.23 36.95 40.18 OK
r-patched-solaris-sparc 2.1.1 408.70 NOTE
r-patched-solaris-x86 2.1.1 84.60 NOTE
r-release-linux-x86_64 2.1.1 3.20 37.51 40.72 OK
r-release-osx-x86_64-mavericks 2.1.1 NOTE
r-release-windows-ix86+x86_64 2.1.1 17.00 68.00 85.00 OK
r-oldrel-windows-ix86+x86_64 2.1.1 18.00 89.00 107.00 NOTE

Check Details

Version: 2.1.1
Flags: --no-stop-on-test-error
Check: data for non-ASCII characters
Result: NOTE
     Note: found 33 marked UTF-8 strings
Flavors: r-devel-linux-x86_64-fedora-clang, r-devel-linux-x86_64-fedora-gcc, r-devel-macos-x86_64-clang

Version: 2.1.1
Check: data for non-ASCII characters
Result: NOTE
     Note: found 33 marked UTF-8 strings
Flavors: r-patched-solaris-sparc, r-patched-solaris-x86, r-release-osx-x86_64-mavericks, r-oldrel-windows-ix86+x86_64