CRAN Package Check Results for Package rfishbase

Last updated on 2014-04-23 17:47:52.

Flavor Version Tinstall Tcheck Ttotal Status Flags
r-devel-linux-x86_64-debian-clang 0.2-2 1.97 41.05 43.02 OK
r-devel-linux-x86_64-debian-gcc 0.2-2 1.94 40.26 42.20 OK
r-devel-linux-x86_64-fedora-clang 0.2-2 92.79 OK
r-devel-linux-x86_64-fedora-gcc 0.2-2 93.16 OK
r-devel-osx-x86_64-clang 0.2-2 74.50 OK
r-devel-osx-x86_64-gcc 0.2-2 ERROR
r-devel-windows-ix86+x86_64 0.2-2 5.00 57.00 62.00 OK
r-patched-linux-x86_64 0.2-2 1.92 40.48 42.41 OK
r-patched-solaris-sparc 0.2-2 572.10 OK
r-patched-solaris-x86 0.2-2 113.10 OK
r-release-linux-ix86 0.2-2 3.00 66.00 69.00 OK
r-release-linux-x86_64 0.2-2 1.78 41.18 42.96 OK
r-release-osx-x86_64-mavericks 0.2-2 ERROR
r-release-osx-x86_64-snowleopard 0.2-2 OK
r-release-windows-ix86+x86_64 0.2-2 8.00 84.00 92.00 OK
r-oldrel-windows-ix86+x86_64 0.2-2 5.00 87.00 92.00 OK

Check Details

Version: 0.2-2
Check: package dependencies
Result: ERROR
    Package required but not available: ‘XML’
    
    See the information on DESCRIPTION files in the chapter ‘Creating R
    packages’ of the ‘Writing R Extensions’ manual.
Flavor: r-devel-osx-x86_64-gcc

Version: 0.2-2
Check: examples
Result: ERROR
    Running examples in ‘rfishbase-Ex.R’ failed
    The error most likely occurred in:
    
    > ### Name: which_fish
    > ### Title: which_fish is the the generic search function for fishbase a
    > ### variety of description types
    > ### Aliases: which_fish
    > ### Keywords: utilities
    >
    > ### ** Examples
    >
    > data(fishbase)
    > invert <- which_fish("invertebrate|mollusk", using="trophic", fish.data)
    
    Execution halted
Flavor: r-release-osx-x86_64-mavericks