CRAN Package Check Results for Package rfishbase

Last updated on 2018-04-26 10:47:20 CEST.

Flavor Version Tinstall Tcheck Ttotal Status Flags
r-devel-linux-x86_64-debian-clang 2.1.2 7.50 45.75 53.25 OK
r-devel-linux-x86_64-debian-gcc 2.1.2 5.99 42.31 48.30 OK
r-devel-linux-x86_64-fedora-clang 2.1.2 72.94 NOTE
r-devel-linux-x86_64-fedora-gcc 2.1.2 72.01 NOTE
r-devel-windows-ix86+x86_64 2.1.2 16.00 78.00 94.00 OK
r-patched-linux-x86_64 2.1.2 6.33 52.02 58.35 OK
r-patched-solaris-x86 2.1.2 109.30 NOTE
r-release-linux-x86_64 2.1.2 6.44 52.60 59.04 OK
r-release-windows-ix86+x86_64 2.1.2 16.00 78.00 94.00 OK
r-release-osx-x86_64 2.1.2 NOTE
r-oldrel-windows-ix86+x86_64 2.1.2 9.00 82.00 91.00 OK
r-oldrel-osx-x86_64 2.1.2 NOTE

Check Details

Version: 2.1.2
Check: data for non-ASCII characters
Result: NOTE
     Note: found 44 marked UTF-8 strings
Flavors: r-devel-linux-x86_64-fedora-clang, r-devel-linux-x86_64-fedora-gcc, r-patched-solaris-x86, r-release-osx-x86_64, r-oldrel-osx-x86_64