CRAN Package Check Results for Package rfishbase

Last updated on 2016-05-05 23:50:09.

Flavor Version Tinstall Tcheck Ttotal Status Flags
r-devel-linux-x86_64-debian-gcc 2.1.0 2.99 34.50 37.49 OK
r-devel-linux-x86_64-fedora-clang 2.1.0 52.51 NOTE
r-devel-linux-x86_64-fedora-gcc 2.1.0 49.69 NOTE
r-devel-osx-x86_64-clang 2.1.0 66.14 NOTE
r-devel-windows-ix86+x86_64 2.1.0 8.00 60.00 68.00 OK
r-patched-linux-x86_64 2.1.0 3.04 34.54 37.58 OK
r-patched-solaris-sparc 2.1.0 344.30 NOTE
r-patched-solaris-x86 2.1.0 74.90 NOTE
r-release-linux-x86_64 2.1.0 3.38 34.24 37.61 OK
r-release-osx-x86_64-mavericks 2.1.0 NOTE
r-release-windows-ix86+x86_64 2.1.0 8.00 60.00 68.00 OK
r-oldrel-windows-ix86+x86_64 2.1.0 12.00 81.00 93.00 NOTE

Check Details

Version: 2.1.0
Check: data for non-ASCII characters
Result: NOTE
     Note: found 33 marked UTF-8 strings
Flavors: r-devel-linux-x86_64-fedora-clang, r-devel-linux-x86_64-fedora-gcc, r-devel-osx-x86_64-clang, r-patched-solaris-sparc, r-patched-solaris-x86, r-release-osx-x86_64-mavericks, r-oldrel-windows-ix86+x86_64