CRAN Package Check Results for Package rfishbase

Last updated on 2016-12-05 02:47:13.

Flavor Version Tinstall Tcheck Ttotal Status Flags
r-devel-linux-x86_64-debian-clang 2.1.1 3.59 41.61 45.20 OK
r-devel-linux-x86_64-debian-gcc 2.1.1 3.40 41.11 44.52 OK
r-devel-linux-x86_64-fedora-clang 2.1.1 74.03 NOTE --no-stop-on-test-error
r-devel-linux-x86_64-fedora-gcc 2.1.1 73.44 NOTE --no-stop-on-test-error
r-devel-macos-x86_64-clang 2.1.1 59.72 NOTE
r-devel-windows-ix86+x86_64 2.1.1 8.00 107.00 115.00 OK
r-patched-linux-x86_64 2.1.1 3.27 37.51 40.78 OK
r-patched-solaris-sparc 2.1.1 402.90 NOTE
r-patched-solaris-x86 2.1.1 84.80 NOTE
r-release-linux-x86_64 2.1.1 3.36 37.39 40.75 OK
r-release-osx-x86_64-mavericks 2.1.1 NOTE
r-release-windows-ix86+x86_64 2.1.1 10.00 68.00 78.00 OK
r-oldrel-windows-ix86+x86_64 2.1.1 9.00 68.00 77.00 NOTE

Check Details

Version: 2.1.1
Flags: --no-stop-on-test-error
Check: data for non-ASCII characters
Result: NOTE
     Note: found 33 marked UTF-8 strings
Flavors: r-devel-linux-x86_64-fedora-clang, r-devel-linux-x86_64-fedora-gcc

Version: 2.1.1
Check: data for non-ASCII characters
Result: NOTE
     Note: found 33 marked UTF-8 strings
Flavors: r-devel-macos-x86_64-clang, r-patched-solaris-sparc, r-patched-solaris-x86, r-release-osx-x86_64-mavericks, r-oldrel-windows-ix86+x86_64