CRAN Package Check Results for Package rfishbase

Last updated on 2017-10-21 18:47:29.

Flavor Version Tinstall Tcheck Ttotal Status Flags
r-devel-linux-x86_64-debian-clang 2.1.2 3.19 46.15 49.34 OK
r-devel-linux-x86_64-debian-gcc 2.1.2 4.40 48.84 53.24 OK
r-devel-linux-x86_64-fedora-clang 2.1.2 83.81 NOTE
r-devel-linux-x86_64-fedora-gcc 2.1.2 83.86 NOTE
r-devel-windows-ix86+x86_64 2.1.2 8.00 83.00 91.00 OK
r-patched-linux-x86_64 2.1.2 3.81 44.89 48.70 OK
r-patched-solaris-x86 2.1.2 104.50 NOTE
r-release-linux-x86_64 2.1.2 3.52 45.44 48.96 OK
r-release-windows-ix86+x86_64 2.1.2 13.00 100.00 113.00 OK
r-release-osx-x86_64 2.1.2 NOTE
r-oldrel-windows-ix86+x86_64 2.1.2 7.00 100.00 107.00 OK
r-oldrel-osx-x86_64 2.1.2 NOTE

Check Details

Version: 2.1.2
Check: data for non-ASCII characters
Result: NOTE
     Note: found 44 marked UTF-8 strings
Flavors: r-devel-linux-x86_64-fedora-clang, r-devel-linux-x86_64-fedora-gcc, r-patched-solaris-x86, r-release-osx-x86_64, r-oldrel-osx-x86_64