CRAN Package Check Results for Package rfishbase

Last updated on 2017-08-16 16:47:01.

Flavor Version Tinstall Tcheck Ttotal Status Flags
r-devel-linux-x86_64-debian-clang 2.1.2 3.52 44.23 47.75 OK
r-devel-linux-x86_64-debian-gcc 2.1.2 3.43 44.00 47.43 OK
r-devel-linux-x86_64-fedora-clang 2.1.2 78.63 NOTE
r-devel-linux-x86_64-fedora-gcc 2.1.2 75.96 NOTE
r-devel-windows-ix86+x86_64 2.1.2 9.00 81.00 90.00 OK
r-patched-linux-x86_64 2.1.2 3.63 44.25 47.88 OK
r-patched-solaris-x86 2.1.2 102.20 NOTE
r-release-linux-x86_64 2.1.2 3.74 43.38 47.12 OK
r-release-windows-ix86+x86_64 2.1.2 8.00 107.00 115.00 OK
r-release-osx-x86_64 2.1.2 NOTE
r-oldrel-windows-ix86+x86_64 2.1.2 9.00 73.00 82.00 OK
r-oldrel-osx-x86_64 2.1.2 NOTE

Check Details

Version: 2.1.2
Check: data for non-ASCII characters
Result: NOTE
     Note: found 44 marked UTF-8 strings
Flavors: r-devel-linux-x86_64-fedora-clang, r-devel-linux-x86_64-fedora-gcc, r-patched-solaris-x86, r-release-osx-x86_64, r-oldrel-osx-x86_64