CRAN Package Check Results for Package rfishbase

Last updated on 2016-08-30 00:47:42.

Flavor Version Tinstall Tcheck Ttotal Status Flags
r-devel-linux-x86_64-debian-clang 2.1.1 3.16 37.81 40.97 OK
r-devel-linux-x86_64-debian-gcc 2.1.1 3.08 37.15 40.22 OK
r-devel-linux-x86_64-fedora-clang 2.1.1 64.28 NOTE
r-devel-linux-x86_64-fedora-gcc 2.1.1 59.64 NOTE
r-devel-osx-x86_64-clang 2.1.1 53.18 NOTE
r-devel-windows-ix86+x86_64 2.1.1 13.00 93.00 106.00 OK
r-patched-linux-x86_64 2.1.1 3.23 37.47 40.70 OK
r-patched-solaris-sparc 2.1.1 402.90 NOTE
r-patched-solaris-x86 2.1.1 85.80 NOTE
r-release-linux-x86_64 2.1.1 3.19 37.71 40.90 OK
r-release-osx-x86_64-mavericks 2.1.1 NOTE
r-release-windows-ix86+x86_64 2.1.1 9.00 107.00 116.00 OK
r-oldrel-windows-ix86+x86_64 2.1.1 13.00 90.00 103.00 NOTE

Check Details

Version: 2.1.1
Check: data for non-ASCII characters
Result: NOTE
     Note: found 33 marked UTF-8 strings
Flavors: r-devel-linux-x86_64-fedora-clang, r-devel-linux-x86_64-fedora-gcc, r-devel-osx-x86_64-clang, r-patched-solaris-sparc, r-patched-solaris-x86, r-release-osx-x86_64-mavericks, r-oldrel-windows-ix86+x86_64