CRAN Package Check Results for Package rfishbase

Last updated on 2017-04-28 15:47:41.

Flavor Version Tinstall Tcheck Ttotal Status Flags
r-devel-linux-x86_64-debian-clang 2.1.2 3.45 43.39 46.83 OK
r-devel-linux-x86_64-debian-gcc 2.1.2 3.58 47.49 51.07 OK
r-devel-linux-x86_64-fedora-clang 2.1.2 75.24 NOTE --no-stop-on-test-error
r-devel-linux-x86_64-fedora-gcc 2.1.2 72.13 NOTE --no-stop-on-test-error
r-devel-windows-ix86+x86_64 2.1.2 15.00 98.00 113.00 OK
r-patched-linux-x86_64 2.1.2 3.70 43.49 47.19 OK
r-patched-solaris-sparc 2.1.2 431.40 NOTE
r-patched-solaris-x86 2.1.2 96.90 NOTE
r-release-linux-x86_64 2.1.2 3.69 43.72 47.41 OK
r-release-windows-ix86+x86_64 2.1.2 13.00 102.00 115.00 OK
r-release-osx-x86_64 2.1.2 NOTE
r-oldrel-windows-ix86+x86_64 2.1.2 12.00 90.00 102.00 OK
r-oldrel-osx-x86_64 2.1.2 NOTE

Check Details

Version: 2.1.2
Flags: --no-stop-on-test-error
Check: data for non-ASCII characters
Result: NOTE
     Note: found 44 marked UTF-8 strings
Flavors: r-devel-linux-x86_64-fedora-clang, r-devel-linux-x86_64-fedora-gcc

Version: 2.1.2
Check: data for non-ASCII characters
Result: NOTE
     Note: found 44 marked UTF-8 strings
Flavors: r-patched-solaris-sparc, r-patched-solaris-x86, r-release-osx-x86_64, r-oldrel-osx-x86_64