CRAN Package Check Results for Package rfishbase

Last updated on 2015-07-01 21:46:48.

Flavor Version Tinstall Tcheck Ttotal Status Flags
r-devel-linux-x86_64-debian-clang 0.2-2 1.34 38.15 39.49 NOTE
r-devel-linux-x86_64-debian-gcc 0.2-2 1.29 37.17 38.46 NOTE
r-devel-linux-x86_64-fedora-clang 0.2-2 79.76 NOTE
r-devel-linux-x86_64-fedora-gcc 0.2-2 75.46 NOTE
r-devel-osx-x86_64-clang 0.2-2 61.18 OK
r-devel-windows-ix86+x86_64 0.2-2 5.00 58.00 63.00 NOTE
r-patched-linux-x86_64 0.2-2 1.32 36.69 38.01 OK
r-patched-solaris-sparc 0.2-2 536.10 OK
r-patched-solaris-x86 0.2-2 105.90 OK
r-release-linux-x86_64 0.2-2 1.46 36.64 38.10 OK
r-release-osx-x86_64-mavericks 0.2-2 OK
r-release-windows-ix86+x86_64 0.2-2 5.00 60.00 65.00 OK
r-oldrel-windows-ix86+x86_64 0.2-2 9.00 91.00 100.00 OK

Check Details

Version: 0.2-2
Check: R code for possible problems
Result: NOTE
    drop_nonascii: no visible global function definition for ‘is’
    getData : <anonymous>: no visible global function definition for ‘is’
    getPictures : <anonymous>: no visible global function definition for
     ‘download.file’
    habitatSearch: no visible binding for global variable ‘family’
Flavors: r-devel-linux-x86_64-debian-clang, r-devel-linux-x86_64-debian-gcc, r-devel-linux-x86_64-fedora-clang, r-devel-linux-x86_64-fedora-gcc, r-devel-windows-ix86+x86_64