CRAN Package Check Results for Package rfishbase

Last updated on 2017-02-25 17:47:46.

Flavor Version Tinstall Tcheck Ttotal Status Flags
r-devel-linux-x86_64-debian-clang 2.1.1 3.25 41.19 44.45 OK
r-devel-linux-x86_64-debian-gcc 2.1.1 3.61 41.10 44.71 OK
r-devel-linux-x86_64-fedora-clang 2.1.1 73.04 NOTE --no-stop-on-test-error
r-devel-linux-x86_64-fedora-gcc 2.1.1 69.58 NOTE --no-stop-on-test-error
r-devel-macos-x86_64-clang 2.1.1 58.03 NOTE --no-stop-on-test-error
r-devel-windows-ix86+x86_64 2.1.1 12.00 105.00 117.00 OK
r-patched-linux-x86_64 2.1.1 3.08 37.36 40.43 OK
r-patched-solaris-sparc 2.1.1 408.70 NOTE
r-patched-solaris-x86 2.1.1 84.20 NOTE
r-release-linux-x86_64 2.1.1 3.54 37.61 41.15 OK
r-release-osx-x86_64-mavericks 2.1.1 NOTE
r-release-windows-ix86+x86_64 2.1.1 10.00 101.00 111.00 OK
r-oldrel-windows-ix86+x86_64 2.1.1 13.00 93.00 106.00 NOTE

Check Details

Version: 2.1.1
Flags: --no-stop-on-test-error
Check: data for non-ASCII characters
Result: NOTE
     Note: found 33 marked UTF-8 strings
Flavors: r-devel-linux-x86_64-fedora-clang, r-devel-linux-x86_64-fedora-gcc, r-devel-macos-x86_64-clang

Version: 2.1.1
Check: data for non-ASCII characters
Result: NOTE
     Note: found 33 marked UTF-8 strings
Flavors: r-patched-solaris-sparc, r-patched-solaris-x86, r-release-osx-x86_64-mavericks, r-oldrel-windows-ix86+x86_64