CRAN Package Check Results for Package rfishbase

Last updated on 2015-05-29 17:47:48.

Flavor Version Tinstall Tcheck Ttotal Status Flags
r-devel-linux-x86_64-debian-clang 0.2-2 1.33 37.60 38.93 OK
r-devel-linux-x86_64-debian-gcc 0.2-2 1.33 37.99 39.32 OK
r-devel-linux-x86_64-fedora-clang 0.2-2 80.06 OK
r-devel-linux-x86_64-fedora-gcc 0.2-2 75.95 OK
r-devel-osx-x86_64-clang 0.2-2 68.72 OK
r-devel-windows-ix86+x86_64 0.2-2 5.00 56.00 61.00 OK
r-patched-linux-x86_64 0.2-2 1.35 36.48 37.83 OK
r-patched-solaris-sparc 0.2-2 536.10 OK
r-patched-solaris-x86 0.2-2 107.10 OK
r-release-linux-x86_64 0.2-2 1.47 38.42 39.89 OK
r-release-osx-x86_64-mavericks 0.2-2 OK
r-release-osx-x86_64-snowleopard 0.2-2 ERROR
r-release-windows-ix86+x86_64 0.2-2 5.00 57.00 62.00 OK
r-oldrel-windows-ix86+x86_64 0.2-2 7.00 62.00 69.00 OK

Check Details

Version: 0.2-2
Check: package dependencies
Result: ERROR
    Package required but not available: ‘XML’
    
    See section ‘The DESCRIPTION file’ in the ‘Writing R Extensions’
    manual.
Flavor: r-release-osx-x86_64-snowleopard