CRAN Package Check Results for Package rfishbase

Last updated on 2015-08-05 11:48:12.

Flavor Version Tinstall Tcheck Ttotal Status Flags
r-devel-linux-x86_64-debian-clang 0.2-2 1.33 39.69 41.02 NOTE
r-devel-linux-x86_64-debian-gcc 0.2-2 1.93 36.68 38.60 NOTE
r-devel-linux-x86_64-fedora-clang 0.2-2 80.06 NOTE
r-devel-linux-x86_64-fedora-gcc 0.2-2 75.11 NOTE
r-devel-osx-x86_64-clang 0.2-2 68.15 OK
r-devel-windows-ix86+x86_64 0.2-2 7.00 61.00 68.00 NOTE
r-patched-linux-x86_64 0.2-2 1.37 37.20 38.57 OK
r-patched-solaris-sparc 0.2-2 544.20 OK
r-patched-solaris-x86 0.2-2 105.40 OK
r-release-linux-x86_64 0.2-2 1.34 37.48 38.82 OK
r-release-osx-x86_64-mavericks 0.2-2 OK
r-release-windows-ix86+x86_64 0.2-2 6.00 84.00 90.00 OK
r-oldrel-windows-ix86+x86_64 0.2-2 10.00 63.00 73.00 OK

Check Details

Version: 0.2-2
Check: R code for possible problems
Result: NOTE
    drop_nonascii: no visible global function definition for ‘is’
    getData : <anonymous>: no visible global function definition for ‘is’
    getPictures : <anonymous>: no visible global function definition for
     ‘download.file’
    habitatSearch: no visible binding for global variable ‘family’
    Undefined global functions or variables:
     download.file family is
    Consider adding
     importFrom("methods", "is")
     importFrom("stats", "family")
     importFrom("utils", "download.file")
    to your NAMESPACE.
Flavors: r-devel-linux-x86_64-debian-clang, r-devel-linux-x86_64-debian-gcc, r-devel-linux-x86_64-fedora-clang, r-devel-linux-x86_64-fedora-gcc, r-devel-windows-ix86+x86_64