CRAN Package Check Results for Package rfishbase

Last updated on 2017-12-13 03:48:10 CET.

Flavor Version Tinstall Tcheck Ttotal Status Flags
r-devel-linux-x86_64-debian-clang 2.1.2 5.37 60.30 65.67 OK
r-devel-linux-x86_64-debian-gcc 2.1.2 4.60 49.26 53.86 OK
r-devel-linux-x86_64-fedora-clang 2.1.2 73.59 NOTE
r-devel-windows-ix86+x86_64 2.1.2 13.00 106.00 119.00 OK
r-patched-linux-x86_64 2.1.2 4.41 61.94 66.35 OK
r-patched-solaris-x86 2.1.2 104.70 NOTE
r-release-linux-x86_64 2.1.2 4.62 61.73 66.35 OK
r-release-windows-ix86+x86_64 2.1.2 9.00 121.00 130.00 OK
r-release-osx-x86_64 2.1.2 NOTE
r-oldrel-windows-ix86+x86_64 2.1.2 7.00 118.00 125.00 OK
r-oldrel-osx-x86_64 2.1.2 NOTE

Check Details

Version: 2.1.2
Check: data for non-ASCII characters
Result: NOTE
     Note: found 44 marked UTF-8 strings
Flavors: r-devel-linux-x86_64-fedora-clang, r-patched-solaris-x86, r-release-osx-x86_64, r-oldrel-osx-x86_64