CRAN Package Check Results for Package rfisheries

Last updated on 2014-11-01 05:49:01.

Flavor Version Tinstall Tcheck Ttotal Status Flags
r-devel-linux-x86_64-debian-clang 0.1 2.35 27.14 29.50 NOTE
r-devel-linux-x86_64-debian-gcc 0.1 2.43 25.34 27.76 NOTE
r-devel-linux-x86_64-fedora-clang 0.1 56.49 NOTE
r-devel-linux-x86_64-fedora-gcc 0.1 53.57 NOTE
r-devel-osx-x86_64-clang 0.1 54.27 NOTE
r-devel-windows-ix86+x86_64 0.1 8.00 44.00 52.00 NOTE
r-patched-linux-x86_64 0.1 2.35 26.66 29.01 NOTE
r-patched-solaris-sparc 0.1 322.40 NOTE
r-patched-solaris-x86 0.1 76.90 NOTE
r-release-linux-ix86 0.1 2.92 33.06 35.98 OK
r-release-linux-x86_64 0.1 2.40 26.88 29.28 OK
r-release-osx-x86_64-mavericks 0.1 OK
r-release-osx-x86_64-snowleopard 0.1 OK
r-release-windows-ix86+x86_64 0.1 10.00 50.00 60.00 OK
r-oldrel-windows-ix86+x86_64 0.1 8.00 49.00 57.00 OK

Check Details

Version: 0.1
Check: R code for possible problems
Result: NOTE
    fish_plot: no visible binding for global variable ‘species_code_data’
    fish_plot: no visible binding for global variable ‘country_code_data’
Flavors: r-devel-linux-x86_64-debian-clang, r-devel-linux-x86_64-debian-gcc, r-devel-linux-x86_64-fedora-clang, r-devel-linux-x86_64-fedora-gcc, r-devel-osx-x86_64-clang, r-devel-windows-ix86+x86_64, r-patched-linux-x86_64, r-patched-solaris-sparc, r-patched-solaris-x86