CRAN Package Check Results for Package rfisheries

Last updated on 2014-10-22 01:47:35.

Flavor Version Tinstall Tcheck Ttotal Status Flags
r-devel-linux-x86_64-debian-clang 0.1 2.36 26.15 28.51 NOTE
r-devel-linux-x86_64-debian-gcc 0.1 2.30 25.83 28.14 NOTE
r-devel-linux-x86_64-fedora-clang 0.1 57.54 NOTE
r-devel-linux-x86_64-fedora-gcc 0.1 54.25 NOTE
r-devel-osx-x86_64-clang 0.1 48.72 NOTE
r-devel-windows-ix86+x86_64 0.1 10.00 46.00 56.00 NOTE
r-patched-linux-x86_64 0.1 2.39 26.60 28.98 NOTE
r-patched-solaris-sparc 0.1 322.40 NOTE
r-patched-solaris-x86 0.1 76.30 NOTE
r-release-linux-ix86 0.1 2.92 33.06 35.98 OK
r-release-linux-x86_64 0.1 2.40 26.88 29.28 OK
r-release-osx-x86_64-mavericks 0.1 OK
r-release-osx-x86_64-snowleopard 0.1 OK
r-release-windows-ix86+x86_64 0.1 9.00 47.00 56.00 OK
r-oldrel-windows-ix86+x86_64 0.1 10.00 48.00 58.00 OK

Check Details

Version: 0.1
Check: R code for possible problems
Result: NOTE
    fish_plot: no visible binding for global variable ‘species_code_data’
    fish_plot: no visible binding for global variable ‘country_code_data’
Flavors: r-devel-linux-x86_64-debian-clang, r-devel-linux-x86_64-debian-gcc, r-devel-linux-x86_64-fedora-clang, r-devel-linux-x86_64-fedora-gcc, r-devel-osx-x86_64-clang, r-devel-windows-ix86+x86_64, r-patched-linux-x86_64, r-patched-solaris-sparc, r-patched-solaris-x86