CRAN Package Check Results for Package rfisheries

Last updated on 2015-01-30 03:49:12.

Flavor Version Tinstall Tcheck Ttotal Status Flags
r-devel-linux-x86_64-debian-clang 0.1 1.74 18.54 20.28 NOTE
r-devel-linux-x86_64-debian-gcc 0.1 1.60 17.87 19.46 NOTE
r-devel-linux-x86_64-fedora-clang 0.1 44.75 NOTE
r-devel-linux-x86_64-fedora-gcc 0.1 44.57 NOTE
r-devel-osx-x86_64-clang 0.1 52.43 NOTE
r-devel-windows-ix86+x86_64 0.1 7.00 31.00 38.00 NOTE
r-patched-linux-x86_64 0.1 2.40 27.24 29.64 NOTE
r-patched-solaris-sparc 0.1 314.90 NOTE
r-patched-solaris-x86 0.1 78.40 NOTE
r-release-linux-ix86 0.1 2.81 31.97 34.78 NOTE
r-release-linux-x86_64 0.1 2.41 26.66 29.07 NOTE
r-release-osx-x86_64-mavericks 0.1 NOTE
r-release-osx-x86_64-snowleopard 0.1 OK
r-release-windows-ix86+x86_64 0.1 9.00 50.00 59.00 NOTE
r-oldrel-windows-ix86+x86_64 0.1 10.00 53.00 63.00 OK

Check Details

Version: 0.1
Check: R code for possible problems
Result: NOTE
    fish_plot: no visible binding for global variable ‘species_code_data’
    fish_plot: no visible binding for global variable ‘country_code_data’
Flavors: r-devel-linux-x86_64-debian-clang, r-devel-linux-x86_64-debian-gcc, r-devel-linux-x86_64-fedora-clang, r-devel-linux-x86_64-fedora-gcc, r-devel-osx-x86_64-clang, r-devel-windows-ix86+x86_64, r-patched-linux-x86_64, r-patched-solaris-sparc, r-patched-solaris-x86, r-release-linux-ix86, r-release-linux-x86_64, r-release-osx-x86_64-mavericks, r-release-windows-ix86+x86_64