CRAN Package Check Results for Package rfisheries

Last updated on 2015-03-27 21:47:58.

Flavor Version Tinstall Tcheck Ttotal Status Flags
r-devel-linux-x86_64-debian-clang 0.1 1.33 16.79 18.12 NOTE
r-devel-linux-x86_64-debian-gcc 0.1 1.28 16.21 17.50 NOTE
r-devel-linux-x86_64-fedora-clang 0.1 38.58 NOTE
r-devel-linux-x86_64-fedora-gcc 0.1 37.04 NOTE
r-devel-osx-x86_64-clang 0.1 40.30 NOTE
r-prerel-windows-ix86+x86_64 0.1 5.00 32.00 37.00 NOTE
r-prerel-linux-x86_64 0.1 1.75 16.64 18.38 NOTE
r-prerel-solaris-sparc 0.1 222.90 NOTE
r-prerel-solaris-x86 0.1 53.30 NOTE
r-release-linux-x86_64 0.1 2.49 27.17 29.66 NOTE
r-release-osx-x86_64-mavericks 0.1 NOTE
r-release-osx-x86_64-snowleopard 0.1 OK
r-release-windows-ix86+x86_64 0.1 10.00 50.00 60.00 NOTE
r-oldrel-windows-ix86+x86_64 0.1 11.00 55.00 66.00 OK

Check Details

Version: 0.1
Check: DESCRIPTION meta-information
Result: NOTE
    Malformed Description field: should contain one or more complete sentences.
Flavors: r-devel-linux-x86_64-debian-clang, r-devel-linux-x86_64-debian-gcc, r-devel-linux-x86_64-fedora-clang, r-devel-linux-x86_64-fedora-gcc, r-devel-osx-x86_64-clang, r-prerel-windows-ix86+x86_64, r-prerel-linux-x86_64, r-prerel-solaris-sparc, r-prerel-solaris-x86

Version: 0.1
Check: R code for possible problems
Result: NOTE
    fish_plot: no visible binding for global variable ‘species_code_data’
    fish_plot: no visible binding for global variable ‘country_code_data’
Flavors: r-devel-linux-x86_64-debian-clang, r-devel-linux-x86_64-debian-gcc, r-devel-linux-x86_64-fedora-clang, r-devel-linux-x86_64-fedora-gcc, r-devel-osx-x86_64-clang, r-prerel-windows-ix86+x86_64, r-prerel-linux-x86_64, r-prerel-solaris-sparc, r-prerel-solaris-x86, r-release-linux-x86_64, r-release-osx-x86_64-mavericks, r-release-windows-ix86+x86_64