CRAN Package Check Results for Package rfisheries

Last updated on 2014-12-20 15:46:34.

Flavor Version Tinstall Tcheck Ttotal Status Flags
r-devel-linux-x86_64-debian-clang 0.1 2.51 26.72 29.23 NOTE
r-devel-linux-x86_64-debian-gcc 0.1 3.07 25.20 28.27 NOTE
r-devel-linux-x86_64-fedora-clang 0.1 59.30 NOTE
r-devel-linux-x86_64-fedora-gcc 0.1 52.31 NOTE
r-devel-osx-x86_64-clang 0.1 52.21 NOTE
r-devel-windows-ix86+x86_64 0.1 9.00 45.00 54.00 NOTE
r-patched-linux-x86_64 0.1 2.41 26.64 29.05 NOTE
r-patched-solaris-sparc 0.1 322.40 NOTE
r-patched-solaris-x86 0.1 76.10 NOTE
r-release-linux-ix86 0.1 2.80 31.68 34.48 NOTE
r-release-linux-x86_64 0.1 2.36 26.52 28.88 NOTE
r-release-osx-x86_64-mavericks 0.1 OK
r-release-osx-x86_64-snowleopard 0.1 OK
r-release-windows-ix86+x86_64 0.1 10.00 53.00 63.00 NOTE
r-oldrel-windows-ix86+x86_64 0.1 10.00 54.00 64.00 OK

Check Details

Version: 0.1
Check: R code for possible problems
Result: NOTE
    fish_plot: no visible binding for global variable ‘species_code_data’
    fish_plot: no visible binding for global variable ‘country_code_data’
Flavors: r-devel-linux-x86_64-debian-clang, r-devel-linux-x86_64-debian-gcc, r-devel-linux-x86_64-fedora-clang, r-devel-linux-x86_64-fedora-gcc, r-devel-osx-x86_64-clang, r-devel-windows-ix86+x86_64, r-patched-linux-x86_64, r-patched-solaris-sparc, r-patched-solaris-x86, r-release-linux-ix86, r-release-linux-x86_64, r-release-windows-ix86+x86_64