CRAN Package Check Results for Package rfisheries

Last updated on 2014-08-30 19:47:16.

Flavor Version Tinstall Tcheck Ttotal Status Flags
r-devel-linux-x86_64-debian-clang 0.1 2.35 24.85 27.20 NOTE
r-devel-linux-x86_64-debian-gcc 0.1 2.21 23.53 25.74 NOTE
r-devel-linux-x86_64-fedora-clang 0.1 54.84 NOTE
r-devel-linux-x86_64-fedora-gcc 0.1 51.76 NOTE
r-devel-osx-x86_64-clang 0.1 48.14 NOTE
r-devel-windows-ix86+x86_64 0.1 12.00 41.00 53.00 NOTE
r-patched-linux-x86_64 0.1 2.30 25.70 28.00 OK
r-patched-solaris-sparc 0.1 324.40 OK
r-patched-solaris-x86 0.1 73.40 OK
r-release-linux-ix86 0.1 2.82 32.03 34.86 OK
r-release-linux-x86_64 0.1 2.37 27.14 29.51 OK
r-release-osx-x86_64-mavericks 0.1 OK
r-release-osx-x86_64-snowleopard 0.1 OK
r-release-windows-ix86+x86_64 0.1 10.00 41.00 51.00 OK
r-oldrel-windows-ix86+x86_64 0.1 8.00 47.00 55.00 OK

Check Details

Version: 0.1
Check: R code for possible problems
Result: NOTE
    fish_plot: no visible binding for global variable ‘species_code_data’
    fish_plot: no visible binding for global variable ‘country_code_data’
Flavors: r-devel-linux-x86_64-debian-clang, r-devel-linux-x86_64-debian-gcc, r-devel-linux-x86_64-fedora-clang, r-devel-linux-x86_64-fedora-gcc, r-devel-osx-x86_64-clang, r-devel-windows-ix86+x86_64