CRAN Package Check Results for Package rfisheries

Last updated on 2015-05-22 17:46:48.

Flavor Version Tinstall Tcheck Ttotal Status Flags
r-devel-linux-x86_64-debian-clang 0.1 1.35 18.19 19.54 NOTE
r-devel-linux-x86_64-debian-gcc 0.1 1.34 17.67 19.01 NOTE
r-devel-linux-x86_64-fedora-clang 0.1 39.42 NOTE
r-devel-linux-x86_64-fedora-gcc 0.1 36.63 NOTE
r-devel-osx-x86_64-clang 0.1 37.79 NOTE
r-devel-windows-ix86+x86_64 0.1 7.00 32.00 39.00 NOTE
r-patched-linux-x86_64 0.1 1.43 17.25 18.68 NOTE
r-patched-solaris-sparc 0.1 222.90 NOTE
r-patched-solaris-x86 0.1 55.90 NOTE
r-release-linux-x86_64 0.1 1.35 17.77 19.12 NOTE
r-release-osx-x86_64-mavericks 0.1 NOTE
r-release-osx-x86_64-snowleopard 0.1 ERROR
r-release-windows-ix86+x86_64 0.1 6.00 31.00 37.00 NOTE
r-oldrel-windows-ix86+x86_64 0.1 12.00 61.00 73.00 NOTE

Check Details

Version: 0.1
Check: DESCRIPTION meta-information
Result: NOTE
    Malformed Description field: should contain one or more complete sentences.
Flavors: r-devel-linux-x86_64-debian-clang, r-devel-linux-x86_64-debian-gcc, r-devel-linux-x86_64-fedora-clang, r-devel-linux-x86_64-fedora-gcc, r-devel-osx-x86_64-clang, r-devel-windows-ix86+x86_64, r-patched-linux-x86_64, r-patched-solaris-sparc, r-patched-solaris-x86, r-release-linux-x86_64, r-release-osx-x86_64-mavericks, r-release-windows-ix86+x86_64

Version: 0.1
Check: R code for possible problems
Result: NOTE
    fish_plot: no visible binding for global variable ‘species_code_data’
    fish_plot: no visible binding for global variable ‘country_code_data’
Flavors: r-devel-linux-x86_64-debian-clang, r-devel-linux-x86_64-debian-gcc, r-devel-linux-x86_64-fedora-clang, r-devel-linux-x86_64-fedora-gcc, r-devel-osx-x86_64-clang, r-devel-windows-ix86+x86_64, r-patched-linux-x86_64, r-patched-solaris-sparc, r-patched-solaris-x86, r-release-linux-x86_64, r-release-osx-x86_64-mavericks, r-release-windows-ix86+x86_64, r-oldrel-windows-ix86+x86_64

Version: 0.1
Check: package dependencies
Result: ERROR
    Package required but not available: ‘ggplot2’
    
    See section ‘The DESCRIPTION file’ in the ‘Writing R Extensions’
    manual.
Flavor: r-release-osx-x86_64-snowleopard