CRAN Package Check Results for Package rfisheries

Last updated on 2016-02-13 03:47:06.

Flavor Version Tinstall Tcheck Ttotal Status Flags
r-devel-linux-x86_64-debian-gcc 0.1 1.20 14.59 15.79 NOTE
r-devel-linux-x86_64-fedora-clang 0.1 30.76 NOTE
r-devel-linux-x86_64-fedora-gcc 0.1 29.25 NOTE
r-devel-osx-x86_64-clang 0.1 34.77 NOTE
r-devel-windows-ix86+x86_64 0.1 9.00 31.00 40.00 NOTE
r-patched-linux-x86_64 0.1 1.56 16.57 18.13 NOTE
r-patched-solaris-sparc 0.1 220.50 NOTE
r-patched-solaris-x86 0.1 47.10 NOTE
r-release-linux-x86_64 0.1 1.42 16.65 18.07 NOTE
r-release-osx-x86_64-mavericks 0.1 NOTE
r-release-windows-ix86+x86_64 0.1 7.00 30.00 37.00 NOTE
r-oldrel-windows-ix86+x86_64 0.1 14.00 52.00 66.00 NOTE

Check Details

Version: 0.1
Check: DESCRIPTION meta-information
Result: NOTE
    Malformed Description field: should contain one or more complete sentences.
Flavors: r-devel-linux-x86_64-debian-gcc, r-devel-linux-x86_64-fedora-clang, r-devel-linux-x86_64-fedora-gcc, r-devel-osx-x86_64-clang, r-devel-windows-ix86+x86_64, r-patched-linux-x86_64, r-patched-solaris-sparc, r-patched-solaris-x86, r-release-linux-x86_64, r-release-osx-x86_64-mavericks, r-release-windows-ix86+x86_64

Version: 0.1
Check: R code for possible problems
Result: NOTE
    fish_plot: no visible binding for global variable ‘species_code_data’
    fish_plot: no visible binding for global variable ‘country_code_data’
    Undefined global functions or variables:
     country_code_data species_code_data
Flavors: r-devel-linux-x86_64-debian-gcc, r-devel-linux-x86_64-fedora-clang, r-devel-linux-x86_64-fedora-gcc, r-devel-osx-x86_64-clang, r-devel-windows-ix86+x86_64

Version: 0.1
Check: R code for possible problems
Result: NOTE
    fish_plot: no visible binding for global variable ‘species_code_data’
    fish_plot: no visible binding for global variable ‘country_code_data’
Flavors: r-patched-linux-x86_64, r-patched-solaris-sparc, r-patched-solaris-x86, r-release-linux-x86_64, r-release-osx-x86_64-mavericks, r-release-windows-ix86+x86_64, r-oldrel-windows-ix86+x86_64