CRAN Package Check Results for Package rfisheries

Last updated on 2015-07-03 21:46:46.

Flavor Version Tinstall Tcheck Ttotal Status Flags
r-devel-linux-x86_64-debian-clang 0.1 1.39 17.26 18.65 NOTE
r-devel-linux-x86_64-debian-gcc 0.1 1.38 16.63 18.01 NOTE
r-devel-linux-x86_64-fedora-clang 0.1 38.05 NOTE
r-devel-linux-x86_64-fedora-gcc 0.1 35.23 NOTE
r-devel-osx-x86_64-clang 0.1 31.52 NOTE
r-devel-windows-ix86+x86_64 0.1 6.00 33.00 39.00 NOTE
r-patched-linux-x86_64 0.1 1.33 17.68 19.01 NOTE
r-patched-solaris-sparc 0.1 232.80 NOTE
r-patched-solaris-x86 0.1 56.70 NOTE
r-release-linux-x86_64 0.1 1.48 17.21 18.69 NOTE
r-release-osx-x86_64-mavericks 0.1 NOTE
r-release-windows-ix86+x86_64 0.1 10.00 33.00 43.00 NOTE
r-oldrel-windows-ix86+x86_64 0.1 13.00 84.00 97.00 NOTE

Check Details

Version: 0.1
Check: DESCRIPTION meta-information
Result: NOTE
    Malformed Description field: should contain one or more complete sentences.
Flavors: r-devel-linux-x86_64-debian-clang, r-devel-linux-x86_64-debian-gcc, r-devel-linux-x86_64-fedora-clang, r-devel-linux-x86_64-fedora-gcc, r-devel-osx-x86_64-clang, r-devel-windows-ix86+x86_64, r-patched-linux-x86_64, r-patched-solaris-sparc, r-patched-solaris-x86, r-release-linux-x86_64, r-release-osx-x86_64-mavericks, r-release-windows-ix86+x86_64

Version: 0.1
Check: R code for possible problems
Result: NOTE
    fish_plot: no visible binding for global variable ‘species_code_data’
    fish_plot: no visible binding for global variable ‘country_code_data’
    Undefined global functions or variables:
     country_code_data species_code_data
Flavors: r-devel-linux-x86_64-debian-clang, r-devel-linux-x86_64-debian-gcc, r-devel-linux-x86_64-fedora-clang, r-devel-linux-x86_64-fedora-gcc, r-devel-windows-ix86+x86_64

Version: 0.1
Check: R code for possible problems
Result: NOTE
    fish_plot: no visible binding for global variable ‘species_code_data’
    fish_plot: no visible binding for global variable ‘country_code_data’
Flavors: r-devel-osx-x86_64-clang, r-patched-linux-x86_64, r-patched-solaris-sparc, r-patched-solaris-x86, r-release-linux-x86_64, r-release-osx-x86_64-mavericks, r-release-windows-ix86+x86_64, r-oldrel-windows-ix86+x86_64