CRAN Package Check Results for Package rfisheries

Last updated on 2015-04-18 08:48:51.

Flavor Version Tinstall Tcheck Ttotal Status Flags
r-devel-linux-x86_64-debian-clang 0.1 1.36 16.91 18.27 NOTE
r-devel-linux-x86_64-debian-gcc 0.1 1.42 16.78 18.20 NOTE
r-devel-linux-x86_64-fedora-clang 0.1 39.27 NOTE
r-devel-linux-x86_64-fedora-gcc 0.1 36.08 NOTE
r-devel-osx-x86_64-clang 0.1 33.63 NOTE
r-prerel-windows-ix86+x86_64 0.1 7.00 29.00 36.00 NOTE
r-prerel-linux-x86_64 0.1 1.37 16.60 17.97 NOTE
r-prerel-solaris-sparc 0.1 222.90 NOTE
r-prerel-solaris-x86 0.1 51.90 NOTE
r-release-linux-x86_64 0.1 2.48 27.39 29.88 NOTE
r-release-osx-x86_64-mavericks 0.1 NOTE
r-release-osx-x86_64-snowleopard 0.1 OK
r-release-windows-ix86+x86_64 0.1 13.00 67.00 80.00 NOTE
r-oldrel-windows-ix86+x86_64 0.1 13.00 69.00 82.00 OK

Check Details

Version: 0.1
Check: DESCRIPTION meta-information
Result: NOTE
    Malformed Description field: should contain one or more complete sentences.
Flavors: r-devel-linux-x86_64-debian-clang, r-devel-linux-x86_64-debian-gcc, r-devel-linux-x86_64-fedora-clang, r-devel-linux-x86_64-fedora-gcc, r-devel-osx-x86_64-clang, r-prerel-windows-ix86+x86_64, r-prerel-linux-x86_64, r-prerel-solaris-sparc, r-prerel-solaris-x86

Version: 0.1
Check: R code for possible problems
Result: NOTE
    fish_plot: no visible binding for global variable ‘species_code_data’
    fish_plot: no visible binding for global variable ‘country_code_data’
Flavors: r-devel-linux-x86_64-debian-clang, r-devel-linux-x86_64-debian-gcc, r-devel-linux-x86_64-fedora-clang, r-devel-linux-x86_64-fedora-gcc, r-devel-osx-x86_64-clang, r-prerel-windows-ix86+x86_64, r-prerel-linux-x86_64, r-prerel-solaris-sparc, r-prerel-solaris-x86, r-release-linux-x86_64, r-release-osx-x86_64-mavericks, r-release-windows-ix86+x86_64