CRAN Package Check Results for Package rfisheries

Last updated on 2014-04-24 03:47:52.

Flavor Version Tinstall Tcheck Ttotal Status Flags
r-devel-linux-x86_64-debian-clang 0.1 2.73 31.07 33.80 OK
r-devel-linux-x86_64-debian-gcc 0.1 2.66 31.17 33.84 OK
r-devel-linux-x86_64-fedora-clang 0.1 65.43 OK
r-devel-linux-x86_64-fedora-gcc 0.1 62.18 OK
r-devel-osx-x86_64-clang 0.1 67.27 OK
r-devel-osx-x86_64-gcc 0.1 ERROR
r-devel-windows-ix86+x86_64 0.1 8.00 43.00 51.00 OK
r-patched-linux-x86_64 0.1 2.74 32.02 34.76 OK
r-patched-solaris-sparc 0.1 373.80 OK
r-patched-solaris-x86 0.1 86.30 OK
r-release-linux-ix86 0.1 4.00 55.00 59.00 OK
r-release-linux-x86_64 0.1 2.70 30.57 33.27 OK
r-release-osx-x86_64-mavericks 0.1 OK
r-release-osx-x86_64-snowleopard 0.1 OK
r-release-windows-ix86+x86_64 0.1 9.00 46.00 55.00 OK
r-oldrel-windows-ix86+x86_64 0.1 10.00 47.00 57.00 OK

Check Details

Version: 0.1
Check: package dependencies
Result: ERROR
    Package required but not available: ‘ggplot2’
    
    See the information on DESCRIPTION files in the chapter ‘Creating R
    packages’ of the ‘Writing R Extensions’ manual.
Flavor: r-devel-osx-x86_64-gcc