CRAN Package Check Results for Package rfml

Last updated on 2018-07-20 02:51:38 CEST.

Flavor Version Tinstall Tcheck Ttotal Status Flags
r-devel-linux-x86_64-debian-clang 0.1.0 5.24 45.01 50.25 OK
r-devel-linux-x86_64-debian-gcc 0.1.0 3.71 39.63 43.34 OK
r-devel-linux-x86_64-fedora-clang 0.1.0 64.15 OK
r-devel-linux-x86_64-fedora-gcc 0.1.0 64.13 OK
r-devel-windows-ix86+x86_64 0.1.0 7.00 87.00 94.00 OK
r-patched-linux-x86_64 0.1.0 5.50 43.70 49.20 OK
r-patched-solaris-x86 0.1.0 80.20 OK
r-release-linux-x86_64 0.1.0 4.44 43.60 48.04 OK
r-release-windows-ix86+x86_64 0.1.0 12.00 75.00 87.00 OK
r-release-osx-x86_64 0.1.0 OK
r-oldrel-windows-ix86+x86_64 0.1.0 10.00 64.00 74.00 OK
r-oldrel-osx-x86_64 0.1.0 ERROR

Check Details

Version: 0.1.0
Check: package dependencies
Result: ERROR
    Package required but not available: ‘PKI’
    
    See section ‘The DESCRIPTION file’ in the ‘Writing R Extensions’
    manual.
Flavor: r-oldrel-osx-x86_64