CRAN Package Check Results for Package rfml

Last updated on 2018-12-13 14:47:48 CET.

Flavor Version Tinstall Tcheck Ttotal Status Flags
r-devel-linux-x86_64-debian-clang 0.1.0 5.69 45.29 50.98 OK
r-devel-linux-x86_64-debian-gcc 0.1.0 4.23 36.76 40.99 OK
r-devel-linux-x86_64-fedora-clang 0.1.0 58.94 OK
r-devel-linux-x86_64-fedora-gcc 0.1.0 57.84 OK
r-devel-windows-ix86+x86_64 0.1.0 14.00 90.00 104.00 OK
r-patched-linux-x86_64 0.1.0 5.00 43.84 48.84 OK
r-patched-solaris-x86 0.1.0 82.10 OK
r-release-linux-x86_64 0.1.0 3.82 44.06 47.88 OK
r-release-windows-ix86+x86_64 0.1.0 10.00 84.00 94.00 OK
r-release-osx-x86_64 0.1.0 OK
r-oldrel-windows-ix86+x86_64 0.1.0 8.00 69.00 77.00 OK
r-oldrel-osx-x86_64 0.1.0 ERROR

Check Details

Version: 0.1.0
Check: package dependencies
Result: ERROR
    Package required but not available: ‘PKI’
    
    See section ‘The DESCRIPTION file’ in the ‘Writing R Extensions’
    manual.
Flavor: r-oldrel-osx-x86_64