CRAN Package Check Results for Package rfml

Last updated on 2019-03-25 04:52:18 CET.

Flavor Version Tinstall Tcheck Ttotal Status Flags
r-devel-linux-x86_64-debian-clang 0.1.0 5.17 48.54 53.71 OK
r-devel-linux-x86_64-debian-gcc 0.1.0 5.14 38.40 43.54 OK
r-devel-linux-x86_64-fedora-clang 0.1.0 65.25 OK
r-devel-linux-x86_64-fedora-gcc 0.1.0 64.53 OK
r-devel-windows-ix86+x86_64 0.1.0 18.00 96.00 114.00 OK
r-patched-linux-x86_64 0.1.0 3.56 43.88 47.44 OK
r-patched-solaris-x86 0.1.0 80.40 OK
r-release-linux-x86_64 0.1.0 4.79 44.26 49.05 OK
r-release-windows-ix86+x86_64 0.1.0 9.00 55.00 64.00 OK
r-release-osx-x86_64 0.1.0 OK
r-oldrel-windows-ix86+x86_64 0.1.0 8.00 86.00 94.00 OK
r-oldrel-osx-x86_64 0.1.0 ERROR

Check Details

Version: 0.1.0
Check: package dependencies
Result: ERROR
    Package required but not available: ‘PKI’
    
    See section ‘The DESCRIPTION file’ in the ‘Writing R Extensions’
    manual.
Flavor: r-oldrel-osx-x86_64