CRAN Package Check Results for Package rfml

Last updated on 2018-09-25 06:46:52 CEST.

Flavor Version Tinstall Tcheck Ttotal Status Flags
r-devel-linux-x86_64-debian-clang 0.1.0 6.22 49.02 55.24 OK
r-devel-linux-x86_64-debian-gcc 0.1.0 4.57 41.06 45.63 OK
r-devel-linux-x86_64-fedora-clang 0.1.0 65.68 OK
r-devel-linux-x86_64-fedora-gcc 0.1.0 64.15 OK
r-devel-windows-ix86+x86_64 0.1.0 12.00 62.00 74.00 OK
r-patched-linux-x86_64 0.1.0 4.10 43.07 47.17 OK
r-patched-solaris-x86 0.1.0 78.40 OK
r-release-linux-x86_64 0.1.0 5.01 43.31 48.32 OK
r-release-windows-ix86+x86_64 0.1.0 9.00 80.00 89.00 OK
r-release-osx-x86_64 0.1.0 OK
r-oldrel-windows-ix86+x86_64 0.1.0 6.00 82.00 88.00 OK
r-oldrel-osx-x86_64 0.1.0 ERROR

Check Details

Version: 0.1.0
Check: package dependencies
Result: ERROR
    Package required but not available: ‘PKI’
    
    See section ‘The DESCRIPTION file’ in the ‘Writing R Extensions’
    manual.
Flavor: r-oldrel-osx-x86_64