CRAN Package Check Results for Package rgabriel

Last updated on 2021-10-19 08:51:09 CEST.

Flavor Version Tinstall Tcheck Ttotal Status Flags
r-devel-linux-x86_64-debian-clang 0.7 1.93 21.03 22.96 NOTE
r-devel-linux-x86_64-debian-gcc 0.7 1.46 16.03 17.49 NOTE
r-devel-linux-x86_64-fedora-clang 0.7 38.05 NOTE
r-devel-linux-x86_64-fedora-gcc 0.7 27.05 NOTE
r-devel-windows-x86_64 0.7 2.00 30.00 32.00 NOTE
r-devel-windows-x86_64-gcc10-UCRT 0.7 NOTE
r-patched-linux-x86_64 0.7 1.87 19.70 21.57 NOTE
r-patched-solaris-x86 0.7 42.90 NOTE
r-release-linux-x86_64 0.7 1.76 20.24 22.00 NOTE
r-release-macos-arm64 0.7 NOTE
r-release-macos-x86_64 0.7 NOTE
r-release-windows-ix86+x86_64 0.7 4.00 26.00 30.00 NOTE
r-oldrel-macos-x86_64 0.7 NOTE
r-oldrel-windows-ix86+x86_64 0.7 3.00 28.00 31.00 NOTE

Check Details

Version: 0.7
Check: R code for possible problems
Result: NOTE
    gabriel.plot: no visible global function definition for 'barplot'
    gabriel.plot: no visible global function definition for 'arrows'
    rgabriel: no visible binding for global variable 'sd'
    rgabriel : psmm_x: no visible global function definition for 'pnorm'
    rgabriel : psmm: no visible global function definition for 'integrate'
    rgabriel : qsmm: no visible global function definition for 'qnorm'
    rgabriel : qsmm: no visible global function definition for 'uniroot'
    Undefined global functions or variables:
     arrows barplot integrate pnorm qnorm sd uniroot
    Consider adding
     importFrom("graphics", "arrows", "barplot")
     importFrom("stats", "integrate", "pnorm", "qnorm", "sd", "uniroot")
    to your NAMESPACE file.
Flavors: r-devel-linux-x86_64-debian-clang, r-devel-linux-x86_64-debian-gcc, r-devel-linux-x86_64-fedora-clang, r-devel-linux-x86_64-fedora-gcc, r-devel-windows-x86_64, r-devel-windows-x86_64-gcc10-UCRT, r-patched-linux-x86_64, r-patched-solaris-x86, r-release-linux-x86_64, r-release-macos-arm64, r-release-macos-x86_64, r-release-windows-ix86+x86_64, r-oldrel-macos-x86_64, r-oldrel-windows-ix86+x86_64