CRAN Package Check Results for Package rgam

Last updated on 2015-01-30 03:49:12.

Flavor Version Tinstall Tcheck Ttotal Status Flags
r-devel-linux-x86_64-debian-clang 0.6.3 31.07 16.33 47.40 NOTE
r-devel-linux-x86_64-debian-gcc 0.6.3 34.01 16.41 50.42 NOTE
r-devel-linux-x86_64-fedora-clang 0.6.3 100.28 NOTE
r-devel-linux-x86_64-fedora-gcc 0.6.3 96.62 NOTE
r-devel-osx-x86_64-clang 0.6.3 58.67 NOTE
r-devel-windows-ix86+x86_64 0.6.3 132.00 50.00 182.00 OK
r-patched-linux-x86_64 0.6.3 36.39 17.15 53.54 OK
r-patched-solaris-sparc 0.6.3 672.90 OK
r-patched-solaris-x86 0.6.3 125.80 OK
r-release-linux-ix86 0.6.3 39.60 25.58 65.18 OK
r-release-linux-x86_64 0.6.3 33.17 17.27 50.44 OK
r-release-osx-x86_64-mavericks 0.6.3 OK
r-release-osx-x86_64-snowleopard 0.6.3 OK
r-release-windows-ix86+x86_64 0.6.3 92.00 54.00 146.00 OK
r-oldrel-windows-ix86+x86_64 0.6.3 97.00 58.00 155.00 OK

Check Details

Version: 0.6.3
Check: S3 generic/method consistency
Result: NOTE
    Found the following apparent S3 methods exported but not registered:
     predict.rgam
    See section ‘Registering S3 methods’ in the ‘Writing R Extensions’
    manual.
Flavors: r-devel-linux-x86_64-debian-clang, r-devel-linux-x86_64-debian-gcc, r-devel-linux-x86_64-fedora-clang, r-devel-linux-x86_64-fedora-gcc, r-devel-osx-x86_64-clang