CRAN Package Check Results for Package rgam

Last updated on 2016-07-24 17:49:17.

Flavor Version Tinstall Tcheck Ttotal Status Flags
r-devel-linux-x86_64-debian-clang 0.6.3 48.94 18.11 67.05 NOTE
r-devel-linux-x86_64-debian-gcc 0.6.3 56.60 17.96 74.56 NOTE
r-devel-linux-x86_64-fedora-clang 0.6.3 112.15 NOTE
r-devel-linux-x86_64-fedora-gcc 0.6.3 92.27 NOTE
r-devel-osx-x86_64-clang 0.6.3 75.95 NOTE
r-devel-windows-ix86+x86_64 0.6.3 123.00 44.00 167.00 NOTE
r-patched-linux-x86_64 0.6.3 37.92 17.97 55.89 NOTE
r-patched-solaris-sparc 0.6.3 557.70 NOTE
r-patched-solaris-x86 0.6.3 101.80 NOTE
r-release-linux-x86_64 0.6.3 37.77 18.55 56.32 NOTE
r-release-osx-x86_64-mavericks 0.6.3 NOTE
r-release-windows-ix86+x86_64 0.6.3 127.00 65.00 192.00 NOTE
r-oldrel-windows-ix86+x86_64 0.6.3 139.00 59.00 198.00 NOTE

Check Details

Version: 0.6.3
Check: DESCRIPTION meta-information
Result: NOTE
    Malformed Description field: should contain one or more complete sentences.
Flavors: r-devel-linux-x86_64-debian-clang, r-devel-linux-x86_64-debian-gcc, r-devel-linux-x86_64-fedora-clang, r-devel-linux-x86_64-fedora-gcc, r-devel-osx-x86_64-clang, r-devel-windows-ix86+x86_64, r-patched-linux-x86_64, r-patched-solaris-sparc, r-patched-solaris-x86, r-release-linux-x86_64, r-release-osx-x86_64-mavericks, r-release-windows-ix86+x86_64, r-oldrel-windows-ix86+x86_64

Version: 0.6.3
Check: S3 generic/method consistency
Result: NOTE
    Found the following apparent S3 methods exported but not registered:
     predict.rgam
    See section ‘Registering S3 methods’ in the ‘Writing R Extensions’
    manual.
Flavors: r-devel-linux-x86_64-debian-clang, r-devel-linux-x86_64-debian-gcc, r-devel-linux-x86_64-fedora-clang, r-devel-linux-x86_64-fedora-gcc, r-devel-osx-x86_64-clang, r-patched-linux-x86_64, r-patched-solaris-sparc, r-patched-solaris-x86, r-release-linux-x86_64

Version: 0.6.3
Check: installed package size
Result: NOTE
     installed size is 5.5Mb
     sub-directories of 1Mb or more:
     libs 5.4Mb
Flavor: r-patched-solaris-sparc