CRAN Package Check Results for Package rgam

Last updated on 2016-09-29 12:48:04.

Flavor Version Tinstall Tcheck Ttotal Status Flags
r-devel-linux-x86_64-debian-clang 0.6.3 40.60 16.37 56.96 NOTE
r-devel-linux-x86_64-debian-gcc 0.6.3 43.17 15.99 59.16 NOTE
r-devel-linux-x86_64-fedora-clang 0.6.3 107.28 NOTE
r-devel-linux-x86_64-fedora-gcc 0.6.3 104.95 NOTE
r-devel-macos-x86_64-clang 0.6.3 71.82 NOTE
r-devel-windows-ix86+x86_64 0.6.3 189.00 56.00 245.00 NOTE
r-patched-linux-x86_64 0.6.3 33.71 16.00 49.71 NOTE
r-patched-solaris-sparc 0.6.3 558.40 NOTE
r-patched-solaris-x86 0.6.3 99.20 NOTE
r-release-linux-x86_64 0.6.3 35.00 16.25 51.25 NOTE
r-release-osx-x86_64-mavericks 0.6.3 NOTE
r-release-windows-ix86+x86_64 0.6.3 166.00 45.00 211.00 NOTE
r-oldrel-windows-ix86+x86_64 0.6.3 157.00 68.00 225.00 NOTE

Check Details

Version: 0.6.3
Check: DESCRIPTION meta-information
Result: NOTE
    Malformed Description field: should contain one or more complete sentences.
Flavors: r-devel-linux-x86_64-debian-clang, r-devel-linux-x86_64-debian-gcc, r-devel-linux-x86_64-fedora-clang, r-devel-linux-x86_64-fedora-gcc, r-devel-macos-x86_64-clang, r-devel-windows-ix86+x86_64, r-patched-linux-x86_64, r-patched-solaris-sparc, r-patched-solaris-x86, r-release-linux-x86_64, r-release-osx-x86_64-mavericks, r-release-windows-ix86+x86_64, r-oldrel-windows-ix86+x86_64

Version: 0.6.3
Check: S3 generic/method consistency
Result: NOTE
    Found the following apparent S3 methods exported but not registered:
     predict.rgam
    See section ‘Registering S3 methods’ in the ‘Writing R Extensions’
    manual.
Flavors: r-devel-linux-x86_64-debian-clang, r-devel-linux-x86_64-debian-gcc, r-devel-linux-x86_64-fedora-clang, r-devel-linux-x86_64-fedora-gcc, r-devel-macos-x86_64-clang, r-patched-linux-x86_64, r-patched-solaris-sparc, r-patched-solaris-x86, r-release-linux-x86_64