CRAN Package Check Results for Package rgam

Last updated on 2015-03-03 11:49:29.

Flavor Version Tinstall Tcheck Ttotal Status Flags
r-devel-linux-x86_64-debian-clang 0.6.3 28.16 15.36 43.52 NOTE
r-devel-linux-x86_64-debian-gcc 0.6.3 36.14 15.29 51.44 NOTE
r-devel-linux-x86_64-fedora-clang 0.6.3 100.33 NOTE
r-devel-linux-x86_64-fedora-gcc 0.6.3 89.66 NOTE
r-devel-osx-x86_64-clang 0.6.3 48.96 NOTE
r-devel-windows-ix86+x86_64 0.6.3 137.00 57.00 194.00 NOTE
r-patched-linux-x86_64 0.6.3 33.34 17.64 50.98 OK
r-patched-solaris-sparc 0.6.3 639.40 OK
r-patched-solaris-x86 0.6.3 124.50 OK
r-release-linux-ix86 0.6.3 42.37 26.64 69.01 OK
r-release-linux-x86_64 0.6.3 35.47 17.59 53.06 OK
r-release-osx-x86_64-mavericks 0.6.3 OK
r-release-osx-x86_64-snowleopard 0.6.3 OK
r-release-windows-ix86+x86_64 0.6.3 159.00 55.00 214.00 OK
r-oldrel-windows-ix86+x86_64 0.6.3 96.00 53.00 149.00 OK

Check Details

Version: 0.6.3
Check: DESCRIPTION meta-information
Result: NOTE
    Malformed Description field: should contain one or more complete sentences.
Flavors: r-devel-linux-x86_64-debian-clang, r-devel-linux-x86_64-debian-gcc, r-devel-linux-x86_64-fedora-clang, r-devel-linux-x86_64-fedora-gcc, r-devel-osx-x86_64-clang, r-devel-windows-ix86+x86_64

Version: 0.6.3
Check: S3 generic/method consistency
Result: NOTE
    Found the following apparent S3 methods exported but not registered:
     predict.rgam
    See section ‘Registering S3 methods’ in the ‘Writing R Extensions’
    manual.
Flavors: r-devel-linux-x86_64-debian-clang, r-devel-linux-x86_64-debian-gcc, r-devel-linux-x86_64-fedora-clang, r-devel-linux-x86_64-fedora-gcc, r-devel-osx-x86_64-clang