CRAN Package Check Results for Package rgam

Last updated on 2015-07-30 17:47:26.

Flavor Version Tinstall Tcheck Ttotal Status Flags
r-devel-linux-x86_64-debian-clang 0.6.3 33.79 15.24 49.02 NOTE
r-devel-linux-x86_64-debian-gcc 0.6.3 35.22 15.13 50.35 NOTE
r-devel-linux-x86_64-fedora-clang 0.6.3 96.48 NOTE
r-devel-linux-x86_64-fedora-gcc 0.6.3 89.06 NOTE
r-devel-osx-x86_64-clang 0.6.3 54.71 NOTE
r-devel-windows-ix86+x86_64 0.6.3 104.00 69.00 173.00 NOTE
r-patched-linux-x86_64 0.6.3 33.93 15.57 49.50 NOTE
r-patched-solaris-sparc 0.6.3 554.90 NOTE
r-patched-solaris-x86 0.6.3 106.10 NOTE
r-release-linux-x86_64 0.6.3 33.67 15.39 49.06 NOTE
r-release-osx-x86_64-mavericks 0.6.3 NOTE
r-release-windows-ix86+x86_64 0.6.3 124.00 74.00 198.00 NOTE
r-oldrel-windows-ix86+x86_64 0.6.3 130.00 58.00 188.00 OK

Check Details

Version: 0.6.3
Check: DESCRIPTION meta-information
Result: NOTE
    Malformed Description field: should contain one or more complete sentences.
Flavors: r-devel-linux-x86_64-debian-clang, r-devel-linux-x86_64-debian-gcc, r-devel-linux-x86_64-fedora-clang, r-devel-linux-x86_64-fedora-gcc, r-devel-osx-x86_64-clang, r-devel-windows-ix86+x86_64, r-patched-linux-x86_64, r-patched-solaris-sparc, r-patched-solaris-x86, r-release-linux-x86_64, r-release-osx-x86_64-mavericks, r-release-windows-ix86+x86_64

Version: 0.6.3
Check: S3 generic/method consistency
Result: NOTE
    Found the following apparent S3 methods exported but not registered:
     predict.rgam
    See section ‘Registering S3 methods’ in the ‘Writing R Extensions’
    manual.
Flavors: r-devel-linux-x86_64-debian-clang, r-devel-linux-x86_64-debian-gcc, r-devel-linux-x86_64-fedora-clang, r-devel-linux-x86_64-fedora-gcc, r-devel-osx-x86_64-clang, r-patched-linux-x86_64, r-patched-solaris-sparc, r-patched-solaris-x86, r-release-linux-x86_64