CRAN Package Check Results for Package rgam

Last updated on 2016-05-25 15:47:08.

Flavor Version Tinstall Tcheck Ttotal Status Flags
r-devel-linux-x86_64-debian-gcc 0.6.3 48.67 14.91 63.57 NOTE
r-devel-linux-x86_64-fedora-clang 0.6.3 104.87 NOTE
r-devel-linux-x86_64-fedora-gcc 0.6.3 92.27 NOTE
r-devel-osx-x86_64-clang 0.6.3 71.92 NOTE
r-devel-windows-ix86+x86_64 0.6.3 117.00 47.00 164.00 NOTE
r-patched-linux-x86_64 0.6.3 33.37 14.71 48.08 NOTE
r-patched-solaris-sparc 0.6.3 547.20 NOTE
r-patched-solaris-x86 0.6.3 102.00 NOTE
r-release-linux-x86_64 0.6.3 33.26 14.80 48.06 NOTE
r-release-osx-x86_64-mavericks 0.6.3 NOTE
r-release-windows-ix86+x86_64 0.6.3 119.00 58.00 177.00 NOTE
r-oldrel-windows-ix86+x86_64 0.6.3 104.00 74.00 178.00 NOTE

Check Details

Version: 0.6.3
Check: DESCRIPTION meta-information
Result: NOTE
    Malformed Description field: should contain one or more complete sentences.
Flavors: r-devel-linux-x86_64-debian-gcc, r-devel-linux-x86_64-fedora-clang, r-devel-linux-x86_64-fedora-gcc, r-devel-osx-x86_64-clang, r-devel-windows-ix86+x86_64, r-patched-linux-x86_64, r-patched-solaris-sparc, r-patched-solaris-x86, r-release-linux-x86_64, r-release-osx-x86_64-mavericks, r-release-windows-ix86+x86_64, r-oldrel-windows-ix86+x86_64

Version: 0.6.3
Check: S3 generic/method consistency
Result: NOTE
    Found the following apparent S3 methods exported but not registered:
     predict.rgam
    See section ‘Registering S3 methods’ in the ‘Writing R Extensions’
    manual.
Flavors: r-devel-linux-x86_64-debian-gcc, r-devel-linux-x86_64-fedora-clang, r-devel-linux-x86_64-fedora-gcc, r-devel-osx-x86_64-clang, r-patched-linux-x86_64, r-patched-solaris-sparc, r-patched-solaris-x86, r-release-linux-x86_64