CRAN Package Check Results for Package rgam

Last updated on 2016-04-30 21:47:11.

Flavor Version Tinstall Tcheck Ttotal Status Flags
r-devel-linux-x86_64-debian-gcc 0.6.3 33.35 14.95 48.29 NOTE
r-devel-linux-x86_64-fedora-clang 0.6.3 105.07 NOTE
r-devel-linux-x86_64-fedora-gcc 0.6.3 93.30 NOTE
r-devel-osx-x86_64-clang 0.6.3 71.82 NOTE
r-devel-windows-ix86+x86_64 0.6.3 117.00 47.00 164.00 NOTE
r-patched-linux-x86_64 0.6.3 32.63 14.70 47.33 NOTE
r-patched-solaris-sparc 0.6.3 539.50 NOTE
r-patched-solaris-x86 0.6.3 103.40 NOTE
r-release-linux-x86_64 0.6.3 33.66 16.25 49.92 NOTE
r-release-osx-x86_64-mavericks 0.6.3 NOTE
r-release-windows-ix86+x86_64 0.6.3 145.00 68.00 213.00 NOTE
r-oldrel-windows-ix86+x86_64 0.6.3 152.00 57.00 209.00 OK

Check Details

Version: 0.6.3
Check: DESCRIPTION meta-information
Result: NOTE
    Malformed Description field: should contain one or more complete sentences.
Flavors: r-devel-linux-x86_64-debian-gcc, r-devel-linux-x86_64-fedora-clang, r-devel-linux-x86_64-fedora-gcc, r-devel-osx-x86_64-clang, r-devel-windows-ix86+x86_64, r-patched-linux-x86_64, r-patched-solaris-sparc, r-patched-solaris-x86, r-release-linux-x86_64, r-release-osx-x86_64-mavericks, r-release-windows-ix86+x86_64

Version: 0.6.3
Check: S3 generic/method consistency
Result: NOTE
    Found the following apparent S3 methods exported but not registered:
     predict.rgam
    See section ‘Registering S3 methods’ in the ‘Writing R Extensions’
    manual.
Flavors: r-devel-linux-x86_64-debian-gcc, r-devel-linux-x86_64-fedora-clang, r-devel-linux-x86_64-fedora-gcc, r-devel-osx-x86_64-clang, r-patched-linux-x86_64, r-patched-solaris-sparc, r-patched-solaris-x86, r-release-linux-x86_64