CRAN Package Check Results for Package rgam

Last updated on 2016-12-09 03:51:53.

Flavor Version Tinstall Tcheck Ttotal Status Flags
r-devel-linux-x86_64-debian-clang 0.6.3 39.07 18.29 57.36 NOTE
r-devel-linux-x86_64-debian-gcc 0.6.3 42.47 17.99 60.46 NOTE
r-devel-linux-x86_64-fedora-clang 0.6.3 115.96 NOTE --no-stop-on-test-error
r-devel-linux-x86_64-fedora-gcc 0.6.3 113.31 NOTE --no-stop-on-test-error
r-devel-macos-x86_64-clang 0.6.3 76.17 NOTE
r-devel-windows-ix86+x86_64 0.6.3 120.00 64.00 184.00 NOTE
r-patched-linux-x86_64 0.6.3 33.16 16.39 49.54 NOTE
r-patched-solaris-sparc 0.6.3 558.40 NOTE
r-patched-solaris-x86 0.6.3 100.70 NOTE
r-release-linux-x86_64 0.6.3 32.93 15.95 48.88 NOTE
r-release-osx-x86_64-mavericks 0.6.3 NOTE
r-release-windows-ix86+x86_64 0.6.3 109.00 62.00 171.00 NOTE
r-oldrel-windows-ix86+x86_64 0.6.3 141.00 59.00 200.00 NOTE

Check Details

Version: 0.6.3
Check: DESCRIPTION meta-information
Result: NOTE
    Malformed Description field: should contain one or more complete sentences.
Flavors: r-devel-linux-x86_64-debian-clang, r-devel-linux-x86_64-debian-gcc, r-devel-macos-x86_64-clang, r-devel-windows-ix86+x86_64, r-patched-linux-x86_64, r-patched-solaris-sparc, r-patched-solaris-x86, r-release-linux-x86_64, r-release-osx-x86_64-mavericks, r-release-windows-ix86+x86_64, r-oldrel-windows-ix86+x86_64

Version: 0.6.3
Check: S3 generic/method consistency
Result: NOTE
    Found the following apparent S3 methods exported but not registered:
     predict.rgam
    See section ‘Registering S3 methods’ in the ‘Writing R Extensions’
    manual.
Flavors: r-devel-linux-x86_64-debian-clang, r-devel-linux-x86_64-debian-gcc, r-devel-macos-x86_64-clang, r-patched-linux-x86_64, r-patched-solaris-sparc, r-patched-solaris-x86, r-release-linux-x86_64

Version: 0.6.3
Flags: --no-stop-on-test-error
Check: DESCRIPTION meta-information
Result: NOTE
    Malformed Description field: should contain one or more complete sentences.
Flavors: r-devel-linux-x86_64-fedora-clang, r-devel-linux-x86_64-fedora-gcc

Version: 0.6.3
Flags: --no-stop-on-test-error
Check: S3 generic/method consistency
Result: NOTE
    Found the following apparent S3 methods exported but not registered:
     predict.rgam
    See section ‘Registering S3 methods’ in the ‘Writing R Extensions’
    manual.
Flavors: r-devel-linux-x86_64-fedora-clang, r-devel-linux-x86_64-fedora-gcc