CRAN Package Check Results for Package rgam

Last updated on 2016-08-25 04:49:50.

Flavor Version Tinstall Tcheck Ttotal Status Flags
r-devel-linux-x86_64-debian-clang 0.6.3 38.48 16.22 54.70 NOTE
r-devel-linux-x86_64-debian-gcc 0.6.3 42.18 15.76 57.94 NOTE
r-devel-linux-x86_64-fedora-clang 0.6.3 112.27 NOTE
r-devel-linux-x86_64-fedora-gcc 0.6.3 105.36 NOTE
r-devel-osx-x86_64-clang 0.6.3 75.67 NOTE
r-devel-windows-ix86+x86_64 0.6.3 154.00 43.00 197.00 NOTE
r-patched-linux-x86_64 0.6.3 33.07 15.65 48.72 NOTE
r-patched-solaris-sparc 0.6.3 551.20 NOTE
r-patched-solaris-x86 0.6.3 100.40 NOTE
r-release-linux-x86_64 0.6.3 33.31 16.13 49.45 NOTE
r-release-osx-x86_64-mavericks 0.6.3 NOTE
r-release-windows-ix86+x86_64 0.6.3 154.00 58.00 212.00 NOTE
r-oldrel-windows-ix86+x86_64 0.6.3 100.00 70.00 170.00 NOTE

Check Details

Version: 0.6.3
Check: DESCRIPTION meta-information
Result: NOTE
    Malformed Description field: should contain one or more complete sentences.
Flavors: r-devel-linux-x86_64-debian-clang, r-devel-linux-x86_64-debian-gcc, r-devel-linux-x86_64-fedora-clang, r-devel-linux-x86_64-fedora-gcc, r-devel-osx-x86_64-clang, r-devel-windows-ix86+x86_64, r-patched-linux-x86_64, r-patched-solaris-sparc, r-patched-solaris-x86, r-release-linux-x86_64, r-release-osx-x86_64-mavericks, r-release-windows-ix86+x86_64, r-oldrel-windows-ix86+x86_64

Version: 0.6.3
Check: S3 generic/method consistency
Result: NOTE
    Found the following apparent S3 methods exported but not registered:
     predict.rgam
    See section ‘Registering S3 methods’ in the ‘Writing R Extensions’
    manual.
Flavors: r-devel-linux-x86_64-debian-clang, r-devel-linux-x86_64-debian-gcc, r-devel-linux-x86_64-fedora-clang, r-devel-linux-x86_64-fedora-gcc, r-devel-osx-x86_64-clang, r-patched-linux-x86_64, r-patched-solaris-sparc, r-patched-solaris-x86, r-release-linux-x86_64