CRAN Package Check Results for Package rgam

Last updated on 2016-02-07 22:46:57.

Flavor Version Tinstall Tcheck Ttotal Status Flags
r-devel-linux-x86_64-debian-gcc 0.6.3 32.32 13.96 46.28 NOTE
r-devel-linux-x86_64-fedora-clang 0.6.3 102.83 NOTE
r-devel-linux-x86_64-fedora-gcc 0.6.3 90.13 NOTE
r-devel-osx-x86_64-clang 0.6.3 66.50 NOTE
r-devel-windows-ix86+x86_64 0.6.3 109.00 59.00 168.00 NOTE
r-patched-linux-x86_64 0.6.3 32.12 15.07 47.20 NOTE
r-patched-solaris-sparc 0.6.3 561.90 NOTE
r-patched-solaris-x86 0.6.3 102.30 NOTE
r-release-linux-x86_64 0.6.3 32.53 15.02 47.55 NOTE
r-release-osx-x86_64-mavericks 0.6.3 NOTE
r-release-windows-ix86+x86_64 0.6.3 130.00 56.00 186.00 NOTE
r-oldrel-windows-ix86+x86_64 0.6.3 135.00 68.00 203.00 OK

Check Details

Version: 0.6.3
Check: DESCRIPTION meta-information
Result: NOTE
    Malformed Description field: should contain one or more complete sentences.
Flavors: r-devel-linux-x86_64-debian-gcc, r-devel-linux-x86_64-fedora-clang, r-devel-linux-x86_64-fedora-gcc, r-devel-osx-x86_64-clang, r-devel-windows-ix86+x86_64, r-patched-linux-x86_64, r-patched-solaris-sparc, r-patched-solaris-x86, r-release-linux-x86_64, r-release-osx-x86_64-mavericks, r-release-windows-ix86+x86_64

Version: 0.6.3
Check: S3 generic/method consistency
Result: NOTE
    Found the following apparent S3 methods exported but not registered:
     predict.rgam
    See section ‘Registering S3 methods’ in the ‘Writing R Extensions’
    manual.
Flavors: r-devel-linux-x86_64-debian-gcc, r-devel-linux-x86_64-fedora-clang, r-devel-linux-x86_64-fedora-gcc, r-devel-osx-x86_64-clang, r-patched-linux-x86_64, r-patched-solaris-sparc, r-patched-solaris-x86, r-release-linux-x86_64