CRAN Package Check Results for Package rgam

Last updated on 2017-07-25 19:48:30.

Flavor Version Tinstall Tcheck Ttotal Status Flags
r-devel-linux-x86_64-debian-clang 0.6.3 40.66 23.61 64.27 NOTE
r-devel-linux-x86_64-debian-gcc 0.6.3 45.07 23.28 68.34 NOTE
r-devel-linux-x86_64-fedora-clang 0.6.3 118.59 NOTE
r-devel-linux-x86_64-fedora-gcc 0.6.3 119.95 NOTE
r-devel-windows-ix86+x86_64 0.6.3 140.00 65.00 205.00 NOTE
r-patched-linux-x86_64 0.6.3 44.29 23.70 67.99 NOTE
r-patched-solaris-x86 0.6.3 109.20 NOTE
r-release-linux-x86_64 0.6.3 44.40 23.38 67.78 NOTE
r-release-windows-ix86+x86_64 0.6.3 115.00 76.00 191.00 NOTE
r-release-osx-x86_64 0.6.3 NOTE
r-oldrel-windows-ix86+x86_64 0.6.3 127.00 67.00 194.00 NOTE
r-oldrel-osx-x86_64 0.6.3 NOTE

Check Details

Version: 0.6.3
Check: DESCRIPTION meta-information
Result: NOTE
    Malformed Description field: should contain one or more complete sentences.
Flavors: r-devel-linux-x86_64-debian-clang, r-devel-linux-x86_64-debian-gcc, r-devel-linux-x86_64-fedora-clang, r-devel-linux-x86_64-fedora-gcc, r-devel-windows-ix86+x86_64, r-patched-linux-x86_64, r-patched-solaris-x86, r-release-linux-x86_64, r-release-windows-ix86+x86_64, r-release-osx-x86_64, r-oldrel-windows-ix86+x86_64, r-oldrel-osx-x86_64

Version: 0.6.3
Check: S3 generic/method consistency
Result: NOTE
    Found the following apparent S3 methods exported but not registered:
     predict.rgam
    See section ‘Registering S3 methods’ in the ‘Writing R Extensions’
    manual.
Flavors: r-devel-linux-x86_64-debian-clang, r-devel-linux-x86_64-debian-gcc, r-devel-linux-x86_64-fedora-clang, r-devel-linux-x86_64-fedora-gcc, r-patched-linux-x86_64, r-patched-solaris-x86, r-release-linux-x86_64

Version: 0.6.3
Check: compiled code
Result: NOTE
    File ‘rgam/libs/rgam.so’:
     Found no calls to: ‘R_registerRoutines’, ‘R_useDynamicSymbols’
    
    It is good practice to register native routines and to disable symbol
    search.
    
    See ‘Writing portable packages’ in the ‘Writing R Extensions’ manual.
Flavors: r-devel-linux-x86_64-debian-clang, r-devel-linux-x86_64-debian-gcc, r-devel-linux-x86_64-fedora-clang, r-devel-linux-x86_64-fedora-gcc, r-patched-linux-x86_64, r-release-linux-x86_64