CRAN Package Check Results for Package rgam

Last updated on 2017-05-26 03:48:42.

Flavor Version Tinstall Tcheck Ttotal Status Flags
r-devel-linux-x86_64-debian-clang 0.6.3 41.54 17.10 58.64 NOTE
r-devel-linux-x86_64-debian-gcc 0.6.3 43.66 17.45 61.11 NOTE
r-devel-linux-x86_64-fedora-clang 0.6.3 118.31 NOTE --no-stop-on-test-error
r-devel-linux-x86_64-fedora-gcc 0.6.3 113.22 NOTE --no-stop-on-test-error
r-devel-windows-ix86+x86_64 0.6.3 128.00 78.00 206.00 NOTE
r-patched-linux-x86_64 0.6.3 34.83 17.43 52.26 NOTE
r-patched-solaris-sparc 0.6.3 558.00 NOTE
r-patched-solaris-x86 0.6.3 110.20 NOTE --no-stop-on-test-error
r-release-linux-x86_64 0.6.3 34.50 17.21 51.70 NOTE
r-release-windows-ix86+x86_64 0.6.3 161.00 56.00 217.00 NOTE
r-release-osx-x86_64 0.6.3 NOTE
r-oldrel-windows-ix86+x86_64 0.6.3 164.00 53.00 217.00 NOTE
r-oldrel-osx-x86_64 0.6.3 NOTE

Check Details

Version: 0.6.3
Check: DESCRIPTION meta-information
Result: NOTE
    Malformed Description field: should contain one or more complete sentences.
Flavors: r-devel-linux-x86_64-debian-clang, r-devel-linux-x86_64-debian-gcc, r-devel-windows-ix86+x86_64, r-patched-linux-x86_64, r-patched-solaris-sparc, r-release-linux-x86_64, r-release-windows-ix86+x86_64, r-release-osx-x86_64, r-oldrel-windows-ix86+x86_64, r-oldrel-osx-x86_64

Version: 0.6.3
Check: S3 generic/method consistency
Result: NOTE
    Found the following apparent S3 methods exported but not registered:
     predict.rgam
    See section ‘Registering S3 methods’ in the ‘Writing R Extensions’
    manual.
Flavors: r-devel-linux-x86_64-debian-clang, r-devel-linux-x86_64-debian-gcc, r-patched-linux-x86_64, r-patched-solaris-sparc, r-release-linux-x86_64

Version: 0.6.3
Check: compiled code
Result: NOTE
    File ‘rgam/libs/rgam.so’:
     Found no calls to: ‘R_registerRoutines’, ‘R_useDynamicSymbols’
    
    It is good practice to register native routines and to disable symbol
    search.
    
    See ‘Writing portable packages’ in the ‘Writing R Extensions’ manual.
Flavors: r-devel-linux-x86_64-debian-clang, r-devel-linux-x86_64-debian-gcc, r-patched-linux-x86_64, r-release-linux-x86_64

Version: 0.6.3
Flags: --no-stop-on-test-error
Check: DESCRIPTION meta-information
Result: NOTE
    Malformed Description field: should contain one or more complete sentences.
Flavors: r-devel-linux-x86_64-fedora-clang, r-devel-linux-x86_64-fedora-gcc, r-patched-solaris-x86

Version: 0.6.3
Flags: --no-stop-on-test-error
Check: S3 generic/method consistency
Result: NOTE
    Found the following apparent S3 methods exported but not registered:
     predict.rgam
    See section ‘Registering S3 methods’ in the ‘Writing R Extensions’
    manual.
Flavors: r-devel-linux-x86_64-fedora-clang, r-devel-linux-x86_64-fedora-gcc, r-patched-solaris-x86

Version: 0.6.3
Flags: --no-stop-on-test-error
Check: compiled code
Result: NOTE
    File ‘rgam/libs/rgam.so’:
     Found no calls to: ‘R_registerRoutines’, ‘R_useDynamicSymbols’
    
    It is good practice to register native routines and to disable symbol
    search.
    
    See ‘Writing portable packages’ in the ‘Writing R Extensions’ manual.
Flavors: r-devel-linux-x86_64-fedora-clang, r-devel-linux-x86_64-fedora-gcc