CRAN Package Check Results for Package rgam

Last updated on 2017-01-23 14:48:26.

Flavor Version Tinstall Tcheck Ttotal Status Flags
r-devel-linux-x86_64-debian-clang 0.6.3 38.97 18.30 57.28 NOTE
r-devel-linux-x86_64-debian-gcc 0.6.3 42.43 17.93 60.36 NOTE
r-devel-linux-x86_64-fedora-clang 0.6.3 116.56 NOTE --no-stop-on-test-error
r-devel-linux-x86_64-fedora-gcc 0.6.3 108.65 NOTE --no-stop-on-test-error
r-devel-macos-x86_64-clang 0.6.3 75.32 NOTE --no-stop-on-test-error
r-devel-windows-ix86+x86_64 0.6.3 128.00 53.00 181.00 NOTE
r-patched-linux-x86_64 0.6.3 33.79 16.11 49.89 NOTE
r-patched-solaris-sparc 0.6.3 539.00 NOTE
r-patched-solaris-x86 0.6.3 102.50 NOTE
r-release-linux-x86_64 0.6.3 33.98 16.22 50.20 NOTE
r-release-osx-x86_64-mavericks 0.6.3 NOTE
r-release-windows-ix86+x86_64 0.6.3 207.00 57.00 264.00 NOTE
r-oldrel-windows-ix86+x86_64 0.6.3 202.00 94.00 296.00 NOTE

Check Details

Version: 0.6.3
Check: DESCRIPTION meta-information
Result: NOTE
    Malformed Description field: should contain one or more complete sentences.
Flavors: r-devel-linux-x86_64-debian-clang, r-devel-linux-x86_64-debian-gcc, r-devel-windows-ix86+x86_64, r-patched-linux-x86_64, r-patched-solaris-sparc, r-patched-solaris-x86, r-release-linux-x86_64, r-release-osx-x86_64-mavericks, r-release-windows-ix86+x86_64, r-oldrel-windows-ix86+x86_64

Version: 0.6.3
Check: S3 generic/method consistency
Result: NOTE
    Found the following apparent S3 methods exported but not registered:
     predict.rgam
    See section ‘Registering S3 methods’ in the ‘Writing R Extensions’
    manual.
Flavors: r-devel-linux-x86_64-debian-clang, r-devel-linux-x86_64-debian-gcc, r-patched-linux-x86_64, r-patched-solaris-sparc, r-patched-solaris-x86, r-release-linux-x86_64

Version: 0.6.3
Flags: --no-stop-on-test-error
Check: DESCRIPTION meta-information
Result: NOTE
    Malformed Description field: should contain one or more complete sentences.
Flavors: r-devel-linux-x86_64-fedora-clang, r-devel-linux-x86_64-fedora-gcc, r-devel-macos-x86_64-clang

Version: 0.6.3
Flags: --no-stop-on-test-error
Check: S3 generic/method consistency
Result: NOTE
    Found the following apparent S3 methods exported but not registered:
     predict.rgam
    See section ‘Registering S3 methods’ in the ‘Writing R Extensions’
    manual.
Flavors: r-devel-linux-x86_64-fedora-clang, r-devel-linux-x86_64-fedora-gcc, r-devel-macos-x86_64-clang