CRAN Package Check Results for Package rgam

Last updated on 2017-09-22 02:47:58.

Flavor Version Tinstall Tcheck Ttotal Status Flags
r-devel-linux-x86_64-debian-clang 0.6.3 40.80 17.45 58.25 NOTE
r-devel-linux-x86_64-debian-gcc 0.6.3 44.51 17.15 61.67 NOTE
r-devel-linux-x86_64-fedora-clang 0.6.3 118.79 NOTE
r-devel-linux-x86_64-fedora-gcc 0.6.3 112.30 NOTE
r-devel-windows-ix86+x86_64 0.6.3 123.00 67.00 190.00 NOTE
r-patched-linux-x86_64 0.6.3 44.12 17.09 61.21 NOTE
r-patched-solaris-x86 0.6.3 111.10 NOTE
r-release-linux-x86_64 0.6.3 44.63 17.34 61.96 NOTE
r-release-windows-ix86+x86_64 0.6.3 127.00 61.00 188.00 NOTE
r-release-osx-x86_64 0.6.3 NOTE
r-oldrel-windows-ix86+x86_64 0.6.3 120.00 58.00 178.00 NOTE
r-oldrel-osx-x86_64 0.6.3 NOTE

Check Details

Version: 0.6.3
Check: DESCRIPTION meta-information
Result: NOTE
    Malformed Description field: should contain one or more complete sentences.
Flavors: r-devel-linux-x86_64-debian-clang, r-devel-linux-x86_64-debian-gcc, r-devel-linux-x86_64-fedora-clang, r-devel-linux-x86_64-fedora-gcc, r-devel-windows-ix86+x86_64, r-patched-linux-x86_64, r-patched-solaris-x86, r-release-linux-x86_64, r-release-windows-ix86+x86_64, r-release-osx-x86_64, r-oldrel-windows-ix86+x86_64, r-oldrel-osx-x86_64

Version: 0.6.3
Check: S3 generic/method consistency
Result: NOTE
    Found the following apparent S3 methods exported but not registered:
     predict.rgam
    See section ‘Registering S3 methods’ in the ‘Writing R Extensions’
    manual.
Flavors: r-devel-linux-x86_64-debian-clang, r-devel-linux-x86_64-debian-gcc, r-devel-linux-x86_64-fedora-clang, r-devel-linux-x86_64-fedora-gcc, r-patched-linux-x86_64, r-patched-solaris-x86, r-release-linux-x86_64

Version: 0.6.3
Check: compiled code
Result: NOTE
    File ‘rgam/libs/rgam.so’:
     Found no calls to: ‘R_registerRoutines’, ‘R_useDynamicSymbols’
    
    It is good practice to register native routines and to disable symbol
    search.
    
    See ‘Writing portable packages’ in the ‘Writing R Extensions’ manual.
Flavors: r-devel-linux-x86_64-debian-clang, r-devel-linux-x86_64-debian-gcc, r-devel-linux-x86_64-fedora-clang, r-devel-linux-x86_64-fedora-gcc, r-patched-linux-x86_64, r-release-linux-x86_64