CRAN Package Check Results for Package rgam

Last updated on 2015-05-26 06:47:05.

Flavor Version Tinstall Tcheck Ttotal Status Flags
r-devel-linux-x86_64-debian-clang 0.6.3 31.41 16.18 47.59 NOTE
r-devel-linux-x86_64-debian-gcc 0.6.3 33.90 15.50 49.40 NOTE
r-devel-linux-x86_64-fedora-clang 0.6.3 101.44 NOTE
r-devel-linux-x86_64-fedora-gcc 0.6.3 91.60 NOTE
r-devel-osx-x86_64-clang 0.6.3 63.04 NOTE
r-devel-windows-ix86+x86_64 0.6.3 93.00 49.00 142.00 NOTE
r-patched-linux-x86_64 0.6.3 35.80 15.36 51.17 NOTE
r-patched-solaris-sparc 0.6.3 612.10 NOTE
r-patched-solaris-x86 0.6.3 118.90 NOTE
r-release-linux-x86_64 0.6.3 33.83 15.20 49.03 NOTE
r-release-osx-x86_64-mavericks 0.6.3 NOTE
r-release-osx-x86_64-snowleopard 0.6.3 NOTE
r-release-windows-ix86+x86_64 0.6.3 97.00 51.00 148.00 NOTE
r-oldrel-windows-ix86+x86_64 0.6.3 96.00 81.00 177.00 OK

Check Details

Version: 0.6.3
Check: DESCRIPTION meta-information
Result: NOTE
    Malformed Description field: should contain one or more complete sentences.
Flavors: r-devel-linux-x86_64-debian-clang, r-devel-linux-x86_64-debian-gcc, r-devel-linux-x86_64-fedora-clang, r-devel-linux-x86_64-fedora-gcc, r-devel-osx-x86_64-clang, r-devel-windows-ix86+x86_64, r-patched-linux-x86_64, r-patched-solaris-sparc, r-patched-solaris-x86, r-release-linux-x86_64, r-release-osx-x86_64-mavericks, r-release-osx-x86_64-snowleopard, r-release-windows-ix86+x86_64

Version: 0.6.3
Check: S3 generic/method consistency
Result: NOTE
    Found the following apparent S3 methods exported but not registered:
     predict.rgam
    See section ‘Registering S3 methods’ in the ‘Writing R Extensions’
    manual.
Flavors: r-devel-linux-x86_64-debian-clang, r-devel-linux-x86_64-debian-gcc, r-devel-linux-x86_64-fedora-clang, r-devel-linux-x86_64-fedora-gcc, r-devel-osx-x86_64-clang, r-patched-linux-x86_64, r-patched-solaris-sparc, r-patched-solaris-x86, r-release-linux-x86_64