CRAN Package Check Results for Package rgbif

Last updated on 2014-12-19 12:48:26.

Flavor Version Tinstall Tcheck Ttotal Status Flags
r-devel-linux-x86_64-debian-clang 0.7.7 4.47 44.16 48.63 OK
r-devel-linux-x86_64-debian-gcc 0.7.7 4.13 41.40 45.53 OK
r-devel-linux-x86_64-fedora-clang 0.7.7 102.48 OK
r-devel-linux-x86_64-fedora-gcc 0.7.7 91.84 OK
r-devel-osx-x86_64-clang 0.7.7 82.87 OK
r-devel-windows-ix86+x86_64 0.7.7 16.00 77.00 93.00 OK
r-patched-linux-x86_64 0.7.7 4.24 44.84 49.09 OK
r-patched-solaris-sparc 0.7.7 535.60 OK
r-patched-solaris-x86 0.7.7 133.00 OK
r-release-linux-ix86 0.7.7 4.89 53.99 58.88 OK
r-release-linux-x86_64 0.7.7 4.23 46.17 50.40 OK
r-release-osx-x86_64-mavericks 0.7.7 ERROR
r-release-osx-x86_64-snowleopard 0.7.7 OK
r-release-windows-ix86+x86_64 0.7.7 15.00 79.00 94.00 OK
r-oldrel-windows-ix86+x86_64 0.7.7 14.00 79.00 93.00 OK

Check Details

Version: 0.7.7
Check: package dependencies
Result: ERROR
    Package required but not available: ‘rgeos’
    
    See the information on DESCRIPTION files in the chapter ‘Creating R
    packages’ of the ‘Writing R Extensions’ manual.
Flavor: r-release-osx-x86_64-mavericks