CRAN Package Check Results for Package rgbif

Last updated on 2014-09-02 15:49:06.

Flavor Version Tinstall Tcheck Ttotal Status Flags
r-devel-linux-x86_64-debian-clang 0.7.0 4.91 52.61 57.52 NOTE
r-devel-linux-x86_64-debian-gcc 0.7.0 4.88 50.54 55.42 NOTE
r-devel-linux-x86_64-fedora-clang 0.7.0 123.31 NOTE
r-devel-linux-x86_64-fedora-gcc 0.7.0 111.56 NOTE
r-devel-osx-x86_64-clang 0.7.0 90.24 NOTE
r-devel-windows-ix86+x86_64 0.7.0 17.00 83.00 100.00 NOTE
r-patched-linux-x86_64 0.7.0 5.99 54.39 60.38 OK
r-patched-solaris-sparc 0.7.0 653.20 OK
r-patched-solaris-x86 0.7.0 168.90 OK
r-release-linux-ix86 0.7.0 5.93 66.44 72.37 OK
r-release-linux-x86_64 0.7.0 5.04 54.32 59.35 OK
r-release-osx-x86_64-mavericks 0.7.0 ERROR
r-release-osx-x86_64-snowleopard 0.7.0 OK
r-release-windows-ix86+x86_64 0.7.0 13.00 87.00 100.00 OK
r-oldrel-windows-ix86+x86_64 0.7.0 15.00 92.00 107.00 OK

Check Details

Version: 0.7.0
Check: R code for possible problems
Result: NOTE
    count_facet: no visible binding for global variable ‘isocodes’
    rgb_country_codes: no visible binding for global variable ‘isocodes’
Flavors: r-devel-linux-x86_64-debian-clang, r-devel-linux-x86_64-debian-gcc, r-devel-linux-x86_64-fedora-clang, r-devel-linux-x86_64-fedora-gcc, r-devel-osx-x86_64-clang, r-devel-windows-ix86+x86_64

Version: 0.7.0
Check: package dependencies
Result: ERROR
    Packages required but not available: ‘rgdal’ ‘rgeos’
    
    See the information on DESCRIPTION files in the chapter ‘Creating R
    packages’ of the ‘Writing R Extensions’ manual.
Flavor: r-release-osx-x86_64-mavericks