CRAN Package Check Results for Package rgbif

Last updated on 2014-08-27 10:47:58.

Flavor Version Tinstall Tcheck Ttotal Status Flags
r-devel-linux-x86_64-debian-clang 0.7.0 5.07 52.13 57.20 NOTE
r-devel-linux-x86_64-debian-gcc 0.7.0 4.87 52.00 56.87 NOTE
r-devel-linux-x86_64-fedora-clang 0.7.0 123.11 NOTE
r-devel-linux-x86_64-fedora-gcc 0.7.0 116.81 NOTE
r-devel-osx-x86_64-clang 0.7.0 90.33 NOTE
r-devel-windows-ix86+x86_64 0.7.0 19.00 88.00 107.00 NOTE
r-patched-linux-x86_64 0.7.0 5.01 54.07 59.08 OK
r-patched-solaris-sparc 0.7.0 653.20 OK
r-patched-solaris-x86 0.7.0 167.70 OK
r-release-linux-ix86 0.7.0 5.99 65.99 71.98 OK
r-release-linux-x86_64 0.7.0 4.94 54.69 59.63 OK
r-release-osx-x86_64-mavericks 0.7.0 ERROR
r-release-osx-x86_64-snowleopard 0.7.0 OK
r-release-windows-ix86+x86_64 0.7.0 16.00 86.00 102.00 OK
r-oldrel-windows-ix86+x86_64 0.7.0 17.00 90.00 107.00 OK

Check Details

Version: 0.7.0
Check: R code for possible problems
Result: NOTE
    count_facet: no visible binding for global variable ‘isocodes’
    rgb_country_codes: no visible binding for global variable ‘isocodes’
Flavors: r-devel-linux-x86_64-debian-clang, r-devel-linux-x86_64-debian-gcc, r-devel-linux-x86_64-fedora-clang, r-devel-linux-x86_64-fedora-gcc, r-devel-osx-x86_64-clang, r-devel-windows-ix86+x86_64

Version: 0.7.0
Check: package dependencies
Result: ERROR
    Packages required but not available: ‘rgdal’ ‘rgeos’
    
    See the information on DESCRIPTION files in the chapter ‘Creating R
    packages’ of the ‘Writing R Extensions’ manual.
Flavor: r-release-osx-x86_64-mavericks