CRAN Package Check Results for Package rgbif

Last updated on 2015-05-30 03:48:56.

Flavor Version Tinstall Tcheck Ttotal Status Flags
r-devel-linux-x86_64-debian-clang 0.8.0 2.69 34.61 37.30 NOTE
r-devel-linux-x86_64-debian-gcc 0.8.0 2.70 31.44 34.14 NOTE
r-devel-linux-x86_64-fedora-clang 0.8.0 70.11 NOTE
r-devel-linux-x86_64-fedora-gcc 0.8.0 67.40 NOTE
r-devel-osx-x86_64-clang 0.8.0 63.56 NOTE
r-devel-windows-ix86+x86_64 0.8.0 12.00 58.00 70.00 NOTE
r-patched-linux-x86_64 0.8.0 2.68 32.89 35.57 NOTE
r-patched-solaris-sparc 0.8.0 419.30 NOTE
r-patched-solaris-x86 0.8.0 99.00 NOTE
r-release-linux-x86_64 0.8.0 2.71 31.61 34.32 OK
r-release-osx-x86_64-mavericks 0.8.0 OK
r-release-osx-x86_64-snowleopard 0.8.0 ERROR
r-release-windows-ix86+x86_64 0.8.0 11.00 60.00 71.00 OK
r-oldrel-windows-ix86+x86_64 0.8.0 19.00 91.00 110.00 OK

Check Details

Version: 0.8.0
Check: files in ‘vignettes’
Result: NOTE
    The following directory looks like a leftover from 'knitr':
     ‘figure’
    Please remove from your package.
Flavors: r-devel-linux-x86_64-debian-clang, r-devel-linux-x86_64-debian-gcc, r-devel-linux-x86_64-fedora-clang, r-devel-linux-x86_64-fedora-gcc, r-devel-osx-x86_64-clang, r-devel-windows-ix86+x86_64, r-patched-linux-x86_64, r-patched-solaris-sparc, r-patched-solaris-x86

Version: 0.8.0
Check: package dependencies
Result: ERROR
    Packages required but not available: ‘XML’ ‘ggplot2’ ‘rgeos’
    
    Package required and available but unsuitable version: ‘jsonlite’
    
    Package suggested but not available for checking: ‘knitr’
    
    VignetteBuilder package required for checking but not installed: ‘knitr’
    
    See section ‘The DESCRIPTION file’ in the ‘Writing R Extensions’
    manual.
Flavor: r-release-osx-x86_64-snowleopard