CRAN Package Check Results for Package rgbif

Last updated on 2015-04-28 16:46:51.

Flavor Version Tinstall Tcheck Ttotal Status Flags
r-devel-linux-x86_64-debian-clang 0.8.0 2.75 32.42 35.16 NOTE
r-devel-linux-x86_64-debian-gcc 0.8.0 2.82 30.98 33.80 NOTE
r-devel-linux-x86_64-fedora-clang 0.8.0 70.79 NOTE
r-devel-linux-x86_64-fedora-gcc 0.8.0 64.38 NOTE
r-devel-osx-x86_64-clang 0.8.0 59.50 NOTE
r-devel-windows-ix86+x86_64 0.8.0 11.00 54.00 65.00 NOTE
r-patched-linux-x86_64 0.8.0 2.91 31.41 34.32 NOTE
r-patched-solaris-sparc 0.8.0 433.70 NOTE
r-patched-solaris-x86 0.8.0 95.90 NOTE
r-release-linux-x86_64 0.8.0 2.99 31.30 34.30 OK
r-release-osx-x86_64-mavericks 0.8.0 ERROR
r-release-osx-x86_64-snowleopard 0.8.0 ERROR
r-release-windows-ix86+x86_64 0.8.0 10.00 51.00 61.00 OK
r-oldrel-windows-ix86+x86_64 0.8.0 14.00 77.00 91.00 OK

Check Details

Version: 0.8.0
Check: files in ‘vignettes’
Result: NOTE
    The following directory looks like a leftover from 'knitr':
     ‘figure’
    Please remove from your package.
Flavors: r-devel-linux-x86_64-debian-clang, r-devel-linux-x86_64-debian-gcc, r-devel-linux-x86_64-fedora-clang, r-devel-linux-x86_64-fedora-gcc, r-devel-osx-x86_64-clang, r-devel-windows-ix86+x86_64, r-patched-linux-x86_64, r-patched-solaris-sparc, r-patched-solaris-x86

Version: 0.8.0
Check: package dependencies
Result: ERROR
    Package required but not available: ‘rgeos’
    
    See section ‘The DESCRIPTION file’ in the ‘Writing R Extensions’
    manual.
Flavor: r-release-osx-x86_64-mavericks

Version: 0.8.0
Check: package dependencies
Result: ERROR
    Packages required but not available: ‘XML’ ‘ggplot2’ ‘rgeos’
    
    Package required and available but unsuitable version: ‘jsonlite’
    
    Package suggested but not available for checking: ‘knitr’
    
    VignetteBuilder package required for checking but not installed: ‘knitr’
    
    See section ‘The DESCRIPTION file’ in the ‘Writing R Extensions’
    manual.
Flavor: r-release-osx-x86_64-snowleopard