CRAN Package Check Results for Package rgbif

Last updated on 2016-09-30 04:49:15.

Flavor Version Tinstall Tcheck Ttotal Status Flags
r-devel-linux-x86_64-debian-clang 0.9.4 2.64 34.48 37.11 WARN
r-devel-linux-x86_64-debian-gcc 0.9.4 2.44 35.32 37.76 WARN
r-devel-linux-x86_64-fedora-clang 0.9.4 70.33 WARN
r-devel-linux-x86_64-fedora-gcc 0.9.4 68.15 WARN
r-devel-macos-x86_64-clang 0.9.4 55.91 WARN
r-devel-windows-ix86+x86_64 0.9.4 15.00 90.00 105.00 WARN
r-patched-linux-x86_64 0.9.4 2.49 34.26 36.75 OK
r-patched-solaris-x86 0.9.4 94.70 OK
r-release-linux-x86_64 0.9.4 2.77 36.47 39.24 OK
r-release-osx-x86_64-mavericks 0.9.4 OK
r-release-windows-ix86+x86_64 0.9.4 8.00 72.00 80.00 OK
r-oldrel-windows-ix86+x86_64 0.9.4 18.00 94.00 112.00 OK

Check Details

Version: 0.9.4
Check: files in ‘vignettes’
Result: WARN
    Files in the 'vignettes' directory newer than same file in 'inst/doc':
     ‘rgbif_vignette.Rmd’
Flavors: r-devel-linux-x86_64-debian-clang, r-devel-linux-x86_64-debian-gcc, r-devel-linux-x86_64-fedora-clang, r-devel-linux-x86_64-fedora-gcc, r-devel-macos-x86_64-clang, r-devel-windows-ix86+x86_64