CRAN Package Check Results for Package rgbif

Last updated on 2016-12-06 20:48:46.

Flavor Version Tinstall Tcheck Ttotal Status Flags
r-devel-linux-x86_64-debian-clang 0.9.5 2.87 43.61 46.48 ERROR
r-devel-linux-x86_64-debian-gcc 0.9.5 2.66 43.85 46.51 ERROR
r-devel-linux-x86_64-fedora-clang 0.9.6 83.86 OK --no-stop-on-test-error
r-devel-linux-x86_64-fedora-gcc 0.9.6 82.78 OK --no-stop-on-test-error
r-devel-macos-x86_64-clang 0.9.6 67.53 OK --no-stop-on-test-error
r-devel-windows-ix86+x86_64 0.9.5 19.00 90.00 109.00 ERROR
r-patched-linux-x86_64 0.9.5 2.67 49.52 52.20 ERROR
r-patched-solaris-x86 0.9.6 87.20 OK
r-release-linux-x86_64 0.9.5 2.72 36.24 38.97 ERROR
r-release-osx-x86_64-mavericks 0.9.5 OK
r-release-windows-ix86+x86_64 0.9.5 10.00 70.00 80.00 ERROR
r-oldrel-windows-ix86+x86_64 0.9.6 15.00 88.00 103.00 OK

Check Details

Version: 0.9.5
Check: tests
Result: ERROR
    Running the tests in ‘tests/test-all.R’ failed.
    Last 13 lines of output:
     Type 'q()' to quit R.
    
     > library(testthat)
     > test_check("rgbif")
     Loading required package: rgbif
     1. Failure: occ_facet paging works (@test-occ_facet.R#30) ----------------------
     Names of `aa` ('hasCoordinate', 'basisOfRecord', 'country') don't match 'country', 'basisOfRecord', 'hasCoordinate'
    
    
     testthat results ================================================================
     OK: 67 SKIPPED: 98 FAILED: 1
     1. Failure: occ_facet paging works (@test-occ_facet.R#30)
    
     Error: testthat unit tests failed
     Execution halted
Flavors: r-devel-linux-x86_64-debian-clang, r-devel-linux-x86_64-debian-gcc, r-devel-windows-ix86+x86_64

Version: 0.9.5
Check: tests
Result: ERROR
     Running ‘test-all.R’ [1s/14s]
    Running the tests in ‘tests/test-all.R’ failed.
    Last 13 lines of output:
     > library(testthat)
     > test_check("rgbif")
     Loading required package: rgbif
     1. Failure: occ_facet paging works (@test-occ_facet.R#30) ----------------------
     Names of `aa` ('hasCoordinate', 'basisOfRecord', 'country') don't match 'country', 'basisOfRecord', 'hasCoordinate'
    
    
     testthat results ================================================================
     OK: 67 SKIPPED: 98 FAILED: 1
     1. Failure: occ_facet paging works (@test-occ_facet.R#30)
    
     Error: testthat unit tests failed
     Execution halted
Flavor: r-patched-linux-x86_64

Version: 0.9.5
Check: tests
Result: ERROR
    Running the tests in ‘tests/test-all.R’ failed.
    Last 13 lines of output:
     1. Error: occ_facet paging works (@test-occ_facet.R#23) ------------------------
     500 - Server error
     1: occ_facet(facet = c("country", "basisOfRecord", "hasCoordinate"), country.facetLimit = 3,
     basisOfRecord.facetLimit = 6) at testthat/test-occ_facet.R:23
     2: gbif_GET(paste0(gbif_base(), "/occurrence/search"), args, FALSE, ...)
     3: stop("500 - Server error", call. = FALSE)
    
     testthat results ================================================================
     OK: 61 SKIPPED: 98 FAILED: 1
     1. Error: occ_facet paging works (@test-occ_facet.R#23)
    
     Error: testthat unit tests failed
     Execution halted
Flavor: r-release-linux-x86_64

Version: 0.9.5
Check: tests
Result: ERROR
    Running the tests in 'tests/test-all.R' failed.
    Last 13 lines of output:
     > library(testthat)
     > test_check("rgbif")
     Loading required package: rgbif
     1. Failure: occ_facet paging works (@test-occ_facet.R#30) ----------------------
     Names of `aa` ('hasCoordinate', 'basisOfRecord', 'country') don't match 'country', 'basisOfRecord', 'hasCoordinate'
    
    
     testthat results ================================================================
     OK: 67 SKIPPED: 98 FAILED: 1
     1. Failure: occ_facet paging works (@test-occ_facet.R#30)
    
     Error: testthat unit tests failed
     Execution halted
Flavor: r-release-windows-ix86+x86_64