CRAN Package Check Results for Package rgbif

Last updated on 2014-04-24 21:47:48.

Flavor Version Tinstall Tcheck Ttotal Status Flags
r-devel-linux-x86_64-debian-clang 0.6.2 5.23 55.08 60.30 OK
r-devel-linux-x86_64-debian-gcc 0.6.0 5.13 53.71 58.84 OK
r-devel-linux-x86_64-fedora-clang 0.6.2 67.96 OK
r-devel-linux-x86_64-fedora-gcc 0.6.2 66.56 OK
r-devel-osx-x86_64-clang 0.6.2 81.92 OK
r-devel-osx-x86_64-gcc 0.6.0 ERROR
r-devel-windows-ix86+x86_64 0.6.2 14.00 74.00 88.00 OK
r-patched-linux-x86_64 0.6.0 4.92 52.53 57.45 OK
r-patched-solaris-sparc 0.6.2 631.70 OK
r-patched-solaris-x86 0.6.2 134.70 OK
r-release-linux-ix86 0.6.0 8.00 91.00 99.00 OK
r-release-linux-x86_64 0.6.0 5.44 53.32 58.76 OK
r-release-osx-x86_64-mavericks 0.6.0 ERROR
r-release-osx-x86_64-snowleopard 0.6.0 OK
r-release-windows-ix86+x86_64 0.6.0 15.00 81.00 96.00 OK
r-oldrel-windows-ix86+x86_64 0.6.0 15.00 83.00 98.00 OK

Check Details

Version: 0.6.0
Check: package dependencies
Result: ERROR
    Packages required but not available: ‘XML’ ‘ggplot2’ ‘maptools’ ‘rgeos’
    
    See the information on DESCRIPTION files in the chapter ‘Creating R
    packages’ of the ‘Writing R Extensions’ manual.
Flavor: r-devel-osx-x86_64-gcc

Version: 0.6.0
Check: package dependencies
Result: ERROR
    Packages required but not available: ‘maptools’ ‘rgdal’ ‘rgeos’
    
    See the information on DESCRIPTION files in the chapter ‘Creating R
    packages’ of the ‘Writing R Extensions’ manual.
Flavor: r-release-osx-x86_64-mavericks