CRAN Package Check Results for Package rgbif

Last updated on 2018-10-17 18:47:56 CEST.

Flavor Version Tinstall Tcheck Ttotal Status Flags
r-devel-linux-x86_64-debian-clang 1.0.2 9.17 75.34 84.51 ERROR
r-devel-linux-x86_64-debian-gcc 1.0.2 6.59 58.37 64.96 ERROR
r-devel-linux-x86_64-fedora-clang 1.0.2 99.30 ERROR
r-devel-linux-x86_64-fedora-gcc 1.0.2 95.05 ERROR
r-devel-windows-ix86+x86_64 1.0.2 20.00 89.00 109.00 ERROR
r-patched-linux-x86_64 1.0.2 9.49 64.87 74.36 ERROR
r-patched-solaris-x86 1.0.2 126.10 ERROR
r-release-linux-x86_64 1.0.2 6.46 64.80 71.26 ERROR
r-release-windows-ix86+x86_64 1.0.2 20.00 118.00 138.00 ERROR
r-release-osx-x86_64 1.0.2 OK
r-oldrel-windows-ix86+x86_64 1.0.2 18.00 86.00 104.00 ERROR
r-oldrel-osx-x86_64 1.0.2 OK

Check Details

Version: 1.0.2
Check: tests
Result: ERROR
     Running ‘test-all.R’ [3s/3s]
    Running the tests in ‘tests/test-all.R’ failed.
    Complete output:
     > library(testthat)
     > test_check("rgbif")
     Loading required package: rgbif
     ── 1. Error: name_usage with single taxon key and return='data': returns issues
     Not Found
     1: name_usage(key = 143861132, return = "data") at testthat/test-name_usage.r:63
     2: getdata(data, key, uuid, shortname, args, curlopts)
     3: gbif_GET(url, args, FALSE, curlopts)
     4: stop(mssg, call. = FALSE)
    
     ══ testthat results ═══════════════════════════════════════════════════════════
     OK: 63 SKIPPED: 117 FAILED: 1
     1. Error: name_usage with single taxon key and return='data': returns issues correctly (@test-name_usage.r#63)
    
     Error: testthat unit tests failed
     Execution halted
Flavor: r-devel-linux-x86_64-debian-clang

Version: 1.0.2
Check: tests
Result: ERROR
     Running ‘test-all.R’ [2s/3s]
    Running the tests in ‘tests/test-all.R’ failed.
    Complete output:
     > library(testthat)
     > test_check("rgbif")
     Loading required package: rgbif
     ── 1. Error: name_usage with single taxon key and return='data': returns issues
     Not Found
     1: name_usage(key = 143861132, return = "data") at testthat/test-name_usage.r:63
     2: getdata(data, key, uuid, shortname, args, curlopts)
     3: gbif_GET(url, args, FALSE, curlopts)
     4: stop(mssg, call. = FALSE)
    
     ══ testthat results ═══════════════════════════════════════════════════════════
     OK: 63 SKIPPED: 117 FAILED: 1
     1. Error: name_usage with single taxon key and return='data': returns issues correctly (@test-name_usage.r#63)
    
     Error: testthat unit tests failed
     Execution halted
Flavors: r-devel-linux-x86_64-debian-gcc, r-patched-linux-x86_64, r-release-linux-x86_64

Version: 1.0.2
Check: tests
Result: ERROR
     Running ‘test-all.R’
    Running the tests in ‘tests/test-all.R’ failed.
    Complete output:
     > library(testthat)
     > test_check("rgbif")
     Loading required package: rgbif
     ── 1. Error: name_usage with single taxon key and return='data': returns issues
     Not Found
     1: name_usage(key = 143861132, return = "data") at testthat/test-name_usage.r:63
     2: getdata(data, key, uuid, shortname, args, curlopts)
     3: gbif_GET(url, args, FALSE, curlopts)
     4: stop(mssg, call. = FALSE)
    
     ══ testthat results ═══════════════════════════════════════════════════════════
     OK: 63 SKIPPED: 117 FAILED: 1
     1. Error: name_usage with single taxon key and return='data': returns issues correctly (@test-name_usage.r#63)
    
     Error: testthat unit tests failed
     Execution halted
Flavors: r-devel-linux-x86_64-fedora-clang, r-devel-linux-x86_64-fedora-gcc, r-patched-solaris-x86

Version: 1.0.2
Check: tests
Result: ERROR
     Running 'test-all.R' [4s]
    Running the tests in 'tests/test-all.R' failed.
    Complete output:
     > library(testthat)
     > test_check("rgbif")
     Loading required package: rgbif
     -- 1. Error: name_usage with single taxon key and return='data': returns issues
     Not Found
     1: name_usage(key = 143861132, return = "data") at testthat/test-name_usage.r:63
     2: getdata(data, key, uuid, shortname, args, curlopts)
     3: gbif_GET(url, args, FALSE, curlopts)
     4: stop(mssg, call. = FALSE)
    
     == testthat results ===========================================================
     OK: 63 SKIPPED: 117 FAILED: 1
     1. Error: name_usage with single taxon key and return='data': returns issues correctly (@test-name_usage.r#63)
    
     Error: testthat unit tests failed
     Execution halted
Flavors: r-devel-windows-ix86+x86_64, r-oldrel-windows-ix86+x86_64

Version: 1.0.2
Check: tests
Result: ERROR
     Running 'test-all.R' [5s]
    Running the tests in 'tests/test-all.R' failed.
    Complete output:
     > library(testthat)
     > test_check("rgbif")
     Loading required package: rgbif
     -- 1. Error: name_usage with single taxon key and return='data': returns issues
     Not Found
     1: name_usage(key = 143861132, return = "data") at testthat/test-name_usage.r:63
     2: getdata(data, key, uuid, shortname, args, curlopts)
     3: gbif_GET(url, args, FALSE, curlopts)
     4: stop(mssg, call. = FALSE)
    
     == testthat results ===========================================================
     OK: 63 SKIPPED: 117 FAILED: 1
     1. Error: name_usage with single taxon key and return='data': returns issues correctly (@test-name_usage.r#63)
    
     Error: testthat unit tests failed
     Execution halted
Flavor: r-release-windows-ix86+x86_64