CRAN Package Check Results for Package rgbif

Last updated on 2014-07-25 01:48:51.

Flavor Version Tinstall Tcheck Ttotal Status Flags
r-devel-linux-x86_64-debian-clang 0.6.2 4.87 52.07 56.94 OK
r-devel-linux-x86_64-debian-gcc 0.6.2 4.74 50.52 55.26 OK
r-devel-linux-x86_64-fedora-clang 0.6.2 123.90 OK
r-devel-linux-x86_64-fedora-gcc 0.6.2 121.01 OK
r-devel-osx-x86_64-clang 0.6.2 89.99 OK
r-devel-windows-ix86+x86_64 0.6.2 15.00 82.00 97.00 OK
r-patched-linux-x86_64 0.6.2 4.78 51.55 56.33 OK
r-patched-solaris-sparc 0.6.2 631.70 OK
r-patched-solaris-x86 0.6.2 165.90 OK
r-release-linux-ix86 0.6.2 5.87 64.05 69.92 OK
r-release-linux-x86_64 0.6.2 4.94 51.80 56.74 OK
r-release-osx-x86_64-mavericks 0.6.2 ERROR
r-release-osx-x86_64-snowleopard 0.6.2 OK
r-release-windows-ix86+x86_64 0.6.2 17.00 88.00 105.00 OK
r-oldrel-windows-ix86+x86_64 0.6.2 18.00 87.00 105.00 OK

Check Details

Version: 0.6.2
Check: package dependencies
Result: ERROR
    Packages required but not available: ‘rgdal’ ‘rgeos’
    
    See the information on DESCRIPTION files in the chapter ‘Creating R
    packages’ of the ‘Writing R Extensions’ manual.
Flavor: r-release-osx-x86_64-mavericks