CRAN Package Check Results for Package rgbif

Last updated on 2014-10-25 01:49:50.

Flavor Version Tinstall Tcheck Ttotal Status Flags
r-devel-linux-x86_64-debian-clang 0.7.0 5.15 52.27 57.42 NOTE
r-devel-linux-x86_64-debian-gcc 0.7.0 4.94 52.54 57.48 NOTE
r-devel-linux-x86_64-fedora-clang 0.7.0 123.27 NOTE
r-devel-linux-x86_64-fedora-gcc 0.7.0 113.90 NOTE
r-devel-osx-x86_64-clang 0.7.0 100.11 NOTE
r-devel-windows-ix86+x86_64 0.7.0 16.00 80.00 96.00 NOTE
r-patched-linux-x86_64 0.7.0 5.12 53.30 58.43 NOTE
r-patched-solaris-sparc 0.7.0 692.60 NOTE
r-patched-solaris-x86 0.7.0 174.90 NOTE
r-release-linux-ix86 0.7.0 6.32 67.67 73.99 OK
r-release-linux-x86_64 0.7.0 5.09 55.54 60.63 OK
r-release-osx-x86_64-mavericks 0.7.0 ERROR
r-release-osx-x86_64-snowleopard 0.7.0 OK
r-release-windows-ix86+x86_64 0.7.0 15.00 90.00 105.00 OK
r-oldrel-windows-ix86+x86_64 0.7.0 16.00 93.00 109.00 OK

Check Details

Version: 0.7.0
Check: R code for possible problems
Result: NOTE
    count_facet: no visible binding for global variable ‘isocodes’
    rgb_country_codes: no visible binding for global variable ‘isocodes’
Flavors: r-devel-linux-x86_64-debian-clang, r-devel-linux-x86_64-debian-gcc, r-devel-linux-x86_64-fedora-clang, r-devel-linux-x86_64-fedora-gcc, r-devel-osx-x86_64-clang, r-devel-windows-ix86+x86_64, r-patched-linux-x86_64, r-patched-solaris-sparc, r-patched-solaris-x86

Version: 0.7.0
Check: package dependencies
Result: ERROR
    Packages required but not available: ‘rgdal’ ‘rgeos’
    
    See the information on DESCRIPTION files in the chapter ‘Creating R
    packages’ of the ‘Writing R Extensions’ manual.
Flavor: r-release-osx-x86_64-mavericks