CRAN Package Check Results for Package rgbif

Last updated on 2015-03-03 14:47:34.

Flavor Version Tinstall Tcheck Ttotal Status Flags
r-devel-linux-x86_64-debian-clang 0.7.7 3.04 33.30 36.33 OK
r-devel-linux-x86_64-debian-gcc 0.7.7 2.61 31.36 33.97 OK
r-devel-linux-x86_64-fedora-clang 0.7.7 70.93 OK
r-devel-linux-x86_64-fedora-gcc 0.7.7 65.70 OK
r-devel-osx-x86_64-clang 0.7.7 62.57 OK
r-devel-windows-ix86+x86_64 0.7.7 18.00 71.00 89.00 OK
r-patched-linux-x86_64 0.7.7 4.57 46.67 51.24 OK
r-patched-solaris-sparc 0.7.7 605.40 OK
r-patched-solaris-x86 0.7.7 136.20 OK
r-release-linux-ix86 0.7.7 4.90 56.17 61.07 OK
r-release-linux-x86_64 0.7.7 4.37 46.60 50.97 OK
r-release-osx-x86_64-mavericks 0.7.7 ERROR
r-release-osx-x86_64-snowleopard 0.7.7 OK
r-release-windows-ix86+x86_64 0.7.7 27.00 116.00 143.00 OK
r-oldrel-windows-ix86+x86_64 0.7.7 15.00 80.00 95.00 OK

Check Details

Version: 0.7.7
Check: package dependencies
Result: ERROR
    Package required but not available: ‘rgeos’
    
    See section ‘The DESCRIPTION file’ in the ‘Writing R Extensions’
    manual.
Flavor: r-release-osx-x86_64-mavericks