CRAN Package Check Results for Package rgbif

Last updated on 2014-11-26 03:48:04.

Flavor Version Tinstall Tcheck Ttotal Status Flags
r-devel-linux-x86_64-debian-clang 0.7.7 4.27 44.50 48.77 OK
r-devel-linux-x86_64-debian-gcc 0.7.7 4.33 42.42 46.75 OK
r-devel-linux-x86_64-fedora-clang 0.7.7 104.63 OK
r-devel-linux-x86_64-fedora-gcc 0.7.7 96.45 OK
r-devel-osx-x86_64-clang 0.7.7 83.69 OK
r-devel-windows-ix86+x86_64 0.7.7 13.00 72.00 85.00 OK
r-patched-linux-x86_64 0.7.7 4.63 44.93 49.56 OK
r-patched-solaris-sparc 0.7.7 535.60 OK
r-patched-solaris-x86 0.7.7 133.30 OK
r-release-linux-ix86 0.7.7 4.93 54.15 59.08 OK
r-release-linux-x86_64 0.7.7 4.40 45.52 49.92 OK
r-release-osx-x86_64-mavericks 0.7.7 ERROR
r-release-osx-x86_64-snowleopard 0.7.7 OK
r-release-windows-ix86+x86_64 0.7.7 13.00 74.00 87.00 OK
r-oldrel-windows-ix86+x86_64 0.7.7 15.00 82.00 97.00 OK

Check Details

Version: 0.7.7
Check: package dependencies
Result: ERROR
    Package required but not available: ‘rgeos’
    
    See the information on DESCRIPTION files in the chapter ‘Creating R
    packages’ of the ‘Writing R Extensions’ manual.
Flavor: r-release-osx-x86_64-mavericks