CRAN Package Check Results for Package rgdal

Last updated on 2022-11-27 04:51:29 CET.

Flavor Version Tinstall Tcheck Ttotal Status Flags
r-devel-linux-x86_64-debian-clang 1.6-2 37.55 122.33 159.88 OK
r-devel-linux-x86_64-debian-gcc 1.6-2 24.72 96.18 120.90 OK
r-devel-linux-x86_64-fedora-clang 1.6-2 226.14 NOTE
r-devel-linux-x86_64-fedora-gcc 1.6-2 211.66 OK
r-devel-windows-x86_64 1.6-2 153.00 688.00 841.00 NOTE
r-patched-linux-x86_64 1.6-2 29.04 115.61 144.65 OK
r-release-linux-x86_64 1.6-2 28.07 113.55 141.62 OK
r-release-macos-arm64 1.6-2 71.00 NOTE
r-release-macos-x86_64 1.6-2 128.00 NOTE
r-release-windows-x86_64 1.6-2 138.00 527.00 665.00 NOTE
r-oldrel-macos-arm64 1.6-2 120.00 NOTE
r-oldrel-macos-x86_64 1.6-2 150.00 NOTE
r-oldrel-windows-ix86+x86_64 1.6-2 167.00 578.00 745.00 NOTE

Check Details

Version: 1.6-2
Check: installed package size
Result: NOTE
     installed size is 7.9Mb
     sub-directories of 1Mb or more:
     doc 3.7Mb
     pictures 1.3Mb
Flavors: r-devel-linux-x86_64-fedora-clang, r-devel-windows-x86_64, r-release-macos-arm64, r-release-macos-x86_64, r-release-windows-x86_64, r-oldrel-macos-arm64, r-oldrel-macos-x86_64, r-oldrel-windows-ix86+x86_64