CRAN Package Check Results for Package rgdal

Last updated on 2014-04-25 05:47:23.

Flavor Version Tinstall Tcheck Ttotal Status Flags
r-devel-linux-x86_64-debian-clang 0.8-16 6.79 38.81 45.60 OK
r-devel-linux-x86_64-debian-gcc 0.8-16 6.99 37.84 44.83 OK
r-devel-linux-x86_64-fedora-clang 0.8-16 91.47 OK
r-devel-linux-x86_64-fedora-gcc 0.8-16 88.40 OK
r-devel-osx-x86_64-clang 0.8-16 82.86 NOTE
r-devel-osx-x86_64-gcc 0.8-16 NOTE
r-devel-windows-ix86+x86_64 0.8-16 34.00 159.00 193.00 NOTE
r-patched-linux-x86_64 0.8-16 7.04 37.94 44.98 OK
r-patched-solaris-sparc 0.8-16 546.70 OK
r-patched-solaris-x86 0.8-16 133.30 OK
r-release-linux-ix86 0.8-16 17.00 63.00 80.00 OK
r-release-linux-x86_64 0.8-16 6.96 39.20 46.15 OK
r-release-osx-x86_64-mavericks 0.8-16 ERROR
r-release-osx-x86_64-snowleopard 0.8-16 NOTE
r-release-windows-ix86+x86_64 0.8-16 32.00 150.00 182.00 NOTE
r-oldrel-windows-ix86+x86_64 0.8-16 32.00 189.00 221.00 NOTE

Check Details

Version: 0.8-16
Check: installed package size
Result: NOTE
     installed size is 18.1Mb
     sub-directories of 1Mb or more:
     libs 15.7Mb
     pictures 1.3Mb
Flavors: r-devel-osx-x86_64-clang, r-devel-osx-x86_64-gcc, r-devel-windows-ix86+x86_64, r-release-osx-x86_64-snowleopard, r-release-windows-ix86+x86_64, r-oldrel-windows-ix86+x86_64

Version: 0.8-16
Check: Rd cross-references
Result: NOTE
    Package unavailable to check Rd xrefs: ‘maptools’
Flavor: r-devel-osx-x86_64-gcc

Version: 0.8-16
Check: whether package can be installed
Result: ERROR
    Installation failed.
    See ‘/Builds/CRAN-QA-Simon/packages/mavericks-x86_64/results/3.1/rgdal.Rcheck/00install.out’ for details.
Flavor: r-release-osx-x86_64-mavericks