CRAN Package Check Results for Package rgdal

Last updated on 2016-09-25 20:47:31.

Flavor Version Tinstall Tcheck Ttotal Status Flags
r-devel-linux-x86_64-debian-clang 1.1-10 10.34 59.24 69.59 OK
r-devel-linux-x86_64-debian-gcc 1.1-10 8.73 60.40 69.13 OK
r-devel-linux-x86_64-fedora-clang 1.1-10 94.35 OK
r-devel-linux-x86_64-fedora-gcc 1.1-10 86.73 OK
r-devel-macos-x86_64-clang 1.1-10 78.92 NOTE
r-devel-windows-ix86+x86_64 1.1-10 57.00 200.00 257.00 WARN
r-patched-linux-x86_64 1.1-10 8.01 60.10 68.11 OK
r-patched-solaris-sparc 1.1-10 604.60 OK
r-patched-solaris-x86 1.1-10 119.00 OK
r-release-linux-x86_64 1.1-10 8.27 60.80 69.08 OK
r-release-osx-x86_64-mavericks 1.1-10 NOTE
r-release-windows-ix86+x86_64 1.1-10 38.00 178.00 216.00 NOTE
r-oldrel-windows-ix86+x86_64 1.1-10 48.00 263.00 311.00 NOTE

Memtest notes: valgrind

Check Details

Version: 1.1-10
Check: installed package size
Result: NOTE
     installed size is 20.6Mb
     sub-directories of 1Mb or more:
     libs 18.0Mb
     pictures 1.3Mb
Flavors: r-devel-macos-x86_64-clang, r-devel-windows-ix86+x86_64, r-release-osx-x86_64-mavericks, r-release-windows-ix86+x86_64, r-oldrel-windows-ix86+x86_64

Version: 1.1-10
Check: whether package can be installed
Result: WARN
    Found the following significant warnings:
     d:/Compiler/gcc-4.9.3/local330/include/cpl_port.h:227:14: warning: ISO C++ 1998 does not support 'long long' [-Wlong-long]
     d:/Compiler/gcc-4.9.3/local330/include/cpl_port.h:228:23: warning: ISO C++ 1998 does not support 'long long' [-Wlong-long]
Flavor: r-devel-windows-ix86+x86_64