CRAN Package Check Results for Package rgdal

Last updated on 2017-07-22 21:48:41.

Flavor Version Tinstall Tcheck Ttotal Status Flags
r-devel-linux-x86_64-debian-clang 1.2-8 15.25 84.89 100.14 OK
r-devel-linux-x86_64-debian-gcc 1.2-8 15.10 84.02 99.12 OK
r-devel-linux-x86_64-fedora-clang 1.2-8 114.21 OK
r-devel-linux-x86_64-fedora-gcc 1.2-8 107.21 OK
r-devel-windows-ix86+x86_64 1.2-8 69.00 262.00 331.00 NOTE
r-patched-linux-x86_64 1.2-8 13.72 87.03 100.75 OK
r-patched-solaris-x86 1.2-8 154.70 OK
r-release-linux-x86_64 1.2-8 14.01 86.04 100.05 OK
r-release-windows-ix86+x86_64 1.2-8 45.00 309.00 354.00 NOTE
r-release-osx-x86_64 1.2-8 NOTE
r-oldrel-windows-ix86+x86_64 1.2-8 47.00 270.00 317.00 NOTE
r-oldrel-osx-x86_64 1.2-8 NOTE

Additional issues

valgrind

Check Details

Version: 1.2-8
Check: installed package size
Result: NOTE
     installed size is 34.3Mb
     sub-directories of 1Mb or more:
     gdal 3.0Mb
     libs 23.9Mb
     pictures 1.3Mb
     proj 4.9Mb
Flavors: r-devel-windows-ix86+x86_64, r-release-windows-ix86+x86_64, r-release-osx-x86_64, r-oldrel-windows-ix86+x86_64, r-oldrel-osx-x86_64