CRAN Package Check Results for Package rgdal

Last updated on 2018-04-22 19:47:09 CEST.

Flavor Version Tinstall Tcheck Ttotal Status Flags
r-devel-linux-x86_64-debian-clang 1.2-18 23.35 71.44 94.79 OK
r-devel-linux-x86_64-debian-gcc 1.2-18 16.61 62.37 78.98 OK
r-devel-linux-x86_64-fedora-clang 1.2-18 114.29 OK
r-devel-linux-x86_64-fedora-gcc 1.2-18 106.71 OK
r-devel-windows-ix86+x86_64 1.2-18 171.00 420.00 591.00 NOTE
r-devel-osx-x86_64 1.2-18 NOTE
r-patched-linux-x86_64 1.2-18 23.41 70.65 94.06 OK
r-patched-solaris-x86 1.2-18 170.80 OK
r-release-linux-x86_64 1.2-18 18.09 83.81 101.90 OK
r-release-windows-ix86+x86_64 1.2-18 123.00 500.00 623.00 NOTE
r-release-osx-x86_64 1.2-18 NOTE
r-oldrel-windows-ix86+x86_64 1.2-18 153.00 426.00 579.00 NOTE

Additional issues

valgrind

Check Details

Version: 1.2-18
Check: installed package size
Result: NOTE
     installed size is 80.2Mb
     sub-directories of 1Mb or more:
     gdal 3.9Mb
     libs 68.7Mb
     pictures 1.3Mb
     proj 5.0Mb
Flavors: r-devel-windows-ix86+x86_64, r-devel-osx-x86_64, r-release-windows-ix86+x86_64, r-release-osx-x86_64, r-oldrel-windows-ix86+x86_64