CRAN Package Check Results for Package rgdal

Last updated on 2014-10-31 06:47:27.

Flavor Version Tinstall Tcheck Ttotal Status Flags
r-devel-linux-x86_64-debian-clang 0.9-1 7.28 36.62 43.91 OK
r-devel-linux-x86_64-debian-gcc 0.9-1 7.17 35.73 42.90 OK
r-devel-linux-x86_64-fedora-clang 0.9-1 89.62 OK
r-devel-linux-x86_64-fedora-gcc 0.9-1 88.16 OK
r-devel-osx-x86_64-clang 0.9-1 81.27 NOTE
r-devel-windows-ix86+x86_64 0.9-1 35.00 154.00 189.00 NOTE
r-patched-linux-x86_64 0.9-1 7.16 37.03 44.19 OK
r-patched-solaris-sparc 0.9-1 499.20 OK
r-patched-solaris-x86 0.9-1 135.30 OK
r-release-linux-ix86 0.9-1 12.72 47.74 60.46 OK
r-release-linux-x86_64 0.9-1 7.60 37.53 45.14 OK
r-release-osx-x86_64-mavericks 0.9-1 ERROR
r-release-osx-x86_64-snowleopard 0.9-1 NOTE
r-release-windows-ix86+x86_64 0.9-1 33.00 152.00 185.00 NOTE
r-oldrel-windows-ix86+x86_64 0.9-1 32.00 176.00 208.00 NOTE

Check Details

Version: 0.9-1
Check: installed package size
Result: NOTE
     installed size is 17.4Mb
     sub-directories of 1Mb or more:
     libs 14.9Mb
     pictures 1.3Mb
Flavors: r-devel-osx-x86_64-clang, r-devel-windows-ix86+x86_64, r-release-osx-x86_64-snowleopard, r-release-windows-ix86+x86_64, r-oldrel-windows-ix86+x86_64

Version: 0.9-1
Check: whether package can be installed
Result: ERROR
    Installation failed.
Flavor: r-release-osx-x86_64-mavericks