CRAN Package Check Results for Package rgdal

Last updated on 2015-05-25 11:48:33.

Flavor Version Tinstall Tcheck Ttotal Status Flags
r-devel-linux-x86_64-debian-clang 0.9-3 7.62 37.34 44.96 OK
r-devel-linux-x86_64-debian-gcc 0.9-3 7.06 34.45 41.52 OK
r-devel-linux-x86_64-fedora-clang 0.9-3 82.11 OK
r-devel-linux-x86_64-fedora-gcc 0.9-3 77.34 OK
r-devel-osx-x86_64-clang 0.9-3 79.31 NOTE
r-devel-windows-ix86+x86_64 0.9-3 36.00 166.00 202.00 NOTE
r-patched-linux-x86_64 0.9-3 7.49 34.68 42.17 OK
r-patched-solaris-sparc 0.9-3 571.40 OK
r-patched-solaris-x86 0.9-3 120.90 OK
r-release-linux-x86_64 0.9-3 7.07 34.00 41.07 OK
r-release-osx-x86_64-mavericks 0.9-3 NOTE
r-release-osx-x86_64-snowleopard 0.9-2 NOTE
r-release-windows-ix86+x86_64 0.9-3 36.00 162.00 198.00 NOTE
r-oldrel-windows-ix86+x86_64 0.9-3 38.00 171.00 209.00 NOTE

Check Details

Version: 0.9-3
Check: installed package size
Result: NOTE
     installed size is 17.3Mb
     sub-directories of 1Mb or more:
     libs 14.8Mb
     pictures 1.3Mb
Flavors: r-devel-osx-x86_64-clang, r-devel-windows-ix86+x86_64, r-release-osx-x86_64-mavericks, r-release-windows-ix86+x86_64, r-oldrel-windows-ix86+x86_64

Version: 0.9-2
Check: installed package size
Result: NOTE
     installed size is 49.6Mb
     sub-directories of 1Mb or more:
     libs 47.1Mb
     pictures 1.3Mb
Flavor: r-release-osx-x86_64-snowleopard