CRAN Package Check Results for Package rgdal

Last updated on 2014-11-23 12:46:40.

Flavor Version Tinstall Tcheck Ttotal Status Flags
r-devel-linux-x86_64-debian-clang 0.9-1 7.14 35.96 43.11 OK
r-devel-linux-x86_64-debian-gcc 0.9-1 7.26 35.25 42.50 OK
r-devel-linux-x86_64-fedora-clang 0.9-1 91.32 OK
r-devel-linux-x86_64-fedora-gcc 0.9-1 85.28 OK
r-devel-osx-x86_64-clang 0.9-1 87.78 NOTE
r-devel-windows-ix86+x86_64 0.9-1 34.00 154.00 188.00 NOTE
r-patched-linux-x86_64 0.9-1 7.50 36.71 44.20 OK
r-patched-solaris-sparc 0.9-1 499.20 OK
r-patched-solaris-x86 0.9-1 139.90 OK
r-release-linux-ix86 0.9-1 11.64 45.75 57.39 OK
r-release-linux-x86_64 0.9-1 7.19 36.78 43.98 OK
r-release-osx-x86_64-mavericks 0.9-1 ERROR
r-release-osx-x86_64-snowleopard 0.9-1 NOTE
r-release-windows-ix86+x86_64 0.9-1 37.00 171.00 208.00 NOTE
r-oldrel-windows-ix86+x86_64 0.9-1 34.00 198.00 232.00 NOTE

Check Details

Version: 0.9-1
Check: installed package size
Result: NOTE
     installed size is 17.4Mb
     sub-directories of 1Mb or more:
     libs 15.0Mb
     pictures 1.3Mb
Flavors: r-devel-osx-x86_64-clang, r-devel-windows-ix86+x86_64, r-release-osx-x86_64-snowleopard, r-release-windows-ix86+x86_64, r-oldrel-windows-ix86+x86_64

Version: 0.9-1
Check: whether package can be installed
Result: ERROR
    Installation failed.
Flavor: r-release-osx-x86_64-mavericks