CRAN Package Check Results for Package rgdal

Last updated on 2015-07-04 19:47:53.

Flavor Version Tinstall Tcheck Ttotal Status Flags
r-devel-linux-x86_64-debian-clang 1.0-4 7.12 34.90 42.02 NOTE
r-devel-linux-x86_64-debian-gcc 1.0-4 7.35 34.36 41.71 NOTE
r-devel-linux-x86_64-fedora-clang 1.0-4 81.41 NOTE
r-devel-linux-x86_64-fedora-gcc 1.0-4 76.55 NOTE
r-devel-osx-x86_64-clang 1.0-4 70.52 NOTE
r-devel-windows-ix86+x86_64 1.0-4 49.00 195.00 244.00 NOTE
r-patched-linux-x86_64 1.0-4 7.48 34.66 42.14 OK
r-patched-solaris-sparc 1.0-4 500.10 OK
r-patched-solaris-x86 1.0-4 118.20 OK
r-release-linux-x86_64 1.0-4 7.24 37.05 44.29 OK
r-release-osx-x86_64-mavericks 1.0-4 NOTE
r-release-windows-ix86+x86_64 1.0-4 47.00 197.00 244.00 NOTE
r-oldrel-windows-ix86+x86_64 1.0-4 37.00 235.00 272.00 NOTE

Check Details

Version: 1.0-4
Check: R code for possible problems
Result: NOTE
    .gd_SetRasterColorTable: no visible global function definition for
     ‘col2rgb’
    RGB2PCT: no visible global function definition for ‘rgb’
    create2GDAL: no visible global function definition for ‘sd’
    displayDataset: no visible global function definition for ‘gray’
    displayDataset: no visible global function definition for ‘par’
    displayDataset: no visible global function definition for
     ‘image.default’
    getBandColorTable: no visible global function definition for ‘rgb’
    getBandColorTable: no visible global function definition for ‘hsv’
    getBandColorTable: no visible global function definition for ‘gray’
    getRasterData: no visible global function definition for ‘na.omit’
    llgridlines: no visible global function definition for ‘packageVersion’
    llgridlines: no visible global function definition for ‘text’
    open.SpatialGDAL: no visible binding for global variable ‘offset’
    vec2RGB: no visible global function definition for ‘col2rgb’
    Undefined global functions or variables:
     col2rgb gray hsv image.default na.omit offset packageVersion par rgb
     sd text
Flavors: r-devel-linux-x86_64-debian-clang, r-devel-linux-x86_64-debian-gcc, r-devel-linux-x86_64-fedora-clang, r-devel-linux-x86_64-fedora-gcc, r-devel-windows-ix86+x86_64

Version: 1.0-4
Check: installed package size
Result: NOTE
     installed size is 17.3Mb
     sub-directories of 1Mb or more:
     libs 14.8Mb
     pictures 1.3Mb
Flavors: r-devel-osx-x86_64-clang, r-devel-windows-ix86+x86_64, r-release-osx-x86_64-mavericks, r-release-windows-ix86+x86_64, r-oldrel-windows-ix86+x86_64