CRAN Package Check Results for Package rgdal

Last updated on 2017-11-20 00:54:37.

Flavor Version Tinstall Tcheck Ttotal Status Flags
r-devel-linux-x86_64-debian-clang 1.2-15 14.97 52.19 67.16 OK
r-devel-linux-x86_64-debian-gcc 1.2-15 17.13 89.07 106.21 OK
r-devel-linux-x86_64-fedora-clang 1.2-15 113.04 OK
r-devel-linux-x86_64-fedora-gcc 1.2-15 148.62 OK
r-devel-windows-ix86+x86_64 1.2-15 171.00 421.00 592.00 NOTE
r-patched-linux-x86_64 1.2-15 14.51 53.66 68.17 OK
r-patched-solaris-x86 1.2-15 152.90 OK
r-release-linux-x86_64 1.2-15 13.84 54.92 68.77 OK
r-release-windows-ix86+x86_64 1.2-15 114.00 491.00 605.00 NOTE
r-release-osx-x86_64 1.2-15 NOTE
r-oldrel-windows-ix86+x86_64 1.2-15 111.00 415.00 526.00 NOTE
r-oldrel-osx-x86_64 1.2-15 NOTE

Additional issues

valgrind

Check Details

Version: 1.2-15
Check: installed package size
Result: NOTE
     installed size is 75.2Mb
     sub-directories of 1Mb or more:
     gdal 3.9Mb
     libs 63.9Mb
     pictures 1.3Mb
     proj 5.0Mb
Flavors: r-devel-windows-ix86+x86_64, r-release-windows-ix86+x86_64, r-release-osx-x86_64, r-oldrel-windows-ix86+x86_64, r-oldrel-osx-x86_64