CRAN Package Check Results for Package rgdal

Last updated on 2016-08-26 06:47:32.

Flavor Version Tinstall Tcheck Ttotal Status Flags
r-devel-linux-x86_64-debian-clang 1.1-10 10.45 59.54 69.99 OK
r-devel-linux-x86_64-debian-gcc 1.1-10 12.21 68.29 80.50 OK
r-devel-linux-x86_64-fedora-clang 1.1-10 95.85 OK
r-devel-linux-x86_64-fedora-gcc 1.1-10 87.00 OK
r-devel-osx-x86_64-clang 1.1-10 79.62 NOTE
r-devel-windows-ix86+x86_64 1.1-10 55.00 116.00 171.00 NOTE
r-patched-linux-x86_64 1.1-10 8.04 59.10 67.14 OK
r-patched-solaris-sparc 1.1-10 604.60 OK
r-patched-solaris-x86 1.1-10 122.60 OK
r-release-linux-x86_64 1.1-10 8.59 59.10 67.68 OK
r-release-osx-x86_64-mavericks 1.1-10 NOTE
r-release-windows-ix86+x86_64 1.1-10 43.00 113.00 156.00 NOTE
r-oldrel-windows-ix86+x86_64 1.1-10 43.00 215.00 258.00 NOTE

Memtest notes: valgrind

Check Details

Version: 1.1-10
Check: installed package size
Result: NOTE
     installed size is 20.5Mb
     sub-directories of 1Mb or more:
     libs 18.0Mb
     pictures 1.3Mb
Flavors: r-devel-osx-x86_64-clang, r-devel-windows-ix86+x86_64, r-release-osx-x86_64-mavericks, r-release-windows-ix86+x86_64, r-oldrel-windows-ix86+x86_64