CRAN Package Check Results for Package rgdal

Last updated on 2016-05-05 11:48:17.

Flavor Version Tinstall Tcheck Ttotal Status Flags
r-devel-linux-x86_64-debian-gcc 1.1-8 8.69 57.85 66.54 OK
r-devel-linux-x86_64-fedora-clang 1.1-8 91.00 OK
r-devel-linux-x86_64-fedora-gcc 1.1-8 84.78 OK
r-devel-osx-x86_64-clang 1.1-8 110.66 NOTE
r-devel-windows-ix86+x86_64 1.1-8 45.00 114.00 159.00 NOTE
r-patched-linux-x86_64 1.1-8 8.03 56.82 64.85 OK
r-patched-solaris-sparc 1.1-8 572.20 OK
r-patched-solaris-x86 1.1-8 119.30 OK
r-release-linux-x86_64 1.1-8 8.71 60.02 68.72 OK
r-release-osx-x86_64-mavericks 1.1-8 ERROR
r-release-windows-ix86+x86_64 1.1-8 45.00 114.00 159.00 NOTE
r-oldrel-windows-ix86+x86_64 1.1-8 47.00 225.00 272.00 NOTE

Check Details

Version: 1.1-8
Check: installed package size
Result: NOTE
     installed size is 18.4Mb
     sub-directories of 1Mb or more:
     libs 15.9Mb
     pictures 1.3Mb
Flavors: r-devel-osx-x86_64-clang, r-devel-windows-ix86+x86_64, r-release-windows-ix86+x86_64, r-oldrel-windows-ix86+x86_64

Version: 1.1-8
Check: whether package can be installed
Result: ERROR
    Installation failed.
Flavor: r-release-osx-x86_64-mavericks