CRAN Package Check Results for Package rgdal

Last updated on 2015-03-05 06:46:47.

Flavor Version Tinstall Tcheck Ttotal Status Flags
r-devel-linux-x86_64-debian-clang 0.9-1 7.09 35.64 42.73 NOTE
r-devel-linux-x86_64-debian-gcc 0.9-1 6.80 32.95 39.75 NOTE
r-devel-linux-x86_64-fedora-clang 0.9-1 82.19 NOTE
r-devel-linux-x86_64-fedora-gcc 0.9-1 76.03 NOTE
r-devel-osx-x86_64-clang 0.9-1 79.00 NOTE
r-devel-windows-ix86+x86_64 0.9-1 34.00 157.00 191.00 NOTE
r-patched-linux-x86_64 0.9-1 7.30 37.51 44.81 OK
r-patched-solaris-sparc 0.9-1 548.60 OK
r-patched-solaris-x86 0.9-1 137.30 OK
r-release-linux-ix86 0.9-1 12.52 47.50 60.02 OK
r-release-linux-x86_64 0.9-1 6.97 37.47 44.44 OK
r-release-osx-x86_64-mavericks 0.9-1 ERROR
r-release-osx-x86_64-snowleopard 0.9-1 NOTE
r-release-windows-ix86+x86_64 0.9-1 38.00 156.00 194.00 NOTE
r-oldrel-windows-ix86+x86_64 0.9-1 35.00 193.00 228.00 NOTE

Check Details

Version: 0.9-1
Check: S3 generic/method consistency
Result: NOTE
    Found the following apparent S3 methods exported but not registered:
     open.SpatialGDAL
    See section ‘Registering S3 methods’ in the ‘Writing R Extensions’
    manual.
Flavors: r-devel-linux-x86_64-debian-clang, r-devel-linux-x86_64-debian-gcc, r-devel-linux-x86_64-fedora-clang, r-devel-linux-x86_64-fedora-gcc, r-devel-osx-x86_64-clang

Version: 0.9-1
Check: installed package size
Result: NOTE
     installed size is 17.6Mb
     sub-directories of 1Mb or more:
     libs 15.2Mb
     pictures 1.3Mb
Flavors: r-devel-osx-x86_64-clang, r-devel-windows-ix86+x86_64, r-release-osx-x86_64-snowleopard, r-release-windows-ix86+x86_64, r-oldrel-windows-ix86+x86_64

Version: 0.9-1
Check: whether package can be installed
Result: ERROR
    Installation failed.
Flavor: r-release-osx-x86_64-mavericks