CRAN Package Check Results for Package rgdal

Last updated on 2015-08-02 14:47:38.

Flavor Version Tinstall Tcheck Ttotal Status Flags
r-devel-linux-x86_64-debian-clang 1.0-4 7.68 38.01 45.68 NOTE
r-devel-linux-x86_64-debian-gcc 1.0-4 7.07 35.22 42.29 NOTE
r-devel-linux-x86_64-fedora-clang 1.0-4 82.82 NOTE
r-devel-linux-x86_64-fedora-gcc 1.0-4 77.93 NOTE
r-devel-osx-x86_64-clang 1.0-4 77.99 NOTE
r-devel-windows-ix86+x86_64 1.0-4 37.00 183.00 220.00 NOTE
r-patched-linux-x86_64 1.0-4 7.63 35.51 43.14 OK
r-patched-solaris-sparc 1.0-4 554.80 OK
r-patched-solaris-x86 1.0-4 118.50 OK
r-release-linux-x86_64 1.0-4 7.61 36.16 43.77 OK
r-release-osx-x86_64-mavericks 1.0-4 NOTE
r-release-windows-ix86+x86_64 1.0-4 55.00 239.00 294.00 NOTE
r-oldrel-windows-ix86+x86_64 1.0-4 49.00 184.00 233.00 NOTE

Check Details

Version: 1.0-4
Check: R code for possible problems
Result: NOTE
    .gd_SetRasterColorTable: no visible global function definition for
     ‘col2rgb’
    RGB2PCT: no visible global function definition for ‘rgb’
    create2GDAL: no visible global function definition for ‘sd’
    displayDataset: no visible global function definition for ‘gray’
    displayDataset: no visible global function definition for ‘par’
    displayDataset: no visible global function definition for
     ‘image.default’
    getBandColorTable: no visible global function definition for ‘rgb’
    getBandColorTable: no visible global function definition for ‘hsv’
    getBandColorTable: no visible global function definition for ‘gray’
    getRasterData: no visible global function definition for ‘na.omit’
    llgridlines: no visible global function definition for ‘packageVersion’
    llgridlines: no visible global function definition for ‘text’
    open.SpatialGDAL: no visible binding for global variable ‘offset’
    vec2RGB: no visible global function definition for ‘col2rgb’
    Undefined global functions or variables:
     col2rgb gray hsv image.default na.omit offset packageVersion par rgb
     sd text
    Consider adding
     importFrom("grDevices", "col2rgb", "gray", "hsv", "rgb")
     importFrom("graphics", "image.default", "par", "text")
     importFrom("stats", "na.omit", "offset", "sd")
     importFrom("utils", "packageVersion")
    to your NAMESPACE.
Flavors: r-devel-linux-x86_64-debian-clang, r-devel-linux-x86_64-debian-gcc, r-devel-linux-x86_64-fedora-clang, r-devel-linux-x86_64-fedora-gcc, r-devel-windows-ix86+x86_64

Version: 1.0-4
Check: installed package size
Result: NOTE
     installed size is 17.3Mb
     sub-directories of 1Mb or more:
     libs 14.8Mb
     pictures 1.3Mb
Flavors: r-devel-osx-x86_64-clang, r-devel-windows-ix86+x86_64, r-release-osx-x86_64-mavericks, r-release-windows-ix86+x86_64, r-oldrel-windows-ix86+x86_64