CRAN Package Check Results for Package rgdal

Last updated on 2014-07-25 17:48:07.

Flavor Version Tinstall Tcheck Ttotal Status Flags
r-devel-linux-x86_64-debian-clang 0.8-16 6.83 36.02 42.85 OK
r-devel-linux-x86_64-debian-gcc 0.8-16 7.36 35.52 42.87 OK
r-devel-linux-x86_64-fedora-clang 0.8-16 90.59 OK
r-devel-linux-x86_64-fedora-gcc 0.8-16 85.89 OK
r-devel-osx-x86_64-clang 0.8-16 75.80 NOTE
r-devel-windows-ix86+x86_64 0.8-16 34.00 152.00 186.00 NOTE
r-patched-linux-x86_64 0.8-16 7.08 36.88 43.96 OK
r-patched-solaris-sparc 0.8-16 546.70 OK
r-patched-solaris-x86 0.8-16 124.80 OK
r-release-linux-ix86 0.8-16 11.61 47.22 58.82 OK
r-release-linux-x86_64 0.8-16 7.33 36.50 43.82 OK
r-release-osx-x86_64-mavericks 0.8-16 ERROR
r-release-osx-x86_64-snowleopard 0.8-16 NOTE
r-release-windows-ix86+x86_64 0.8-16 34.00 160.00 194.00 NOTE
r-oldrel-windows-ix86+x86_64 0.8-16 34.00 176.00 210.00 NOTE

Check Details

Version: 0.8-16
Check: installed package size
Result: NOTE
     installed size is 17.3Mb
     sub-directories of 1Mb or more:
     libs 14.9Mb
     pictures 1.3Mb
Flavors: r-devel-osx-x86_64-clang, r-devel-windows-ix86+x86_64, r-release-osx-x86_64-snowleopard, r-release-windows-ix86+x86_64, r-oldrel-windows-ix86+x86_64

Version: 0.8-16
Check: whether package can be installed
Result: ERROR
    Installation failed.
    See ‘/Builds/CRAN-QA-Simon/packages/mavericks-x86_64/results/3.1/rgdal.Rcheck/00install.out’ for details.
Flavor: r-release-osx-x86_64-mavericks