CRAN Package Check Results for Package rgdal

Last updated on 2015-01-29 12:48:13.

Flavor Version Tinstall Tcheck Ttotal Status Flags
r-devel-linux-x86_64-debian-clang 0.9-1 7.07 35.86 42.93 NOTE
r-devel-linux-x86_64-debian-gcc 0.9-1 7.05 34.40 41.46 NOTE
r-devel-linux-x86_64-fedora-clang 0.9-1 89.75 NOTE
r-devel-linux-x86_64-fedora-gcc 0.9-1 85.61 NOTE
r-devel-osx-x86_64-clang 0.9-1 83.04 NOTE
r-devel-windows-ix86+x86_64 0.9-1 47.00 146.00 193.00 NOTE
r-patched-linux-x86_64 0.9-1 7.25 37.12 44.37 OK
r-patched-solaris-sparc 0.9-1 499.10 OK
r-patched-solaris-x86 0.9-1 137.40 OK
r-release-linux-ix86 0.9-1 11.54 46.18 57.72 OK
r-release-linux-x86_64 0.9-1 7.18 36.90 44.08 OK
r-release-osx-x86_64-mavericks 0.9-1 ERROR
r-release-osx-x86_64-snowleopard 0.9-1 NOTE
r-release-windows-ix86+x86_64 0.9-1 35.00 156.00 191.00 NOTE
r-oldrel-windows-ix86+x86_64 0.9-1 34.00 184.00 218.00 NOTE

Check Details

Version: 0.9-1
Check: S3 generic/method consistency
Result: NOTE
    Found the following apparent S3 methods exported but not registered:
     open.SpatialGDAL
    See section ‘Registering S3 methods’ in the ‘Writing R Extensions’
    manual.
Flavors: r-devel-linux-x86_64-debian-clang, r-devel-linux-x86_64-debian-gcc, r-devel-linux-x86_64-fedora-clang, r-devel-linux-x86_64-fedora-gcc, r-devel-osx-x86_64-clang

Version: 0.9-1
Check: installed package size
Result: NOTE
     installed size is 17.6Mb
     sub-directories of 1Mb or more:
     libs 15.2Mb
     pictures 1.3Mb
Flavors: r-devel-osx-x86_64-clang, r-devel-windows-ix86+x86_64, r-release-osx-x86_64-snowleopard, r-release-windows-ix86+x86_64, r-oldrel-windows-ix86+x86_64

Version: 0.9-1
Check: whether package can be installed
Result: ERROR
    Installation failed.
Flavor: r-release-osx-x86_64-mavericks