CRAN Package Check Results for Package rgdal

Last updated on 2016-07-26 00:48:27.

Flavor Version Tinstall Tcheck Ttotal Status Flags
r-devel-linux-x86_64-debian-clang 1.1-10 13.66 63.24 76.91 OK
r-devel-linux-x86_64-debian-gcc 1.1-10 12.74 64.29 77.03 OK
r-devel-linux-x86_64-fedora-clang 1.1-10 90.25 OK
r-devel-linux-x86_64-fedora-gcc 1.1-10 84.22 OK
r-devel-osx-x86_64-clang 1.1-10 80.12 NOTE
r-devel-windows-ix86+x86_64 1.1-10 47.00 144.00 191.00 NOTE
r-patched-linux-x86_64 1.1-10 10.18 62.12 72.30 OK
r-patched-solaris-sparc 1.1-10 604.60 OK
r-patched-solaris-x86 1.1-10 122.10 OK
r-release-linux-x86_64 1.1-10 10.54 64.77 75.32 OK
r-release-osx-x86_64-mavericks 1.1-10 NOTE
r-release-windows-ix86+x86_64 1.1-10 45.00 151.00 196.00 NOTE
r-oldrel-windows-ix86+x86_64 1.1-10 51.00 254.00 305.00 NOTE

Memtest notes: valgrind

Check Details

Version: 1.1-10
Check: installed package size
Result: NOTE
     installed size is 20.5Mb
     sub-directories of 1Mb or more:
     libs 18.0Mb
     pictures 1.3Mb
Flavors: r-devel-osx-x86_64-clang, r-devel-windows-ix86+x86_64, r-release-osx-x86_64-mavericks, r-release-windows-ix86+x86_64, r-oldrel-windows-ix86+x86_64