CRAN Package Check Results for Package rgdal

Last updated on 2014-08-30 08:50:14.

Flavor Version Tinstall Tcheck Ttotal Status Flags
r-devel-linux-x86_64-debian-clang 0.8-16 6.48 35.04 41.52 OK
r-devel-linux-x86_64-debian-gcc 0.8-16 7.04 34.16 41.20 OK
r-devel-linux-x86_64-fedora-clang 0.8-16 89.42 OK
r-devel-linux-x86_64-fedora-gcc 0.8-16 83.19 OK
r-devel-osx-x86_64-clang 0.8-16 75.74 NOTE
r-devel-windows-ix86+x86_64 0.8-16 44.00 147.00 191.00 NOTE
r-patched-linux-x86_64 0.8-16 7.56 35.92 43.48 OK
r-patched-solaris-sparc 0.8-16 553.60 OK
r-patched-solaris-x86 0.8-16 131.30 OK
r-release-linux-ix86 0.8-16 12.56 47.10 59.66 OK
r-release-linux-x86_64 0.8-16 7.13 37.26 44.39 OK
r-release-osx-x86_64-mavericks 0.8-16 ERROR
r-release-osx-x86_64-snowleopard 0.8-16 NOTE
r-release-windows-ix86+x86_64 0.8-16 36.00 154.00 190.00 NOTE
r-oldrel-windows-ix86+x86_64 0.8-16 35.00 168.00 203.00 NOTE

Check Details

Version: 0.8-16
Check: installed package size
Result: NOTE
     installed size is 17.3Mb
     sub-directories of 1Mb or more:
     libs 14.9Mb
     pictures 1.3Mb
Flavors: r-devel-osx-x86_64-clang, r-devel-windows-ix86+x86_64, r-release-osx-x86_64-snowleopard, r-release-windows-ix86+x86_64, r-oldrel-windows-ix86+x86_64

Version: 0.8-16
Check: whether package can be installed
Result: ERROR
    Installation failed.
Flavor: r-release-osx-x86_64-mavericks