CRAN Package Check Results for Package rgdal

Last updated on 2018-01-21 08:48:39 CET.

Flavor Version Tinstall Tcheck Ttotal Status Flags
r-devel-linux-x86_64-debian-clang 1.2-16 18.11 83.56 101.67 OK
r-devel-linux-x86_64-debian-gcc 1.2-16 13.66 69.04 82.70 OK
r-devel-linux-x86_64-fedora-clang 1.2-16 112.47 OK
r-devel-linux-x86_64-fedora-gcc 1.2-16 109.10 OK
r-devel-windows-ix86+x86_64 1.2-16 167.00 417.00 584.00 NOTE
r-patched-linux-x86_64 1.2-16 16.46 84.66 101.12 OK
r-patched-solaris-x86 1.2-16 171.50 OK
r-release-linux-x86_64 1.2-16 15.99 83.19 99.18 OK
r-release-windows-ix86+x86_64 1.2-16 154.00 407.00 561.00 NOTE
r-release-osx-x86_64 1.2-16 NOTE
r-oldrel-windows-ix86+x86_64 1.2-16 156.00 434.00 590.00 NOTE
r-oldrel-osx-x86_64 1.2-16 NOTE

Additional issues

valgrind

Check Details

Version: 1.2-16
Check: installed package size
Result: NOTE
     installed size is 75.2Mb
     sub-directories of 1Mb or more:
     gdal 3.9Mb
     libs 63.9Mb
     pictures 1.3Mb
     proj 5.0Mb
Flavors: r-devel-windows-ix86+x86_64, r-release-windows-ix86+x86_64, r-release-osx-x86_64, r-oldrel-windows-ix86+x86_64, r-oldrel-osx-x86_64