CRAN Package Check Results for Package rgdal

Last updated on 2016-02-06 11:48:29.

Flavor Version Tinstall Tcheck Ttotal Status Flags
r-devel-linux-x86_64-debian-gcc 1.1-3 9.30 55.96 65.27 WARN
r-devel-linux-x86_64-fedora-clang 1.1-3 85.21 OK
r-devel-linux-x86_64-fedora-gcc 1.1-3 84.48 OK
r-devel-osx-x86_64-clang 1.1-3 101.29 NOTE
r-devel-windows-ix86+x86_64 1.1-3 54.00 227.00 281.00 WARN
r-patched-linux-x86_64 1.1-3 9.03 60.07 69.10 OK
r-patched-solaris-sparc 1.1-3 569.40 OK
r-patched-solaris-x86 1.1-3 114.90 OK
r-release-linux-x86_64 1.1-3 9.87 58.91 68.78 OK
r-release-osx-x86_64-mavericks 1.1-3 ERROR
r-release-windows-ix86+x86_64 1.1-3 47.00 217.00 264.00 NOTE
r-oldrel-windows-ix86+x86_64 1.1-3 54.00 226.00 280.00 NOTE

Check Details

Version: 1.1-3
Check: whether package can be installed
Result: WARN
    Found the following significant warnings:
     /home/hornik/tmp/R.check/r-devel-gcc/Work/build/include/S.h:41:2: warning: #warning is a GCC extension
     /home/hornik/tmp/R.check/r-devel-gcc/Work/build/include/S.h:41:2: warning: #warning S.h should not be used from C++ code: use R.h instead [-Wcpp]
Flavor: r-devel-linux-x86_64-debian-gcc

Version: 1.1-3
Check: installed package size
Result: NOTE
     installed size is 18.4Mb
     sub-directories of 1Mb or more:
     libs 15.9Mb
     pictures 1.3Mb
Flavors: r-devel-osx-x86_64-clang, r-devel-windows-ix86+x86_64, r-release-windows-ix86+x86_64, r-oldrel-windows-ix86+x86_64

Version: 1.1-3
Check: whether package can be installed
Result: WARN
    Found the following significant warnings:
     D:/RCompile/recent/R/include/S.h:41:2: warning: #warning S.h should not be used from C++ code: use R.h instead [-Wcpp]
Flavor: r-devel-windows-ix86+x86_64

Version: 1.1-3
Check: whether package can be installed
Result: ERROR
    Installation failed.
Flavor: r-release-osx-x86_64-mavericks