CRAN Package Check Results for Package rgdal

Last updated on 2014-12-22 19:48:31.

Flavor Version Tinstall Tcheck Ttotal Status Flags
r-devel-linux-x86_64-debian-clang 0.9-1 7.82 36.32 44.14 OK
r-devel-linux-x86_64-debian-gcc 0.9-1 7.05 35.65 42.70 OK
r-devel-linux-x86_64-fedora-clang 0.9-1 89.60 OK
r-devel-linux-x86_64-fedora-gcc 0.9-1 84.37 OK
r-devel-osx-x86_64-clang 0.9-1 83.11 NOTE
r-devel-windows-ix86+x86_64 0.9-1 38.00 169.00 207.00 NOTE
r-patched-linux-x86_64 0.9-1 7.17 38.65 45.82 OK
r-patched-solaris-sparc 0.9-1 538.60 OK
r-patched-solaris-x86 0.9-1 140.60 OK
r-release-linux-ix86 0.9-1 11.62 45.78 57.39 OK
r-release-linux-x86_64 0.9-1 8.01 37.42 45.43 OK
r-release-osx-x86_64-mavericks 0.9-1 ERROR
r-release-osx-x86_64-snowleopard 0.9-1 NOTE
r-release-windows-ix86+x86_64 0.9-1 37.00 157.00 194.00 NOTE
r-oldrel-windows-ix86+x86_64 0.9-1 40.00 186.00 226.00 NOTE

Check Details

Version: 0.9-1
Check: installed package size
Result: NOTE
     installed size is 17.6Mb
     sub-directories of 1Mb or more:
     libs 15.2Mb
     pictures 1.3Mb
Flavors: r-devel-osx-x86_64-clang, r-devel-windows-ix86+x86_64, r-release-osx-x86_64-snowleopard, r-release-windows-ix86+x86_64, r-oldrel-windows-ix86+x86_64

Version: 0.9-1
Check: whether package can be installed
Result: ERROR
    Installation failed.
Flavor: r-release-osx-x86_64-mavericks