CRAN Package Check Results for Package rgdal

Last updated on 2017-05-29 16:48:38.

Flavor Version Tinstall Tcheck Ttotal Status Flags
r-devel-linux-x86_64-debian-clang 1.2-7 11.25 73.89 85.14 OK
r-devel-linux-x86_64-debian-gcc 1.2-7 10.51 73.70 84.21 OK
r-devel-linux-x86_64-fedora-clang 1.2-7 112.49 OK
r-devel-linux-x86_64-fedora-gcc 1.2-7 107.63 OK
r-devel-windows-ix86+x86_64 1.2-7 53.00 311.00 364.00 NOTE
r-patched-linux-x86_64 1.2-7 9.33 70.67 80.01 OK
r-patched-solaris-sparc 1.2-7 723.90 OK
r-patched-solaris-x86 1.2-7 146.50 OK
r-release-linux-x86_64 1.2-7 9.45 70.36 79.82 OK
r-release-windows-ix86+x86_64 1.2-7 61.00 286.00 347.00 NOTE
r-release-osx-x86_64 1.2-7 NOTE
r-oldrel-windows-ix86+x86_64 1.2-7 40.00 210.00 250.00 NOTE
r-oldrel-osx-x86_64 1.2-7 NOTE

Additional issues

rchk valgrind

Check Details

Version: 1.2-7
Check: installed package size
Result: NOTE
     installed size is 34.3Mb
     sub-directories of 1Mb or more:
     gdal 3.0Mb
     libs 23.9Mb
     pictures 1.3Mb
     proj 4.9Mb
Flavors: r-devel-windows-ix86+x86_64, r-release-windows-ix86+x86_64, r-release-osx-x86_64, r-oldrel-windows-ix86+x86_64, r-oldrel-osx-x86_64