CRAN Package Check Results for Package rgdal

Last updated on 2015-09-05 12:49:37.

Flavor Version Tinstall Tcheck Ttotal Status Flags
r-devel-linux-x86_64-debian-clang 1.0-6 7.31 50.20 57.51 OK
r-devel-linux-x86_64-debian-gcc 1.0-6 7.74 49.39 57.13 OK
r-devel-linux-x86_64-fedora-clang 1.0-6 82.33 OK
r-devel-linux-x86_64-fedora-gcc 1.0-6 78.89 OK
r-devel-osx-x86_64-clang 1.0-6 62.45 NOTE
r-devel-windows-ix86+x86_64 1.0-6 48.00 176.00 224.00 NOTE
r-patched-linux-x86_64 1.0-6 7.19 52.70 59.89 OK
r-patched-solaris-sparc 1.0-6 494.60 OK
r-patched-solaris-x86 1.0-6 125.50 OK
r-release-linux-x86_64 1.0-6 7.44 51.40 58.84 OK
r-release-osx-x86_64-mavericks 1.0-6 ERROR
r-release-windows-ix86+x86_64 1.0-6 46.00 238.00 284.00 NOTE
r-oldrel-windows-ix86+x86_64 1.0-6 48.00 239.00 287.00 NOTE

Check Details

Version: 1.0-6
Check: installed package size
Result: NOTE
     installed size is 17.5Mb
     sub-directories of 1Mb or more:
     libs 15.0Mb
     pictures 1.3Mb
Flavors: r-devel-osx-x86_64-clang, r-devel-windows-ix86+x86_64, r-release-windows-ix86+x86_64, r-oldrel-windows-ix86+x86_64

Version: 1.0-6
Check: whether package can be installed
Result: ERROR
    Installation failed.
Flavor: r-release-osx-x86_64-mavericks