CRAN Package Check Results for Package rgdal

Last updated on 2017-09-24 11:48:34.

Flavor Version Tinstall Tcheck Ttotal Status Flags
r-devel-linux-x86_64-debian-clang 1.2-11 17.82 73.19 91.01 OK
r-devel-linux-x86_64-debian-gcc 1.2-11 14.18 69.59 83.77 OK
r-devel-linux-x86_64-fedora-clang 1.2-11 80.01 OK
r-devel-linux-x86_64-fedora-gcc 1.2-11 82.01 OK
r-devel-windows-ix86+x86_64 1.2-11 170.00 394.00 564.00 NOTE
r-patched-linux-x86_64 1.2-11 16.57 71.47 88.05 OK
r-patched-solaris-x86 1.2-11 137.30 OK
r-release-linux-x86_64 1.2-11 14.25 75.27 89.51 OK
r-release-windows-ix86+x86_64 1.2-11 123.00 345.00 468.00 NOTE
r-release-osx-x86_64 1.2-11 NOTE
r-oldrel-windows-ix86+x86_64 1.2-11 118.00 353.00 471.00 NOTE
r-oldrel-osx-x86_64 1.2-11 NOTE

Additional issues

rchk valgrind

Check Details

Version: 1.2-11
Check: installed package size
Result: NOTE
     installed size is 75.2Mb
     sub-directories of 1Mb or more:
     gdal 3.9Mb
     libs 63.9Mb
     pictures 1.3Mb
     proj 5.0Mb
Flavors: r-devel-windows-ix86+x86_64, r-release-windows-ix86+x86_64, r-release-osx-x86_64, r-oldrel-windows-ix86+x86_64, r-oldrel-osx-x86_64