CRAN Package Check Results for Package rgdal

Last updated on 2018-09-23 16:49:01 CEST.

Flavor Version Tinstall Tcheck Ttotal Status Flags
r-devel-linux-x86_64-debian-clang 1.3-4 28.10 79.91 108.01 OK
r-devel-linux-x86_64-debian-gcc 1.3-4 21.98 68.85 90.83 OK
r-devel-linux-x86_64-fedora-clang 1.3-4 129.63 OK
r-devel-linux-x86_64-fedora-gcc 1.3-4 123.71 OK
r-devel-windows-ix86+x86_64 1.3-4 176.00 542.00 718.00 NOTE
r-patched-linux-x86_64 1.3-4 27.18 73.69 100.87 OK
r-patched-solaris-x86 1.3-4 165.10 OK
r-release-linux-x86_64 1.3-4 26.29 74.03 100.32 OK
r-release-windows-ix86+x86_64 1.3-4 153.00 494.00 647.00 NOTE
r-release-osx-x86_64 1.3-4 NOTE
r-oldrel-windows-ix86+x86_64 1.3-4 156.00 534.00 690.00 NOTE
r-oldrel-osx-x86_64 1.3-4 NOTE

Additional issues

rchk valgrind

Check Details

Version: 1.3-4
Check: installed package size
Result: NOTE
     installed size is 80.3Mb
     sub-directories of 1Mb or more:
     gdal 3.9Mb
     libs 68.7Mb
     pictures 1.3Mb
     proj 5.0Mb
Flavors: r-devel-windows-ix86+x86_64, r-release-windows-ix86+x86_64, r-release-osx-x86_64, r-oldrel-windows-ix86+x86_64, r-oldrel-osx-x86_64