CRAN Package Check Results for Package rgdal

Last updated on 2017-03-28 11:51:42.

Flavor Version Tinstall Tcheck Ttotal Status Flags
r-devel-linux-x86_64-debian-clang 1.2-5 10.28 72.31 82.59 OK
r-devel-linux-x86_64-debian-gcc 1.2-5 9.69 72.51 82.20 OK
r-devel-linux-x86_64-fedora-clang 1.2-5 112.31 OK --no-stop-on-test-error
r-devel-linux-x86_64-fedora-gcc 1.2-5 107.04 OK --no-stop-on-test-error
r-devel-macos-x86_64-clang 1.2-5 91.24 NOTE --no-stop-on-test-error
r-devel-windows-ix86+x86_64 1.2-5 57.00 320.00 377.00 NOTE
r-patched-linux-x86_64 1.2-5 8.59 70.07 78.66 OK
r-patched-solaris-sparc 1.2-5 719.90 OK
r-patched-solaris-x86 1.2-5 145.10 OK
r-release-linux-x86_64 1.2-5 8.19 60.18 68.38 OK
r-release-osx-x86_64-mavericks 1.2-5 NOTE
r-release-windows-ix86+x86_64 1.2-5 62.00 214.00 276.00 NOTE
r-oldrel-windows-ix86+x86_64 1.2-5 43.00 211.00 254.00 NOTE

Check Details

Version: 1.2-5
Flags: --no-stop-on-test-error
Check: installed package size
Result: NOTE
     installed size is 20.8Mb
     sub-directories of 1Mb or more:
     libs 18.2Mb
     pictures 1.3Mb
Flavor: r-devel-macos-x86_64-clang

Version: 1.2-5
Check: installed package size
Result: NOTE
     installed size is 34.3Mb
     sub-directories of 1Mb or more:
     gdal 3.0Mb
     libs 23.9Mb
     pictures 1.3Mb
     proj 4.9Mb
Flavors: r-devel-windows-ix86+x86_64, r-release-osx-x86_64-mavericks, r-release-windows-ix86+x86_64, r-oldrel-windows-ix86+x86_64