CRAN Package Check Results for Package rgdal

Last updated on 2016-06-29 07:47:07.

Flavor Version Tinstall Tcheck Ttotal Status Flags
r-devel-linux-x86_64-debian-gcc 1.1-10 11.47 60.40 71.87 OK
r-devel-linux-x86_64-fedora-clang 1.1-10 90.30 OK
r-devel-linux-x86_64-fedora-gcc 1.1-10 83.14 OK
r-devel-osx-x86_64-clang 1.1-10 78.18 NOTE
r-devel-windows-ix86+x86_64 1.1-10 35.00 116.00 151.00 NOTE
r-patched-linux-x86_64 1.1-10 9.73 59.02 68.75 OK
r-patched-solaris-sparc 1.1-10 590.90 NOTE
r-patched-solaris-x86 1.1-10 121.50 NOTE
r-release-linux-x86_64 1.1-10 8.63 58.60 67.23 OK
r-release-osx-x86_64-mavericks 1.1-10 NOTE
r-release-windows-ix86+x86_64 1.1-10 48.00 152.00 200.00 NOTE
r-oldrel-windows-ix86+x86_64 1.1-10 59.00 203.00 262.00 NOTE

Memtest notes: valgrind

Check Details

Version: 1.1-10
Check: installed package size
Result: NOTE
     installed size is 19.9Mb
     sub-directories of 1Mb or more:
     libs 17.4Mb
     pictures 1.3Mb
Flavors: r-devel-osx-x86_64-clang, r-devel-windows-ix86+x86_64, r-patched-solaris-sparc, r-patched-solaris-x86, r-release-osx-x86_64-mavericks, r-release-windows-ix86+x86_64, r-oldrel-windows-ix86+x86_64