CRAN Package Check Results for Package rgdal

Last updated on 2017-02-24 23:52:49.

Flavor Version Tinstall Tcheck Ttotal Status Flags
r-devel-linux-x86_64-debian-clang 1.2-5 10.77 71.21 81.98 OK
r-devel-linux-x86_64-debian-gcc 1.2-5 9.62 68.66 78.28 OK
r-devel-linux-x86_64-fedora-clang 1.2-5 119.92 OK --no-stop-on-test-error
r-devel-linux-x86_64-fedora-gcc 1.2-5 106.37 OK --no-stop-on-test-error
r-devel-macos-x86_64-clang 1.2-5 94.26 NOTE --no-stop-on-test-error
r-devel-windows-ix86+x86_64 1.2-5 109.00 306.00 415.00 WARN
r-patched-linux-x86_64 1.2-5 9.04 58.74 67.78 OK
r-patched-solaris-sparc 1.2-5 686.70 OK
r-patched-solaris-x86 1.2-5 129.90 OK
r-release-linux-x86_64 1.2-5 8.45 58.79 67.24 OK
r-release-osx-x86_64-mavericks 1.2-5 NOTE
r-release-windows-ix86+x86_64 1.2-5 56.00 203.00 259.00 NOTE
r-oldrel-windows-ix86+x86_64 1.2-5 79.00 364.00 443.00 NOTE

Check Details

Version: 1.2-5
Flags: --no-stop-on-test-error
Check: installed package size
Result: NOTE
     installed size is 20.8Mb
     sub-directories of 1Mb or more:
     libs 18.2Mb
     pictures 1.3Mb
Flavor: r-devel-macos-x86_64-clang

Version: 1.2-5
Check: whether package can be installed
Result: WARN
    Found the following significant warnings:
     d:/Compiler/gcc-4.9.3/local330/include/cpl_port.h:227:14: warning: ISO C++ 1998 does not support 'long long' [-Wlong-long]
     d:/Compiler/gcc-4.9.3/local330/include/cpl_port.h:228:23: warning: ISO C++ 1998 does not support 'long long' [-Wlong-long]
Flavor: r-devel-windows-ix86+x86_64

Version: 1.2-5
Check: installed package size
Result: NOTE
     installed size is 34.3Mb
     sub-directories of 1Mb or more:
     gdal 3.0Mb
     libs 23.9Mb
     pictures 1.3Mb
     proj 4.9Mb
Flavors: r-devel-windows-ix86+x86_64, r-release-osx-x86_64-mavericks, r-release-windows-ix86+x86_64, r-oldrel-windows-ix86+x86_64