Last updated on 2023-09-28 05:11:09 CEST.
Flavor | Version | Tinstall | Tcheck | Ttotal | Status | Flags |
---|---|---|---|---|---|---|
r-devel-linux-x86_64-debian-clang | 1.2.1 | 2.98 | 38.69 | 41.67 | NOTE | |
r-devel-linux-x86_64-debian-gcc | 1.2.1 | 3.11 | 30.88 | 33.99 | NOTE | |
r-devel-linux-x86_64-fedora-clang | 1.2.1 | 54.93 | NOTE | |||
r-devel-linux-x86_64-fedora-gcc | 1.2.1 | 52.01 | NOTE | |||
r-devel-windows-x86_64 | 1.2.1 | 5.00 | 54.00 | 59.00 | NOTE | |
r-patched-linux-x86_64 | 1.2.1 | 3.74 | 37.70 | 41.44 | NOTE | |
r-release-linux-x86_64 | 1.2.1 | 4.17 | 38.54 | 42.71 | NOTE | |
r-release-macos-arm64 | 1.2.1 | 22.00 | NOTE | |||
r-release-macos-x86_64 | 1.2.1 | 28.00 | NOTE | |||
r-release-windows-x86_64 | 1.2.1 | 6.00 | 59.00 | 65.00 | NOTE | |
r-oldrel-macos-arm64 | 1.2.1 | 23.00 | OK | |||
r-oldrel-macos-x86_64 | 1.2.1 | 29.00 | OK | |||
r-oldrel-windows-x86_64 | 1.2.1 | 6.00 | 60.00 | 66.00 | OK |
Version: 1.2.1
Check: package subdirectories
Result: NOTE
Problems with news in ‘NEWS.md’:
No news entries found.
Flavors: r-devel-linux-x86_64-debian-clang, r-devel-linux-x86_64-debian-gcc, r-devel-linux-x86_64-fedora-clang, r-devel-linux-x86_64-fedora-gcc, r-devel-windows-x86_64, r-patched-linux-x86_64, r-release-linux-x86_64, r-release-macos-arm64, r-release-macos-x86_64, r-release-windows-x86_64