CRAN Package Check Results for Package rgdax

Last updated on 2022-10-02 16:51:55 CEST.

Flavor Version Tinstall Tcheck Ttotal Status Flags
r-devel-linux-x86_64-debian-clang 1.2.1 3.11 40.72 43.83 NOTE
r-devel-linux-x86_64-debian-gcc 1.2.1 3.13 31.40 34.53 NOTE
r-devel-linux-x86_64-fedora-clang 1.2.1 65.85 NOTE
r-devel-linux-x86_64-fedora-gcc 1.2.1 62.44 NOTE
r-devel-windows-x86_64 1.2.1 8.00 71.00 79.00 NOTE
r-patched-linux-x86_64 1.2.1 3.76 38.53 42.29 OK
r-release-linux-x86_64 1.2.1 3.61 38.83 42.44 OK
r-release-macos-arm64 1.2.1 23.00 OK
r-release-macos-x86_64 1.2.1 29.00 OK
r-release-windows-x86_64 1.2.1 13.00 67.00 80.00 OK
r-oldrel-macos-arm64 1.2.1 26.00 OK
r-oldrel-macos-x86_64 1.2.1 33.00 OK
r-oldrel-windows-ix86+x86_64 1.2.1 10.00 65.00 75.00 OK

Check Details

Version: 1.2.1
Check: package subdirectories
Result: NOTE
    Problems with news in 'NEWS.md':
    No news entries found.
Flavors: r-devel-linux-x86_64-debian-clang, r-devel-linux-x86_64-debian-gcc, r-devel-linux-x86_64-fedora-clang, r-devel-linux-x86_64-fedora-gcc, r-devel-windows-x86_64