CRAN Package Check Results for Package rgenoud

Last updated on 2022-12-01 13:50:15 CET.

Flavor Version Tinstall Tcheck Ttotal Status Flags
r-devel-linux-x86_64-debian-clang 5.9-0.3 16.57 49.84 66.41 OK
r-devel-linux-x86_64-debian-gcc 5.9-0.3 11.48 47.51 58.99 OK
r-devel-linux-x86_64-fedora-clang 5.9-0.3 102.18 NOTE
r-devel-linux-x86_64-fedora-gcc 5.9-0.3 113.31 OK
r-devel-windows-x86_64 5.9-0.3 32.00 124.00 156.00 OK
r-patched-linux-x86_64 5.9-0.3 13.07 58.68 71.75 OK
r-release-linux-x86_64 5.9-0.3 12.42 58.62 71.04 OK
r-release-macos-arm64 5.9-0.3 34.00 OK
r-release-macos-x86_64 5.9-0.3 45.00 OK
r-release-windows-x86_64 5.9-0.3 29.00 120.00 149.00 OK
r-oldrel-macos-arm64 5.9-0.3 35.00 OK
r-oldrel-macos-x86_64 5.9-0.3 58.00 OK
r-oldrel-windows-ix86+x86_64 5.9-0.3 37.00 119.00 156.00 OK

Check Details

Version: 5.9-0.3
Check: Rd cross-references
Result: NOTE
    Undeclared package ‘Matching’ in Rd xrefs
Flavor: r-devel-linux-x86_64-fedora-clang