CRAN Package Check Results for Package rgenoud

Last updated on 2018-01-21 07:47:32 CET.

Flavor Version Tinstall Tcheck Ttotal Status Flags
r-devel-linux-x86_64-debian-clang 5.8-1.0 9.19 55.66 64.85 NOTE
r-devel-linux-x86_64-debian-gcc 5.8-1.0 5.64 50.86 56.50 NOTE
r-devel-linux-x86_64-fedora-clang 5.8-1.0 79.07 NOTE
r-devel-linux-x86_64-fedora-gcc 5.8-1.0 86.57 NOTE
r-devel-windows-ix86+x86_64 5.8-1.0 40.00 174.00 214.00 NOTE
r-patched-linux-x86_64 5.8-1.0 6.81 60.72 67.53 NOTE
r-patched-solaris-x86 5.8-1.0 110.50 NOTE
r-release-linux-x86_64 5.8-1.0 6.81 61.53 68.34 NOTE
r-release-windows-ix86+x86_64 5.8-1.0 45.00 170.00 215.00 NOTE
r-release-osx-x86_64 5.8-1.0 NOTE
r-oldrel-windows-ix86+x86_64 5.8-1.0 34.00 187.00 221.00 NOTE
r-oldrel-osx-x86_64 5.8-1.0 NOTE

Additional issues

clang-UBSAN

Check Details

Version: 5.8-1.0
Check: R code for possible problems
Result: NOTE
    genoud: multiple local function definitions for ‘fn1.bfgs’ with
     different formal arguments
    genoud: multiple local function definitions for ‘gr1’ with different
     formal arguments
    genoud: multiple local function definitions for ‘hess.fn’ with
     different formal arguments
    genoud_transform: multiple local function definitions for ‘fn1.bfgs’
     with different formal arguments
    genoud_transform: multiple local function definitions for ‘gr1’ with
     different formal arguments
Flavors: r-devel-linux-x86_64-debian-clang, r-devel-linux-x86_64-debian-gcc, r-devel-linux-x86_64-fedora-clang, r-devel-linux-x86_64-fedora-gcc, r-devel-windows-ix86+x86_64, r-patched-linux-x86_64, r-patched-solaris-x86, r-release-linux-x86_64, r-release-windows-ix86+x86_64, r-release-osx-x86_64, r-oldrel-windows-ix86+x86_64, r-oldrel-osx-x86_64