CRAN Package Check Results for Package rgenoud

Last updated on 2016-08-29 19:48:32.

Flavor Version Tinstall Tcheck Ttotal Status Flags
r-devel-linux-x86_64-debian-clang 5.7-12.4 7.27 23.82 31.09 NOTE
r-devel-linux-x86_64-debian-gcc 5.7-12.4 4.84 26.24 31.09 NOTE
r-devel-linux-x86_64-fedora-clang 5.7-12.4 57.67 NOTE
r-devel-linux-x86_64-fedora-gcc 5.7-12.4 54.50 NOTE
r-devel-osx-x86_64-clang 5.7-12.4 46.19 NOTE
r-devel-windows-ix86+x86_64 5.7-12.4 32.00 146.00 178.00 NOTE
r-patched-linux-x86_64 5.7-12.4 4.16 26.50 30.66 NOTE
r-patched-solaris-sparc 5.7-12.4 321.40 NOTE
r-patched-solaris-x86 5.7-12.4 66.30 NOTE
r-release-linux-x86_64 5.7-12.4 4.03 26.08 30.10 NOTE
r-release-osx-x86_64-mavericks 5.7-12.4 NOTE
r-release-windows-ix86+x86_64 5.7-12.4 33.00 98.00 131.00 NOTE
r-oldrel-windows-ix86+x86_64 5.7-12.4 28.00 104.00 132.00 NOTE

Memtest notes: clang-UBSAN clang-UBSAN gcc6-UBSAN gcc6-UBSAN gcc7-UBSAN gcc7-UBSAN

Check Details

Version: 5.7-12.4
Check: R code for possible problems
Result: NOTE
    genoud: multiple local function definitions for ‘fn1.bfgs’ with
     different formal arguments
    genoud: multiple local function definitions for ‘gr1’ with different
     formal arguments
    genoud: multiple local function definitions for ‘hess.fn’ with
     different formal arguments
    genoud_transform: multiple local function definitions for ‘fn1.bfgs’
     with different formal arguments
    genoud_transform: multiple local function definitions for ‘gr1’ with
     different formal arguments
Flavors: r-devel-linux-x86_64-debian-clang, r-devel-linux-x86_64-debian-gcc, r-devel-linux-x86_64-fedora-clang, r-devel-linux-x86_64-fedora-gcc, r-devel-osx-x86_64-clang, r-devel-windows-ix86+x86_64, r-patched-linux-x86_64, r-patched-solaris-sparc, r-patched-solaris-x86, r-release-linux-x86_64, r-release-osx-x86_64-mavericks, r-release-windows-ix86+x86_64, r-oldrel-windows-ix86+x86_64