CRAN Package Check Results for Package rgenoud

Last updated on 2016-12-11 14:47:49.

Flavor Version Tinstall Tcheck Ttotal Status Flags
r-devel-linux-x86_64-debian-clang 5.7-12.4 7.20 24.46 31.66 NOTE
r-devel-linux-x86_64-debian-gcc 5.7-12.4 4.82 27.44 32.26 NOTE
r-devel-linux-x86_64-fedora-clang 5.7-12.4 61.02 NOTE --no-stop-on-test-error
r-devel-linux-x86_64-fedora-gcc 5.7-12.4 57.29 NOTE --no-stop-on-test-error
r-devel-macos-x86_64-clang 5.7-12.4 47.64 NOTE --no-stop-on-test-error
r-devel-windows-ix86+x86_64 5.7-12.4 21.00 105.00 126.00 NOTE
r-patched-linux-x86_64 5.7-12.4 4.10 26.32 30.42 NOTE
r-patched-solaris-sparc 5.7-12.4 321.40 NOTE
r-patched-solaris-x86 5.7-12.4 64.70 NOTE
r-release-linux-x86_64 5.7-12.4 4.26 26.53 30.78 NOTE
r-release-osx-x86_64-mavericks 5.7-12.4 NOTE
r-release-windows-ix86+x86_64 5.7-12.4 20.00 82.00 102.00 NOTE
r-oldrel-windows-ix86+x86_64 5.7-12.4 24.00 119.00 143.00 NOTE

Memtest notes: clang-UBSAN clang-UBSAN gcc6-UBSAN gcc6-UBSAN gcc7-UBSAN gcc7-UBSAN

Check Details

Version: 5.7-12.4
Check: R code for possible problems
Result: NOTE
    genoud: multiple local function definitions for ‘fn1.bfgs’ with
     different formal arguments
    genoud: multiple local function definitions for ‘gr1’ with different
     formal arguments
    genoud: multiple local function definitions for ‘hess.fn’ with
     different formal arguments
    genoud_transform: multiple local function definitions for ‘fn1.bfgs’
     with different formal arguments
    genoud_transform: multiple local function definitions for ‘gr1’ with
     different formal arguments
Flavors: r-devel-linux-x86_64-debian-clang, r-devel-linux-x86_64-debian-gcc, r-devel-windows-ix86+x86_64, r-patched-linux-x86_64, r-patched-solaris-sparc, r-patched-solaris-x86, r-release-linux-x86_64, r-release-osx-x86_64-mavericks, r-release-windows-ix86+x86_64, r-oldrel-windows-ix86+x86_64

Version: 5.7-12.4
Flags: --no-stop-on-test-error
Check: R code for possible problems
Result: NOTE
    genoud: multiple local function definitions for ‘fn1.bfgs’ with
     different formal arguments
    genoud: multiple local function definitions for ‘gr1’ with different
     formal arguments
    genoud: multiple local function definitions for ‘hess.fn’ with
     different formal arguments
    genoud_transform: multiple local function definitions for ‘fn1.bfgs’
     with different formal arguments
    genoud_transform: multiple local function definitions for ‘gr1’ with
     different formal arguments
Flavors: r-devel-linux-x86_64-fedora-clang, r-devel-linux-x86_64-fedora-gcc, r-devel-macos-x86_64-clang