CRAN Package Check Results for Package rgenoud

Last updated on 2017-02-19 23:48:32.

Flavor Version Tinstall Tcheck Ttotal Status Flags
r-devel-linux-x86_64-debian-clang 5.7-12.4 7.28 24.50 31.79 NOTE
r-devel-linux-x86_64-debian-gcc 5.7-12.4 4.62 27.82 32.44 NOTE
r-devel-linux-x86_64-fedora-clang 5.7-12.4 58.16 NOTE --no-stop-on-test-error
r-devel-linux-x86_64-fedora-gcc 5.7-12.4 57.30 NOTE --no-stop-on-test-error
r-devel-macos-x86_64-clang 5.7-12.4 48.16 NOTE --no-stop-on-test-error
r-devel-windows-ix86+x86_64 5.7-12.4 21.00 102.00 123.00 NOTE
r-patched-linux-x86_64 5.7-12.4 4.12 26.85 30.97 NOTE
r-patched-solaris-sparc 5.7-12.4 320.50 NOTE
r-patched-solaris-x86 5.7-12.4 76.10 NOTE
r-release-linux-x86_64 5.7-12.4 4.22 26.37 30.59 NOTE
r-release-osx-x86_64-mavericks 5.7-12.4 NOTE
r-release-windows-ix86+x86_64 5.7-12.4 20.00 82.00 102.00 NOTE
r-oldrel-windows-ix86+x86_64 5.7-12.4 24.00 119.00 143.00 NOTE

Memtest notes: clang-UBSAN clang-UBSAN gcc6-UBSAN gcc6-UBSAN gcc7-UBSAN gcc7-UBSAN

Check Details

Version: 5.7-12.4
Check: R code for possible problems
Result: NOTE
    genoud: multiple local function definitions for ‘fn1.bfgs’ with
     different formal arguments
    genoud: multiple local function definitions for ‘gr1’ with different
     formal arguments
    genoud: multiple local function definitions for ‘hess.fn’ with
     different formal arguments
    genoud_transform: multiple local function definitions for ‘fn1.bfgs’
     with different formal arguments
    genoud_transform: multiple local function definitions for ‘gr1’ with
     different formal arguments
Flavors: r-devel-linux-x86_64-debian-clang, r-devel-linux-x86_64-debian-gcc, r-devel-windows-ix86+x86_64, r-patched-linux-x86_64, r-patched-solaris-sparc, r-patched-solaris-x86, r-release-linux-x86_64, r-release-osx-x86_64-mavericks, r-release-windows-ix86+x86_64, r-oldrel-windows-ix86+x86_64

Version: 5.7-12.4
Check: compiled code
Result: NOTE
    File ‘rgenoud/libs/rgenoud.so’:
     Found no calls to: ‘R_registerRoutines’, ‘R_useDynamicSymbols’
    
    It is good practice to register native routines and to disable symbol
    search.
    
    See ‘Writing portable packages’ in the ‘Writing R Extensions’ manual.
Flavors: r-devel-linux-x86_64-debian-clang, r-devel-linux-x86_64-debian-gcc

Version: 5.7-12.4
Flags: --no-stop-on-test-error
Check: R code for possible problems
Result: NOTE
    genoud: multiple local function definitions for ‘fn1.bfgs’ with
     different formal arguments
    genoud: multiple local function definitions for ‘gr1’ with different
     formal arguments
    genoud: multiple local function definitions for ‘hess.fn’ with
     different formal arguments
    genoud_transform: multiple local function definitions for ‘fn1.bfgs’
     with different formal arguments
    genoud_transform: multiple local function definitions for ‘gr1’ with
     different formal arguments
Flavors: r-devel-linux-x86_64-fedora-clang, r-devel-linux-x86_64-fedora-gcc, r-devel-macos-x86_64-clang

Version: 5.7-12.4
Flags: --no-stop-on-test-error
Check: compiled code
Result: NOTE
    File ‘rgenoud/libs/rgenoud.so’:
     Found no calls to: ‘R_registerRoutines’, ‘R_useDynamicSymbols’
    
    It is good practice to register native routines and to disable symbol
    search.
    
    See ‘Writing portable packages’ in the ‘Writing R Extensions’ manual.
Flavors: r-devel-linux-x86_64-fedora-clang, r-devel-linux-x86_64-fedora-gcc, r-devel-macos-x86_64-clang