CRAN Package Check Results for Package rgenoud

Last updated on 2018-06-23 15:53:39 CEST.

Flavor Version Tinstall Tcheck Ttotal Status Flags
r-devel-linux-x86_64-debian-clang 5.8-2.0 10.77 53.62 64.39 NOTE
r-devel-linux-x86_64-debian-gcc 5.8-2.0 5.80 48.31 54.11 NOTE
r-devel-linux-x86_64-fedora-clang 5.8-2.0 78.83 NOTE
r-devel-linux-x86_64-fedora-gcc 5.8-2.0 91.30 NOTE
r-devel-windows-ix86+x86_64 5.8-2.0 36.00 206.00 242.00 NOTE
r-patched-linux-x86_64 5.8-2.0 8.51 59.61 68.12 NOTE
r-patched-solaris-x86 5.8-2.0 102.30 NOTE
r-release-linux-x86_64 5.8-2.0 7.83 59.30 67.13 NOTE
r-release-windows-ix86+x86_64 5.8-2.0 36.00 213.00 249.00 NOTE
r-release-osx-x86_64 5.8-2.0 NOTE
r-oldrel-windows-ix86+x86_64 5.8-2.0 33.00 209.00 242.00 NOTE
r-oldrel-osx-x86_64 5.8-2.0 NOTE

Additional issues

clang-UBSAN

Check Details

Version: 5.8-2.0
Check: R code for possible problems
Result: NOTE
    genoud: multiple local function definitions for ‘fn1.bfgs’ with
     different formal arguments
    genoud: multiple local function definitions for ‘gr1’ with different
     formal arguments
    genoud: multiple local function definitions for ‘hess.fn’ with
     different formal arguments
    genoud_transform: multiple local function definitions for ‘fn1.bfgs’
     with different formal arguments
    genoud_transform: multiple local function definitions for ‘gr1’ with
     different formal arguments
Flavors: r-devel-linux-x86_64-debian-clang, r-devel-linux-x86_64-debian-gcc, r-devel-linux-x86_64-fedora-clang, r-devel-linux-x86_64-fedora-gcc, r-devel-windows-ix86+x86_64, r-patched-linux-x86_64, r-patched-solaris-x86, r-release-linux-x86_64, r-release-windows-ix86+x86_64, r-release-osx-x86_64, r-oldrel-windows-ix86+x86_64, r-oldrel-osx-x86_64