CRAN Package Check Results for Package rgenoud

Last updated on 2017-09-22 05:48:25.

Flavor Version Tinstall Tcheck Ttotal Status Flags
r-devel-linux-x86_64-debian-clang 5.7-12.4 7.00 25.37 32.37 NOTE
r-devel-linux-x86_64-debian-gcc 5.7-12.4 5.61 27.50 33.11 NOTE
r-devel-linux-x86_64-fedora-clang 5.7-12.4 59.32 NOTE
r-devel-linux-x86_64-fedora-gcc 5.7-12.4 58.40 NOTE
r-devel-windows-ix86+x86_64 5.7-12.4 44.00 113.00 157.00 NOTE
r-patched-linux-x86_64 5.7-12.4 4.71 27.50 32.22 NOTE
r-patched-solaris-x86 5.7-12.4 76.50 NOTE
r-release-linux-x86_64 5.7-12.4 4.69 27.97 32.66 NOTE
r-release-windows-ix86+x86_64 5.7-12.4 24.00 83.00 107.00 NOTE
r-release-osx-x86_64 5.7-12.4 NOTE
r-oldrel-windows-ix86+x86_64 5.7-12.4 20.00 82.00 102.00 NOTE
r-oldrel-osx-x86_64 5.7-12.4 NOTE

Additional issues

clang-UBSAN gcc-UBSAN

Check Details

Version: 5.7-12.4
Check: R code for possible problems
Result: NOTE
    genoud: multiple local function definitions for ‘fn1.bfgs’ with
     different formal arguments
    genoud: multiple local function definitions for ‘gr1’ with different
     formal arguments
    genoud: multiple local function definitions for ‘hess.fn’ with
     different formal arguments
    genoud_transform: multiple local function definitions for ‘fn1.bfgs’
     with different formal arguments
    genoud_transform: multiple local function definitions for ‘gr1’ with
     different formal arguments
Flavors: r-devel-linux-x86_64-debian-clang, r-devel-linux-x86_64-debian-gcc, r-devel-linux-x86_64-fedora-clang, r-devel-linux-x86_64-fedora-gcc, r-devel-windows-ix86+x86_64, r-patched-linux-x86_64, r-patched-solaris-x86, r-release-linux-x86_64, r-release-windows-ix86+x86_64, r-release-osx-x86_64, r-oldrel-windows-ix86+x86_64, r-oldrel-osx-x86_64

Version: 5.7-12.4
Check: compiled code
Result: NOTE
    File ‘rgenoud/libs/rgenoud.so’:
     Found no calls to: ‘R_registerRoutines’, ‘R_useDynamicSymbols’
    
    It is good practice to register native routines and to disable symbol
    search.
    
    See ‘Writing portable packages’ in the ‘Writing R Extensions’ manual.
Flavors: r-devel-linux-x86_64-debian-clang, r-devel-linux-x86_64-debian-gcc, r-devel-linux-x86_64-fedora-clang, r-devel-linux-x86_64-fedora-gcc, r-patched-linux-x86_64, r-release-linux-x86_64