CRAN Package Check Results for Package rgenoud

Last updated on 2016-09-28 15:48:10.

Flavor Version Tinstall Tcheck Ttotal Status Flags
r-devel-linux-x86_64-debian-clang 5.7-12.4 7.59 23.92 31.52 NOTE
r-devel-linux-x86_64-debian-gcc 5.7-12.4 4.74 26.33 31.08 NOTE
r-devel-linux-x86_64-fedora-clang 5.7-12.4 57.68 NOTE
r-devel-linux-x86_64-fedora-gcc 5.7-12.4 54.92 NOTE
r-devel-macos-x86_64-clang 5.7-12.4 45.90 NOTE
r-devel-windows-ix86+x86_64 5.7-12.4 27.00 134.00 161.00 NOTE
r-patched-linux-x86_64 5.7-12.4 4.71 26.66 31.37 NOTE
r-patched-solaris-sparc 5.7-12.4 321.40 NOTE
r-patched-solaris-x86 5.7-12.4 65.50 NOTE
r-release-linux-x86_64 5.7-12.4 4.40 26.65 31.06 NOTE
r-release-osx-x86_64-mavericks 5.7-12.4 NOTE
r-release-windows-ix86+x86_64 5.7-12.4 19.00 88.00 107.00 NOTE
r-oldrel-windows-ix86+x86_64 5.7-12.4 28.00 104.00 132.00 NOTE

Memtest notes: clang-UBSAN clang-UBSAN gcc6-UBSAN gcc7-UBSAN gcc7-UBSAN

Check Details

Version: 5.7-12.4
Check: R code for possible problems
Result: NOTE
    genoud: multiple local function definitions for ‘fn1.bfgs’ with
     different formal arguments
    genoud: multiple local function definitions for ‘gr1’ with different
     formal arguments
    genoud: multiple local function definitions for ‘hess.fn’ with
     different formal arguments
    genoud_transform: multiple local function definitions for ‘fn1.bfgs’
     with different formal arguments
    genoud_transform: multiple local function definitions for ‘gr1’ with
     different formal arguments
Flavors: r-devel-linux-x86_64-debian-clang, r-devel-linux-x86_64-debian-gcc, r-devel-linux-x86_64-fedora-clang, r-devel-linux-x86_64-fedora-gcc, r-devel-macos-x86_64-clang, r-devel-windows-ix86+x86_64, r-patched-linux-x86_64, r-patched-solaris-sparc, r-patched-solaris-x86, r-release-linux-x86_64, r-release-osx-x86_64-mavericks, r-release-windows-ix86+x86_64, r-oldrel-windows-ix86+x86_64