CRAN Package Check Results for Package rgenoud

Last updated on 2016-04-29 19:49:59.

Flavor Version Tinstall Tcheck Ttotal Status Flags
r-devel-linux-x86_64-debian-gcc 5.7-12.4 4.10 25.82 29.93 NOTE
r-devel-linux-x86_64-fedora-clang 5.7-12.4 55.99 NOTE
r-devel-linux-x86_64-fedora-gcc 5.7-12.4 53.75 NOTE
r-devel-osx-x86_64-clang 5.7-12.4 60.41 NOTE
r-devel-windows-ix86+x86_64 5.7-12.4 27.00 83.00 110.00 NOTE
r-patched-linux-x86_64 5.7-12.4 4.24 25.83 30.07 NOTE
r-patched-solaris-sparc 5.7-12.4 328.20 NOTE
r-patched-solaris-x86 5.7-12.4 67.90 NOTE
r-release-linux-x86_64 5.7-12.4 4.52 28.13 32.65 NOTE
r-release-osx-x86_64-mavericks 5.7-12.4 NOTE
r-release-windows-ix86+x86_64 5.7-12.4 28.00 104.00 132.00 NOTE
r-oldrel-windows-ix86+x86_64 5.7-12.4 29.00 120.00 149.00 NOTE

Memtest notes: clang-UBSAN clang-UBSAN gcc6-UBSAN gcc6-UBSAN

Check Details

Version: 5.7-12.4
Check: R code for possible problems
Result: NOTE
    genoud: multiple local function definitions for ‘fn1.bfgs’ with
     different formal arguments
    genoud: multiple local function definitions for ‘gr1’ with different
     formal arguments
    genoud: multiple local function definitions for ‘hess.fn’ with
     different formal arguments
    genoud_transform: multiple local function definitions for ‘fn1.bfgs’
     with different formal arguments
    genoud_transform: multiple local function definitions for ‘gr1’ with
     different formal arguments
Flavors: r-devel-linux-x86_64-debian-gcc, r-devel-linux-x86_64-fedora-clang, r-devel-linux-x86_64-fedora-gcc, r-devel-osx-x86_64-clang, r-devel-windows-ix86+x86_64, r-patched-linux-x86_64, r-patched-solaris-sparc, r-patched-solaris-x86, r-release-linux-x86_64, r-release-osx-x86_64-mavericks, r-release-windows-ix86+x86_64, r-oldrel-windows-ix86+x86_64