CRAN Package Check Results for Package rgenoud

Last updated on 2017-01-24 08:49:59.

Flavor Version Tinstall Tcheck Ttotal Status Flags
r-devel-linux-x86_64-debian-clang 5.7-12.4 7.21 24.50 31.71 NOTE
r-devel-linux-x86_64-debian-gcc 5.7-12.4 4.68 27.24 31.93 NOTE
r-devel-linux-x86_64-fedora-clang 5.7-12.4 58.37 NOTE --no-stop-on-test-error
r-devel-linux-x86_64-fedora-gcc 5.7-12.4 56.46 NOTE --no-stop-on-test-error
r-devel-macos-x86_64-clang 5.7-12.4 47.17 NOTE --no-stop-on-test-error
r-devel-windows-ix86+x86_64 5.7-12.4 20.00 79.00 99.00 NOTE
r-patched-linux-x86_64 5.7-12.4 4.41 26.68 31.09 NOTE
r-patched-solaris-sparc 5.7-12.4 320.50 NOTE
r-patched-solaris-x86 5.7-12.4 69.10 NOTE
r-release-linux-x86_64 5.7-12.4 4.13 26.84 30.97 NOTE
r-release-osx-x86_64-mavericks 5.7-12.4 NOTE
r-release-windows-ix86+x86_64 5.7-12.4 20.00 82.00 102.00 NOTE
r-oldrel-windows-ix86+x86_64 5.7-12.4 24.00 119.00 143.00 NOTE

Memtest notes: clang-UBSAN clang-UBSAN gcc6-UBSAN gcc6-UBSAN gcc7-UBSAN gcc7-UBSAN

Check Details

Version: 5.7-12.4
Check: R code for possible problems
Result: NOTE
    genoud: multiple local function definitions for ‘fn1.bfgs’ with
     different formal arguments
    genoud: multiple local function definitions for ‘gr1’ with different
     formal arguments
    genoud: multiple local function definitions for ‘hess.fn’ with
     different formal arguments
    genoud_transform: multiple local function definitions for ‘fn1.bfgs’
     with different formal arguments
    genoud_transform: multiple local function definitions for ‘gr1’ with
     different formal arguments
Flavors: r-devel-linux-x86_64-debian-clang, r-devel-linux-x86_64-debian-gcc, r-devel-windows-ix86+x86_64, r-patched-linux-x86_64, r-patched-solaris-sparc, r-patched-solaris-x86, r-release-linux-x86_64, r-release-osx-x86_64-mavericks, r-release-windows-ix86+x86_64, r-oldrel-windows-ix86+x86_64

Version: 5.7-12.4
Flags: --no-stop-on-test-error
Check: R code for possible problems
Result: NOTE
    genoud: multiple local function definitions for ‘fn1.bfgs’ with
     different formal arguments
    genoud: multiple local function definitions for ‘gr1’ with different
     formal arguments
    genoud: multiple local function definitions for ‘hess.fn’ with
     different formal arguments
    genoud_transform: multiple local function definitions for ‘fn1.bfgs’
     with different formal arguments
    genoud_transform: multiple local function definitions for ‘gr1’ with
     different formal arguments
Flavors: r-devel-linux-x86_64-fedora-clang, r-devel-linux-x86_64-fedora-gcc, r-devel-macos-x86_64-clang