CRAN Package Check Results for Package rgenoud

Last updated on 2019-12-09 13:49:58 CET.

Flavor Version Tinstall Tcheck Ttotal Status Flags
r-devel-linux-x86_64-debian-clang 5.8-3.0 14.61 49.38 63.99 NOTE
r-devel-linux-x86_64-debian-gcc 5.8-3.0 7.65 41.80 49.45 NOTE
r-devel-linux-x86_64-fedora-clang 5.8-3.0 80.84 NOTE
r-devel-linux-x86_64-fedora-gcc 5.8-3.0 83.15 NOTE
r-devel-windows-ix86+x86_64 5.8-3.0 29.00 162.00 191.00 NOTE
r-devel-windows-ix86+x86_64-gcc8 5.8-3.0 30.00 148.00 178.00 NOTE
r-patched-linux-x86_64 5.8-3.0 8.39 51.72 60.11 NOTE
r-patched-solaris-x86 5.8-3.0 99.70 NOTE
r-release-linux-x86_64 5.8-3.0 8.18 52.19 60.37 NOTE
r-release-windows-ix86+x86_64 5.8-3.0 40.00 118.00 158.00 NOTE
r-release-osx-x86_64 5.8-3.0 NOTE
r-oldrel-windows-ix86+x86_64 5.8-3.0 29.00 122.00 151.00 NOTE
r-oldrel-osx-x86_64 5.8-3.0 NOTE

Additional issues

clang-UBSAN gcc-UBSAN

Check Details

Version: 5.8-3.0
Check: R code for possible problems
Result: NOTE
    genoud: multiple local function definitions for 'fn1.bfgs' with
     different formal arguments
    genoud: multiple local function definitions for 'gr1' with different
     formal arguments
    genoud: multiple local function definitions for 'hess.fn' with
     different formal arguments
    genoud_transform: multiple local function definitions for 'fn1.bfgs'
     with different formal arguments
    genoud_transform: multiple local function definitions for 'gr1' with
     different formal arguments
Flavors: r-devel-linux-x86_64-debian-clang, r-devel-linux-x86_64-debian-gcc, r-devel-linux-x86_64-fedora-clang, r-devel-linux-x86_64-fedora-gcc, r-devel-windows-ix86+x86_64, r-devel-windows-ix86+x86_64-gcc8, r-patched-linux-x86_64, r-patched-solaris-x86, r-release-linux-x86_64, r-release-windows-ix86+x86_64, r-release-osx-x86_64, r-oldrel-windows-ix86+x86_64, r-oldrel-osx-x86_64