CRAN Package Check Results for Package rgenoud

Last updated on 2014-12-21 21:47:29.

Flavor Version Tinstall Tcheck Ttotal Status Flags
r-devel-linux-x86_64-debian-clang 5.7-12 5.16 25.25 30.41 NOTE
r-devel-linux-x86_64-debian-gcc 5.7-12 4.27 27.32 31.59 NOTE
r-devel-linux-x86_64-fedora-clang 5.7-12 65.13 NOTE
r-devel-linux-x86_64-fedora-gcc 5.7-12 62.08 NOTE
r-devel-osx-x86_64-clang 5.7-12 56.61 NOTE
r-devel-windows-ix86+x86_64 5.7-12 38.00 92.00 130.00 NOTE
r-patched-linux-x86_64 5.7-12 4.24 29.98 34.23 NOTE
r-patched-solaris-sparc 5.7-12 377.00 NOTE
r-patched-solaris-x86 5.7-12 86.10 NOTE
r-release-linux-ix86 5.7-12 5.48 37.62 43.11 NOTE
r-release-linux-x86_64 5.7-12 4.04 30.07 34.11 NOTE
r-release-osx-x86_64-mavericks 5.7-12 NOTE
r-release-windows-ix86+x86_64 5.7-12 25.00 114.00 139.00 NOTE
r-oldrel-windows-ix86+x86_64 5.7-12 22.00 132.00 154.00 NOTE

Memtest notes: UBSAN-clang-trunk UBSAN-clang-trunk UBSAN-gcc UBSAN-gcc UBSAN UBSAN

Check Details

Version: 5.7-12
Check: top-level files
Result: NOTE
    Non-standard file/directory found at top level:
     ‘COPYRIGHTS’
    Copyright information should be in file inst/COPYRIGHTS
Flavors: r-devel-linux-x86_64-debian-clang, r-devel-linux-x86_64-debian-gcc, r-devel-linux-x86_64-fedora-clang, r-devel-linux-x86_64-fedora-gcc, r-patched-linux-x86_64, r-release-linux-x86_64

Version: 5.7-12
Check: dependencies in R code
Result: NOTE
    'library' or 'require' call to ‘parallel’ which was already attached by Depends.
     Please remove these calls from your code.
    Package in Depends field not imported from: ‘parallel’
     These packages need to be imported from (in the NAMESPACE file)
     for when this namespace is loaded but not attached.
    See the information on DESCRIPTION files in the chapter ‘Creating R
    packages’ of the ‘Writing R Extensions’ manual.
Flavors: r-devel-linux-x86_64-debian-clang, r-devel-linux-x86_64-debian-gcc, r-devel-linux-x86_64-fedora-clang, r-devel-linux-x86_64-fedora-gcc, r-devel-osx-x86_64-clang, r-devel-windows-ix86+x86_64, r-patched-linux-x86_64, r-patched-solaris-sparc, r-patched-solaris-x86, r-release-linux-ix86, r-release-linux-x86_64, r-release-windows-ix86+x86_64

Version: 5.7-12
Check: R code for possible problems
Result: NOTE
    genoud : fnLexicalSort: no visible binding for global variable ‘indx’
    genoud: multiple local function definitions for ‘fn1.bfgs’ with
     different formal arguments
    genoud: multiple local function definitions for ‘gr1’ with different
     formal arguments
    genoud: multiple local function definitions for ‘hess.fn’ with
     different formal arguments
    genoud_transform : fnLexicalSort: no visible binding for global
     variable ‘indx’
    genoud_transform: multiple local function definitions for ‘fn1.bfgs’
     with different formal arguments
    genoud_transform: multiple local function definitions for ‘gr1’ with
     different formal arguments
Flavors: r-devel-linux-x86_64-debian-clang, r-devel-linux-x86_64-debian-gcc, r-devel-linux-x86_64-fedora-clang, r-devel-linux-x86_64-fedora-gcc, r-devel-osx-x86_64-clang, r-devel-windows-ix86+x86_64, r-patched-linux-x86_64, r-patched-solaris-sparc, r-patched-solaris-x86, r-release-linux-ix86, r-release-linux-x86_64, r-release-osx-x86_64-mavericks, r-release-windows-ix86+x86_64, r-oldrel-windows-ix86+x86_64

Version: 5.7-12
Check: dependencies in R code
Result: NOTE
    'library' or 'require' call to ‘parallel’ which was already attached by Depends.
     Please remove these calls from your code.
    See the information on DESCRIPTION files in the chapter ‘Creating R
    packages’ of the ‘Writing R Extensions’ manual.
Flavors: r-release-osx-x86_64-mavericks, r-oldrel-windows-ix86+x86_64