CRAN Package Check Results for Package rgenoud

Last updated on 2015-07-01 13:47:31.

Flavor Version Tinstall Tcheck Ttotal Status Flags
r-devel-linux-x86_64-debian-clang 5.7-12 4.68 23.88 28.56 NOTE
r-devel-linux-x86_64-debian-gcc 5.7-12 4.06 26.32 30.38 NOTE
r-devel-linux-x86_64-fedora-clang 5.7-12 57.99 NOTE
r-devel-linux-x86_64-fedora-gcc 5.7-12 57.71 NOTE
r-devel-osx-x86_64-clang 5.7-12 48.15 NOTE
r-devel-windows-ix86+x86_64 5.7-12 35.00 103.00 138.00 NOTE
r-patched-linux-x86_64 5.7-12 4.10 27.28 31.39 NOTE
r-patched-solaris-sparc 5.7-12 373.40 NOTE
r-patched-solaris-x86 5.7-12 81.90 NOTE
r-release-linux-x86_64 5.7-12 4.12 27.64 31.76 NOTE
r-release-osx-x86_64-mavericks 5.7-12 NOTE
r-release-windows-ix86+x86_64 5.7-12 26.00 102.00 128.00 NOTE
r-oldrel-windows-ix86+x86_64 5.7-12 33.00 106.00 139.00 NOTE

Memtest notes: UBSAN-gcc UBSAN-gcc UBSAN UBSAN

Check Details

Version: 5.7-12
Check: DESCRIPTION meta-information
Result: NOTE
    Malformed Description field: should contain one or more complete sentences.
Flavors: r-devel-linux-x86_64-debian-clang, r-devel-linux-x86_64-debian-gcc, r-devel-linux-x86_64-fedora-clang, r-devel-linux-x86_64-fedora-gcc, r-devel-osx-x86_64-clang, r-devel-windows-ix86+x86_64, r-patched-linux-x86_64, r-patched-solaris-sparc, r-patched-solaris-x86, r-release-linux-x86_64, r-release-osx-x86_64-mavericks, r-release-windows-ix86+x86_64

Version: 5.7-12
Check: top-level files
Result: NOTE
    Non-standard file/directory found at top level:
     ‘COPYRIGHTS’
    Copyright information should be in file inst/COPYRIGHTS
Flavors: r-devel-linux-x86_64-debian-clang, r-devel-linux-x86_64-debian-gcc, r-devel-linux-x86_64-fedora-clang, r-devel-linux-x86_64-fedora-gcc, r-patched-linux-x86_64, r-release-linux-x86_64

Version: 5.7-12
Check: dependencies in R code
Result: NOTE
    'library' or 'require' call to ‘parallel’ which was already attached by Depends.
     Please remove these calls from your code.
    Package in Depends field not imported from: ‘parallel’
     These packages need to be imported from (in the NAMESPACE file)
     for when this namespace is loaded but not attached.
Flavors: r-devel-linux-x86_64-debian-clang, r-devel-linux-x86_64-debian-gcc, r-devel-linux-x86_64-fedora-clang, r-devel-linux-x86_64-fedora-gcc, r-devel-osx-x86_64-clang, r-devel-windows-ix86+x86_64, r-patched-linux-x86_64, r-patched-solaris-sparc, r-patched-solaris-x86, r-release-linux-x86_64, r-release-osx-x86_64-mavericks, r-release-windows-ix86+x86_64, r-oldrel-windows-ix86+x86_64

Version: 5.7-12
Check: R code for possible problems
Result: NOTE
    .onAttach: no visible global function definition for
     ‘packageDescription’
    genoud: no visible global function definition for ‘runif’
    genoud : gr: no visible global function definition for ‘numericDeriv’
    genoud : genoud.optim.wrapper101: no visible global function definition
     for ‘optim’
    genoud : fnLexicalSort: no visible binding for global variable ‘indx’
    genoud: no visible global function definition for ‘optimHess’
    genoud: multiple local function definitions for ‘fn1.bfgs’ with
     different formal arguments
    genoud: multiple local function definitions for ‘gr1’ with different
     formal arguments
    genoud: multiple local function definitions for ‘hess.fn’ with
     different formal arguments
    genoud_transform: no visible global function definition for ‘runif’
    genoud_transform : gr: no visible global function definition for
     ‘numericDeriv’
    genoud_transform : genoud.optim.wrapper101: no visible global function
     definition for ‘optim’
    genoud_transform : fnLexicalSort: no visible binding for global
     variable ‘indx’
    genoud_transform: no visible global function definition for ‘optimHess’
    genoud_transform: multiple local function definitions for ‘fn1.bfgs’
     with different formal arguments
    genoud_transform: multiple local function definitions for ‘gr1’ with
     different formal arguments
Flavors: r-devel-linux-x86_64-debian-clang, r-devel-linux-x86_64-debian-gcc, r-devel-linux-x86_64-fedora-clang, r-devel-linux-x86_64-fedora-gcc

Version: 5.7-12
Check: R code for possible problems
Result: NOTE
    genoud : fnLexicalSort: no visible binding for global variable ‘indx’
    genoud: multiple local function definitions for ‘fn1.bfgs’ with
     different formal arguments
    genoud: multiple local function definitions for ‘gr1’ with different
     formal arguments
    genoud: multiple local function definitions for ‘hess.fn’ with
     different formal arguments
    genoud_transform : fnLexicalSort: no visible binding for global
     variable ‘indx’
    genoud_transform: multiple local function definitions for ‘fn1.bfgs’
     with different formal arguments
    genoud_transform: multiple local function definitions for ‘gr1’ with
     different formal arguments
Flavors: r-devel-osx-x86_64-clang, r-devel-windows-ix86+x86_64, r-patched-linux-x86_64, r-patched-solaris-sparc, r-patched-solaris-x86, r-release-linux-x86_64, r-release-osx-x86_64-mavericks, r-release-windows-ix86+x86_64, r-oldrel-windows-ix86+x86_64