CRAN Package Check Results for Package rgenoud

Last updated on 2015-08-28 06:47:32.

Flavor Version Tinstall Tcheck Ttotal Status Flags
r-devel-linux-x86_64-debian-clang 5.7-12.4 4.47 23.82 28.29 NOTE
r-devel-linux-x86_64-debian-gcc 5.7-12.4 4.26 25.81 30.07 NOTE
r-devel-linux-x86_64-fedora-clang 5.7-12.4 57.42 NOTE
r-devel-linux-x86_64-fedora-gcc 5.7-12.4 56.91 NOTE
r-devel-osx-x86_64-clang 5.7-12.4 48.62 NOTE
r-devel-windows-ix86+x86_64 5.7-12.4 38.00 102.00 140.00 NOTE
r-patched-linux-x86_64 5.7-12.4 4.23 26.57 30.80 NOTE
r-patched-solaris-sparc 5.7-12.4 381.40 NOTE
r-patched-solaris-x86 5.7-12.4 84.40 NOTE
r-release-linux-x86_64 5.7-12.4 4.19 27.66 31.85 NOTE
r-release-osx-x86_64-mavericks 5.7-12.4 NOTE
r-release-windows-ix86+x86_64 5.7-12.4 27.00 102.00 129.00 NOTE
r-oldrel-windows-ix86+x86_64 5.7-12.4 29.00 120.00 149.00 NOTE

Memtest notes: clang-UBSAN clang-UBSAN gcc-UBSAN gcc-UBSAN

Check Details

Version: 5.7-12.4
Check: R code for possible problems
Result: NOTE
    genoud: multiple local function definitions for ‘fn1.bfgs’ with
     different formal arguments
    genoud: multiple local function definitions for ‘gr1’ with different
     formal arguments
    genoud: multiple local function definitions for ‘hess.fn’ with
     different formal arguments
    genoud_transform: multiple local function definitions for ‘fn1.bfgs’
     with different formal arguments
    genoud_transform: multiple local function definitions for ‘gr1’ with
     different formal arguments
Flavors: r-devel-linux-x86_64-debian-clang, r-devel-linux-x86_64-debian-gcc, r-devel-linux-x86_64-fedora-clang, r-devel-linux-x86_64-fedora-gcc, r-devel-osx-x86_64-clang, r-devel-windows-ix86+x86_64, r-patched-linux-x86_64, r-patched-solaris-sparc, r-patched-solaris-x86, r-release-linux-x86_64, r-release-osx-x86_64-mavericks, r-release-windows-ix86+x86_64, r-oldrel-windows-ix86+x86_64