CRAN Package Check Results for Package rgenoud

Last updated on 2017-11-20 23:50:01 CET.

Flavor Version Tinstall Tcheck Ttotal Status Flags
r-devel-linux-x86_64-debian-clang 5.8-1.0 6.79 32.32 39.11 NOTE
r-devel-linux-x86_64-debian-gcc 5.8-1.0 10.11 92.67 102.79 NOTE
r-devel-linux-x86_64-fedora-clang 5.8-1.0 73.19 NOTE
r-devel-linux-x86_64-fedora-gcc 5.8-1.0 87.14 NOTE
r-devel-windows-ix86+x86_64 5.8-1.0 40.00 170.00 210.00 NOTE
r-patched-linux-x86_64 5.8-1.0 4.70 46.82 51.51 NOTE
r-patched-solaris-x86 5.8-1.0 95.90 NOTE
r-release-linux-x86_64 5.8-1.0 4.72 39.01 43.73 NOTE
r-release-windows-ix86+x86_64 5.8-1.0 26.00 204.00 230.00 NOTE
r-release-osx-x86_64 5.8-1.0 NOTE
r-oldrel-windows-ix86+x86_64 5.8-1.0 24.00 236.00 260.00 NOTE
r-oldrel-osx-x86_64 5.8-1.0 NOTE

Additional issues

clang-UBSAN

Check Details

Version: 5.8-1.0
Check: R code for possible problems
Result: NOTE
    genoud: multiple local function definitions for ‘fn1.bfgs’ with
     different formal arguments
    genoud: multiple local function definitions for ‘gr1’ with different
     formal arguments
    genoud: multiple local function definitions for ‘hess.fn’ with
     different formal arguments
    genoud_transform: multiple local function definitions for ‘fn1.bfgs’
     with different formal arguments
    genoud_transform: multiple local function definitions for ‘gr1’ with
     different formal arguments
Flavors: r-devel-linux-x86_64-debian-clang, r-devel-linux-x86_64-debian-gcc, r-devel-linux-x86_64-fedora-clang, r-devel-linux-x86_64-fedora-gcc, r-devel-windows-ix86+x86_64, r-patched-linux-x86_64, r-patched-solaris-x86, r-release-linux-x86_64, r-release-windows-ix86+x86_64, r-release-osx-x86_64, r-oldrel-windows-ix86+x86_64, r-oldrel-osx-x86_64