CRAN Package Check Results for Package rgenoud

Last updated on 2020-07-13 13:48:56 CEST.

Flavor Version Tinstall Tcheck Ttotal Status Flags
r-devel-linux-x86_64-debian-clang 5.8-3.0 15.23 48.22 63.45 NOTE
r-devel-linux-x86_64-debian-gcc 5.8-3.0 8.69 47.46 56.15 NOTE
r-devel-linux-x86_64-fedora-clang 5.8-3.0 88.60 NOTE
r-devel-linux-x86_64-fedora-gcc 5.8-3.0 82.70 NOTE
r-devel-windows-ix86+x86_64 5.8-3.0 39.00 139.00 178.00 NOTE
r-patched-linux-x86_64 5.8-3.0 9.28 66.57 75.85 NOTE
r-patched-solaris-x86 5.8-3.0 106.10 NOTE
r-release-linux-x86_64 5.8-3.0 9.38 55.12 64.50 NOTE
r-release-macos-x86_64 5.8-3.0 ERROR
r-release-windows-ix86+x86_64 5.8-3.0 39.00 97.00 136.00 NOTE
r-oldrel-macos-x86_64 5.8-3.0 NOTE
r-oldrel-windows-ix86+x86_64 5.8-3.0 40.00 120.00 160.00 NOTE

Additional issues

clang-UBSAN gcc-UBSAN

Check Details

Version: 5.8-3.0
Check: R code for possible problems
Result: NOTE
    genoud: multiple local function definitions for 'fn1.bfgs' with
     different formal arguments
    genoud: multiple local function definitions for 'gr1' with different
     formal arguments
    genoud: multiple local function definitions for 'hess.fn' with
     different formal arguments
    genoud_transform: multiple local function definitions for 'fn1.bfgs'
     with different formal arguments
    genoud_transform: multiple local function definitions for 'gr1' with
     different formal arguments
Flavors: r-devel-linux-x86_64-debian-clang, r-devel-linux-x86_64-debian-gcc, r-devel-linux-x86_64-fedora-clang, r-devel-linux-x86_64-fedora-gcc, r-devel-windows-ix86+x86_64, r-patched-linux-x86_64, r-patched-solaris-x86, r-release-linux-x86_64, r-release-windows-ix86+x86_64, r-oldrel-macos-x86_64, r-oldrel-windows-ix86+x86_64

Version: 5.8-3.0
Check: Rd cross-references
Result: NOTE
    Undeclared package ‘Matching’ in Rd xrefs
Flavor: r-devel-linux-x86_64-fedora-clang

Version: 5.8-3.0
Check: whether package can be installed
Result: ERROR
    Installation failed.
Flavor: r-release-macos-x86_64