CRAN Package Check Results for Package rgenoud

Last updated on 2017-05-25 17:48:21.

Flavor Version Tinstall Tcheck Ttotal Status Flags
r-devel-linux-x86_64-debian-clang 5.7-12.4 7.27 25.54 32.82 NOTE
r-devel-linux-x86_64-debian-gcc 5.7-12.4 4.76 28.36 33.12 NOTE
r-devel-linux-x86_64-fedora-clang 5.7-12.4 59.07 NOTE --no-stop-on-test-error
r-devel-linux-x86_64-fedora-gcc 5.7-12.4 56.89 NOTE --no-stop-on-test-error
r-devel-windows-ix86+x86_64 5.7-12.4 39.00 81.00 120.00 NOTE
r-patched-linux-x86_64 5.7-12.4 4.30 28.04 32.34 NOTE
r-patched-solaris-sparc 5.7-12.4 355.10 NOTE
r-patched-solaris-x86 5.7-12.4 74.80 NOTE
r-release-linux-x86_64 5.7-12.4 7.21 28.17 35.38 NOTE
r-release-windows-ix86+x86_64 5.7-12.4 25.00 79.00 104.00 NOTE
r-release-osx-x86_64 5.7-12.4 NOTE
r-oldrel-windows-ix86+x86_64 5.7-12.4 20.00 82.00 102.00 NOTE
r-oldrel-osx-x86_64 5.7-12.4 NOTE

Additional issues

clang-UBSAN clang-UBSAN gcc-UBSAN gcc-UBSAN

Check Details

Version: 5.7-12.4
Check: R code for possible problems
Result: NOTE
    genoud: multiple local function definitions for ‘fn1.bfgs’ with
     different formal arguments
    genoud: multiple local function definitions for ‘gr1’ with different
     formal arguments
    genoud: multiple local function definitions for ‘hess.fn’ with
     different formal arguments
    genoud_transform: multiple local function definitions for ‘fn1.bfgs’
     with different formal arguments
    genoud_transform: multiple local function definitions for ‘gr1’ with
     different formal arguments
Flavors: r-devel-linux-x86_64-debian-clang, r-devel-linux-x86_64-debian-gcc, r-devel-windows-ix86+x86_64, r-patched-linux-x86_64, r-patched-solaris-sparc, r-patched-solaris-x86, r-release-linux-x86_64, r-release-windows-ix86+x86_64, r-release-osx-x86_64, r-oldrel-windows-ix86+x86_64, r-oldrel-osx-x86_64

Version: 5.7-12.4
Check: compiled code
Result: NOTE
    File ‘rgenoud/libs/rgenoud.so’:
     Found no calls to: ‘R_registerRoutines’, ‘R_useDynamicSymbols’
    
    It is good practice to register native routines and to disable symbol
    search.
    
    See ‘Writing portable packages’ in the ‘Writing R Extensions’ manual.
Flavors: r-devel-linux-x86_64-debian-clang, r-devel-linux-x86_64-debian-gcc, r-patched-linux-x86_64, r-release-linux-x86_64

Version: 5.7-12.4
Flags: --no-stop-on-test-error
Check: R code for possible problems
Result: NOTE
    genoud: multiple local function definitions for ‘fn1.bfgs’ with
     different formal arguments
    genoud: multiple local function definitions for ‘gr1’ with different
     formal arguments
    genoud: multiple local function definitions for ‘hess.fn’ with
     different formal arguments
    genoud_transform: multiple local function definitions for ‘fn1.bfgs’
     with different formal arguments
    genoud_transform: multiple local function definitions for ‘gr1’ with
     different formal arguments
Flavors: r-devel-linux-x86_64-fedora-clang, r-devel-linux-x86_64-fedora-gcc

Version: 5.7-12.4
Flags: --no-stop-on-test-error
Check: compiled code
Result: NOTE
    File ‘rgenoud/libs/rgenoud.so’:
     Found no calls to: ‘R_registerRoutines’, ‘R_useDynamicSymbols’
    
    It is good practice to register native routines and to disable symbol
    search.
    
    See ‘Writing portable packages’ in the ‘Writing R Extensions’ manual.
Flavors: r-devel-linux-x86_64-fedora-clang, r-devel-linux-x86_64-fedora-gcc