Last updated on 2023-03-27 05:52:51 CEST.
Flavor | Version | Tinstall | Tcheck | Ttotal | Status | Flags |
---|---|---|---|---|---|---|
r-devel-linux-x86_64-debian-clang | 5.9-0.3 | 19.99 | 48.98 | 68.97 | OK | |
r-devel-linux-x86_64-debian-gcc | 5.9-0.3 | 12.87 | 46.06 | 58.93 | OK | |
r-devel-linux-x86_64-fedora-clang | 5.9-0.3 | 88.60 | NOTE | |||
r-devel-linux-x86_64-fedora-gcc | 5.9-0.3 | 121.22 | OK | |||
r-patched-linux-x86_64 | 5.9-0.3 | 12.16 | 70.28 | 82.44 | OK | |
r-release-linux-x86_64 | 5.9-0.3 | 10.88 | 60.67 | 71.55 | OK | |
r-release-macos-arm64 | 5.9-0.3 | 34.00 | OK | |||
r-release-macos-x86_64 | 5.9-0.3 | 45.00 | OK | |||
r-release-windows-x86_64 | 5.9-0.3 | 73.00 | 118.00 | 191.00 | OK | |
r-oldrel-macos-arm64 | 5.9-0.3 | 35.00 | OK | |||
r-oldrel-macos-x86_64 | 5.9-0.3 | 58.00 | OK | |||
r-oldrel-windows-ix86+x86_64 | 5.9-0.3 | 36.00 | 127.00 | 163.00 | OK |
Version: 5.9-0.3
Check: Rd cross-references
Result: NOTE
Undeclared package ‘Matching’ in Rd xrefs
Flavor: r-devel-linux-x86_64-fedora-clang