CRAN Package Check Results for Package rgeos

Last updated on 2016-07-26 18:48:30.

Flavor Version Tinstall Tcheck Ttotal Status Flags
r-devel-linux-x86_64-debian-clang 0.3-19 8.71 49.79 58.51 OK
r-devel-linux-x86_64-debian-gcc 0.3-19 9.43 49.11 58.54 OK
r-devel-linux-x86_64-fedora-clang 0.3-19 86.88 OK
r-devel-linux-x86_64-fedora-gcc 0.3-19 80.10 OK
r-devel-osx-x86_64-clang 0.3-19 73.17 OK
r-devel-windows-ix86+x86_64 0.3-19 50.00 136.00 186.00 OK
r-patched-linux-x86_64 0.3-19 7.23 45.92 53.15 OK
r-patched-solaris-sparc 0.3-19 515.50 OK
r-patched-solaris-x86 0.3-19 109.00 OK
r-release-linux-x86_64 0.3-19 7.59 46.99 54.58 OK
r-release-osx-x86_64-mavericks 0.3-19 NOTE
r-release-windows-ix86+x86_64 0.3-19 40.00 143.00 183.00 OK
r-oldrel-windows-ix86+x86_64 0.3-19 188.00 141.00 329.00 OK

Check Details

Version: 0.3-19
Check: package dependencies
Result: NOTE
    Package suggested but not available for checking: ‘rgdal’
Flavor: r-release-osx-x86_64-mavericks

Version: 0.3-19
Check: installed package size
Result: NOTE
     installed size is 22.3Mb
     sub-directories of 1Mb or more:
     libs 21.1Mb
Flavor: r-release-osx-x86_64-mavericks