CRAN Package Check Results for Package rgeos

Last updated on 2017-06-28 01:55:14.

Flavor Version Tinstall Tcheck Ttotal Status Flags
r-devel-linux-x86_64-debian-clang 0.3-23 8.27 35.14 43.41 OK
r-devel-linux-x86_64-debian-gcc 0.3-23 6.74 32.20 38.94 OK
r-devel-linux-x86_64-fedora-clang 0.3-23 71.29 OK
r-devel-linux-x86_64-fedora-gcc 0.3-23 69.65 OK
r-devel-windows-ix86+x86_64 0.3-23 52.00 97.00 149.00 OK
r-patched-linux-x86_64 0.3-23 6.73 33.04 39.77 OK
r-patched-solaris-sparc 0.3-23 417.30 OK
r-patched-solaris-x86 0.3-23 85.90 OK
r-release-linux-x86_64 0.3-23 7.33 33.00 40.33 OK
r-release-windows-ix86+x86_64 0.3-23 33.00 138.00 171.00 OK
r-release-osx-x86_64 0.3-23 NOTE
r-oldrel-windows-ix86+x86_64 0.3-23 47.00 117.00 164.00 OK
r-oldrel-osx-x86_64 0.3-23 NOTE

Additional issues

rchk

Check Details

Version: 0.3-23
Check: package dependencies
Result: NOTE
    Package suggested but not available for checking: ‘rgdal’
Flavor: r-release-osx-x86_64

Version: 0.3-23
Check: installed package size
Result: NOTE
     installed size is 16.0Mb
     sub-directories of 1Mb or more:
     libs 15.4Mb
Flavors: r-release-osx-x86_64, r-oldrel-osx-x86_64