CRAN Package Check Results for Package rgeos

Last updated on 2016-08-27 23:48:22.

Flavor Version Tinstall Tcheck Ttotal Status Flags
r-devel-linux-x86_64-debian-clang 0.3-19 7.51 45.94 53.44 OK
r-devel-linux-x86_64-debian-gcc 0.3-19 6.53 42.92 49.45 OK
r-devel-linux-x86_64-fedora-clang 0.3-19 88.00 OK
r-devel-linux-x86_64-fedora-gcc 0.3-19 82.58 OK
r-devel-osx-x86_64-clang 0.3-19 73.12 OK
r-devel-windows-ix86+x86_64 0.3-19 39.00 132.00 171.00 OK
r-patched-linux-x86_64 0.3-19 6.18 45.30 51.48 OK
r-patched-solaris-sparc 0.3-19 515.50 OK
r-patched-solaris-x86 0.3-19 111.50 OK
r-release-linux-x86_64 0.3-19 7.22 43.50 50.72 OK
r-release-osx-x86_64-mavericks 0.3-19 NOTE
r-release-windows-ix86+x86_64 0.3-19 40.00 149.00 189.00 OK
r-oldrel-windows-ix86+x86_64 0.3-19 30.00 163.00 193.00 OK

Check Details

Version: 0.3-19
Check: package dependencies
Result: NOTE
    Package suggested but not available for checking: ‘rgdal’
Flavor: r-release-osx-x86_64-mavericks

Version: 0.3-19
Check: installed package size
Result: NOTE
     installed size is 22.3Mb
     sub-directories of 1Mb or more:
     libs 21.1Mb
Flavor: r-release-osx-x86_64-mavericks