CRAN Package Check Results for Package rgeos

Last updated on 2015-05-29 05:47:41.

Flavor Version Tinstall Tcheck Ttotal Status Flags
r-devel-linux-x86_64-debian-clang 0.3-8 5.56 41.68 47.24 OK
r-devel-linux-x86_64-debian-gcc 0.3-8 5.72 40.25 45.97 OK
r-devel-linux-x86_64-fedora-clang 0.3-8 89.29 OK
r-devel-linux-x86_64-fedora-gcc 0.3-8 84.41 OK
r-devel-osx-x86_64-clang 0.3-8 86.42 OK
r-devel-windows-ix86+x86_64 0.3-8 33.00 106.00 139.00 OK
r-patched-linux-x86_64 0.3-8 5.58 39.67 45.25 OK
r-patched-solaris-sparc 0.3-8 567.10 OK
r-patched-solaris-x86 0.3-8 120.10 OK
r-release-linux-x86_64 0.3-8 6.02 38.95 44.98 OK
r-release-osx-x86_64-mavericks 0.3-8 NOTE
r-release-osx-x86_64-snowleopard 0.3-8 ERROR
r-release-windows-ix86+x86_64 0.3-8 32.00 113.00 145.00 OK
r-oldrel-windows-ix86+x86_64 0.3-8 31.00 127.00 158.00 OK

Check Details

Version: 0.3-8
Check: installed package size
Result: NOTE
     installed size is 22.3Mb
     sub-directories of 1Mb or more:
     libs 21.1Mb
Flavors: r-release-osx-x86_64-mavericks, r-release-osx-x86_64-snowleopard

Version: 0.3-8
Check: package dependencies
Result: NOTE
    Package suggested but not available for checking: ‘XML’
Flavor: r-release-osx-x86_64-snowleopard

Version: 0.3-8
Check: tests
Result: ERROR
    Running the tests in ‘tests/test-all.R’ failed.
    Last 13 lines of output:
     > library(testthat)
     > library(rgeos)
     rgeos version: 0.3-8, (SVN revision 460)
     GEOS runtime version: 3.3.3-CAPI-1.7.4
     Polygon checking: TRUE
    
     >
     > set_do_poly_check(FALSE)
     > #test_dir(system.file("tests", package = "rgeos"), StopReporter)#SummaryByContextReporter)
     > test_package("rgeos")
     Error in library(XML) : there is no package called 'XML'
     Calls: test_package ... eval -> source -> withVisible -> eval -> eval -> library
     Execution halted
Flavor: r-release-osx-x86_64-snowleopard