CRAN Package Check Results for Package rgeos

Last updated on 2015-02-01 23:49:03.

Flavor Version Tinstall Tcheck Ttotal Status Flags
r-devel-linux-x86_64-debian-clang 0.3-8 5.52 44.69 50.20 OK
r-devel-linux-x86_64-debian-gcc 0.3-8 5.73 41.21 46.94 OK
r-devel-linux-x86_64-fedora-clang 0.3-8 101.25 OK
r-devel-linux-x86_64-fedora-gcc 0.3-8 95.53 OK
r-devel-osx-x86_64-clang 0.3-8 100.78 OK
r-devel-windows-ix86+x86_64 0.3-8 41.00 122.00 163.00 OK
r-patched-linux-x86_64 0.3-8 5.93 46.79 52.72 OK
r-patched-solaris-sparc 0.3-8 600.80 OK
r-patched-solaris-x86 0.3-8 136.00 OK
r-release-linux-ix86 0.3-8 8.54 58.48 67.02 OK
r-release-linux-x86_64 0.3-8 5.88 52.16 58.04 OK
r-release-osx-x86_64-mavericks 0.3-8 ERROR
r-release-osx-x86_64-snowleopard 0.3-8 NOTE
r-release-windows-ix86+x86_64 0.3-8 30.00 132.00 162.00 OK
r-oldrel-windows-ix86+x86_64 0.3-8 30.00 206.00 236.00 OK

Check Details

Version: 0.3-8
Check: whether package can be installed
Result: ERROR
    Installation failed.
Flavor: r-release-osx-x86_64-mavericks

Version: 0.3-8
Check: installed package size
Result: NOTE
     installed size is 15.3Mb
     sub-directories of 1Mb or more:
     libs 14.1Mb
Flavor: r-release-osx-x86_64-snowleopard