CRAN Package Check Results for Package rgeos

Last updated on 2014-08-30 11:51:35.

Flavor Version Tinstall Tcheck Ttotal Status Flags
r-devel-linux-x86_64-debian-clang 0.3-6 5.30 44.15 49.45 OK
r-devel-linux-x86_64-debian-gcc 0.3-6 5.72 42.92 48.64 OK
r-devel-linux-x86_64-fedora-clang 0.3-6 106.28 OK
r-devel-linux-x86_64-fedora-gcc 0.3-6 100.55 OK
r-devel-osx-x86_64-clang 0.3-6 86.87 OK
r-devel-windows-ix86+x86_64 0.3-6 38.00 108.00 146.00 OK
r-patched-linux-x86_64 0.3-6 5.77 46.76 52.53 OK
r-patched-solaris-sparc 0.3-6 609.20 OK
r-patched-solaris-x86 0.3-6 135.80 OK
r-release-linux-ix86 0.3-6 9.02 58.30 67.32 OK
r-release-linux-x86_64 0.3-6 5.91 46.20 52.12 OK
r-release-osx-x86_64-mavericks 0.3-6 ERROR
r-release-osx-x86_64-snowleopard 0.3-6 NOTE
r-release-windows-ix86+x86_64 0.3-6 29.00 115.00 144.00 OK
r-oldrel-windows-ix86+x86_64 0.3-6 31.00 191.00 222.00 OK

Check Details

Version: 0.3-6
Check: whether package can be installed
Result: ERROR
    Installation failed.
Flavor: r-release-osx-x86_64-mavericks

Version: 0.3-6
Check: installed package size
Result: NOTE
     installed size is 15.2Mb
     sub-directories of 1Mb or more:
     libs 14.1Mb
Flavor: r-release-osx-x86_64-snowleopard