CRAN Package Check Results for Package rgeos

Last updated on 2014-12-23 05:48:57.

Flavor Version Tinstall Tcheck Ttotal Status Flags
r-devel-linux-x86_64-debian-clang 0.3-8 5.87 45.32 51.19 OK
r-devel-linux-x86_64-debian-gcc 0.3-8 5.59 44.05 49.64 OK
r-devel-linux-x86_64-fedora-clang 0.3-8 108.95 OK
r-devel-linux-x86_64-fedora-gcc 0.3-8 103.86 OK
r-devel-osx-x86_64-clang 0.3-8 97.92 OK
r-devel-windows-ix86+x86_64 0.3-8 32.00 112.00 144.00 OK
r-patched-linux-x86_64 0.3-8 6.00 48.33 54.33 OK
r-patched-solaris-sparc 0.3-8 600.20 OK
r-patched-solaris-x86 0.3-8 139.50 OK
r-release-linux-ix86 0.3-8 8.46 57.09 65.55 OK
r-release-linux-x86_64 0.3-8 6.03 47.32 53.35 OK
r-release-osx-x86_64-mavericks 0.3-8 ERROR
r-release-osx-x86_64-snowleopard 0.3-8 NOTE
r-release-windows-ix86+x86_64 0.3-8 31.00 124.00 155.00 OK
r-oldrel-windows-ix86+x86_64 0.3-8 29.00 199.00 228.00 OK

Check Details

Version: 0.3-8
Check: whether package can be installed
Result: ERROR
    Installation failed.
Flavor: r-release-osx-x86_64-mavericks

Version: 0.3-8
Check: installed package size
Result: NOTE
     installed size is 15.3Mb
     sub-directories of 1Mb or more:
     libs 14.1Mb
Flavor: r-release-osx-x86_64-snowleopard