CRAN Package Check Results for Package rgeos

Last updated on 2016-06-30 21:46:55.

Flavor Version Tinstall Tcheck Ttotal Status Flags
r-devel-linux-x86_64-debian-gcc 0.3-19 6.96 44.46 51.42 OK
r-devel-linux-x86_64-fedora-clang 0.3-19 85.05 OK
r-devel-linux-x86_64-fedora-gcc 0.3-19 80.09 OK
r-devel-osx-x86_64-clang 0.3-19 72.06 OK
r-devel-windows-ix86+x86_64 0.3-19 25.00 101.00 126.00 OK
r-patched-linux-x86_64 0.3-19 6.84 46.27 53.11 OK
r-patched-solaris-sparc 0.3-19 514.90 OK
r-patched-solaris-x86 0.3-19 111.90 OK
r-release-linux-x86_64 0.3-19 6.36 45.91 52.27 OK
r-release-osx-x86_64-mavericks 0.3-19 NOTE
r-release-windows-ix86+x86_64 0.3-19 36.00 138.00 174.00 OK
r-oldrel-windows-ix86+x86_64 0.3-19 39.00 121.00 160.00 OK

Check Details

Version: 0.3-19
Check: package dependencies
Result: NOTE
    Package suggested but not available for checking: ‘rgdal’
Flavor: r-release-osx-x86_64-mavericks

Version: 0.3-19
Check: installed package size
Result: NOTE
     installed size is 22.3Mb
     sub-directories of 1Mb or more:
     libs 21.1Mb
Flavor: r-release-osx-x86_64-mavericks