CRAN Package Check Results for Package rgeos

Last updated on 2015-04-28 06:46:45.

Flavor Version Tinstall Tcheck Ttotal Status Flags
r-devel-linux-x86_64-debian-clang 0.3-8 5.52 42.31 47.84 OK
r-devel-linux-x86_64-debian-gcc 0.3-8 5.88 41.84 47.72 OK
r-devel-linux-x86_64-fedora-clang 0.3-8 98.42 OK
r-devel-linux-x86_64-fedora-gcc 0.3-8 91.45 OK
r-devel-osx-x86_64-clang 0.3-8 88.82 OK
r-devel-windows-ix86+x86_64 0.3-8 34.00 112.00 146.00 OK
r-patched-linux-x86_64 0.3-8 5.66 41.76 47.42 OK
r-patched-solaris-sparc 0.3-8 570.70 OK
r-patched-solaris-x86 0.3-8 124.70 OK
r-release-linux-x86_64 0.3-8 5.84 41.40 47.24 OK
r-release-osx-x86_64-mavericks 0.3-8 ERROR
r-release-osx-x86_64-snowleopard 0.3-8 ERROR
r-release-windows-ix86+x86_64 0.3-8 35.00 157.00 192.00 OK
r-oldrel-windows-ix86+x86_64 0.3-8 22.00 124.00 146.00 OK

Check Details

Version: 0.3-8
Check: whether package can be installed
Result: ERROR
    Installation failed.
Flavor: r-release-osx-x86_64-mavericks

Version: 0.3-8
Check: package dependencies
Result: NOTE
    Package suggested but not available for checking: ‘XML’
Flavor: r-release-osx-x86_64-snowleopard

Version: 0.3-8
Check: installed package size
Result: NOTE
     installed size is 15.3Mb
     sub-directories of 1Mb or more:
     libs 14.1Mb
Flavor: r-release-osx-x86_64-snowleopard

Version: 0.3-8
Check: tests
Result: ERROR
    Running the tests in ‘tests/test-all.R’ failed.
    Last 13 lines of output:
     > library(testthat)
     > library(rgeos)
     rgeos version: 0.3-8, (SVN revision 460)
     GEOS runtime version: 3.3.3-CAPI-1.7.4
     Polygon checking: TRUE
    
     >
     > set_do_poly_check(FALSE)
     > #test_dir(system.file("tests", package = "rgeos"), StopReporter)#SummaryByContextReporter)
     > test_package("rgeos")
     Error in library(XML) : there is no package called 'XML'
     Calls: test_package ... eval -> source -> withVisible -> eval -> eval -> library
     Execution halted
Flavor: r-release-osx-x86_64-snowleopard