CRAN Package Check Results for Package rgeos

Last updated on 2017-10-19 03:48:27.

Flavor Version Tinstall Tcheck Ttotal Status Flags
r-devel-linux-x86_64-debian-clang 0.3-25 5.79 34.68 40.47 OK
r-devel-linux-x86_64-debian-gcc 0.3-25 8.44 35.38 43.82 OK
r-devel-linux-x86_64-fedora-clang 0.3-25 72.31 OK
r-devel-linux-x86_64-fedora-gcc 0.3-25 73.97 OK
r-devel-windows-ix86+x86_64 0.3-25 71.00 102.00 173.00 OK
r-patched-linux-x86_64 0.3-25 5.90 32.93 38.83 OK
r-patched-solaris-x86 0.3-25 86.30 OK
r-release-linux-x86_64 0.3-25 9.41 33.82 43.22 OK
r-release-windows-ix86+x86_64 0.3-25 87.00 103.00 190.00 OK
r-release-osx-x86_64 0.3-25 NOTE
r-oldrel-windows-ix86+x86_64 0.3-25 86.00 114.00 200.00 OK
r-oldrel-osx-x86_64 0.3-25 NOTE

Additional issues

rchk

Check Details

Version: 0.3-25
Check: installed package size
Result: NOTE
     installed size is 16.0Mb
     sub-directories of 1Mb or more:
     libs 15.4Mb
Flavors: r-release-osx-x86_64, r-oldrel-osx-x86_64