CRAN Package Check Results for Package rgeos

Last updated on 2014-10-25 23:46:51.

Flavor Version Tinstall Tcheck Ttotal Status Flags
r-devel-linux-x86_64-debian-clang 0.3-8 5.95 47.72 53.66 OK
r-devel-linux-x86_64-debian-gcc 0.3-8 5.91 44.05 49.96 OK
r-devel-linux-x86_64-fedora-clang 0.3-8 107.22 OK
r-devel-linux-x86_64-fedora-gcc 0.3-8 103.48 OK
r-devel-osx-x86_64-clang 0.3-8 94.52 OK
r-devel-windows-ix86+x86_64 0.3-8 29.00 109.00 138.00 OK
r-patched-linux-x86_64 0.3-8 6.02 49.21 55.23 OK
r-patched-solaris-sparc 0.3-8 554.10 OK
r-patched-solaris-x86 0.3-8 140.00 OK
r-release-linux-ix86 0.3-8 9.28 64.48 73.76 OK
r-release-linux-x86_64 0.3-8 6.25 49.25 55.50 OK
r-release-osx-x86_64-mavericks 0.3-8 ERROR
r-release-osx-x86_64-snowleopard 0.3-8 NOTE
r-release-windows-ix86+x86_64 0.3-8 30.00 128.00 158.00 OK
r-oldrel-windows-ix86+x86_64 0.3-8 29.00 195.00 224.00 OK

Check Details

Version: 0.3-8
Check: whether package can be installed
Result: ERROR
    Installation failed.
Flavor: r-release-osx-x86_64-mavericks

Version: 0.3-8
Check: installed package size
Result: NOTE
     installed size is 15.3Mb
     sub-directories of 1Mb or more:
     libs 14.1Mb
Flavor: r-release-osx-x86_64-snowleopard