CRAN Package Check Results for Package rgeos

Last updated on 2015-03-05 12:48:10.

Flavor Version Tinstall Tcheck Ttotal Status Flags
r-devel-linux-x86_64-debian-clang 0.3-8 5.51 44.42 49.94 OK
r-devel-linux-x86_64-debian-gcc 0.3-8 5.56 41.03 46.58 OK
r-devel-linux-x86_64-fedora-clang 0.3-8 99.68 OK
r-devel-linux-x86_64-fedora-gcc 0.3-8 93.74 OK
r-devel-osx-x86_64-clang 0.3-8 94.42 OK
r-devel-windows-ix86+x86_64 0.3-8 28.00 111.00 139.00 OK
r-patched-linux-x86_64 0.3-8 6.00 48.07 54.07 OK
r-patched-solaris-sparc 0.3-8 629.20 OK
r-patched-solaris-x86 0.3-8 137.80 OK
r-release-linux-ix86 0.3-8 9.74 59.47 69.21 OK
r-release-linux-x86_64 0.3-8 6.01 50.18 56.19 OK
r-release-osx-x86_64-mavericks 0.3-8 ERROR
r-release-osx-x86_64-snowleopard 0.3-8 NOTE
r-release-windows-ix86+x86_64 0.3-8 29.00 129.00 158.00 OK
r-oldrel-windows-ix86+x86_64 0.3-8 27.00 201.00 228.00 OK

Check Details

Version: 0.3-8
Check: whether package can be installed
Result: ERROR
    Installation failed.
Flavor: r-release-osx-x86_64-mavericks

Version: 0.3-8
Check: installed package size
Result: NOTE
     installed size is 15.3Mb
     sub-directories of 1Mb or more:
     libs 14.1Mb
Flavor: r-release-osx-x86_64-snowleopard