CRAN Package Check Results for Package rgeos

Last updated on 2014-04-24 15:50:46.

Flavor Version Tinstall Tcheck Ttotal Status Flags
r-devel-linux-x86_64-debian-clang 0.3-4 5.63 50.19 55.82 OK
r-devel-linux-x86_64-debian-gcc 0.3-4 5.80 48.54 54.34 OK
r-devel-linux-x86_64-fedora-clang 0.3-4 114.05 OK
r-devel-linux-x86_64-fedora-gcc 0.3-4 112.18 OK
r-devel-osx-x86_64-clang 0.3-4 93.75 OK
r-devel-osx-x86_64-gcc 0.3-4 ERROR
r-devel-windows-ix86+x86_64 0.3-4 30.00 117.00 147.00 OK
r-patched-linux-x86_64 0.3-4 5.68 48.00 53.68 OK
r-patched-solaris-sparc 0.3-4 555.90 OK
r-patched-solaris-x86 0.3-4 134.20 OK
r-release-linux-ix86 0.3-4 13.00 77.00 90.00 OK
r-release-linux-x86_64 0.3-4 5.79 49.54 55.33 OK
r-release-osx-x86_64-mavericks 0.3-4 ERROR
r-release-osx-x86_64-snowleopard 0.3-4 NOTE
r-release-windows-ix86+x86_64 0.3-4 29.00 127.00 156.00 OK
r-oldrel-windows-ix86+x86_64 0.3-4 27.00 197.00 224.00 OK

Check Details

Version: 0.3-4
Check: package dependencies
Result: NOTE
    Packages suggested but not available for checking: ‘maptools’ ‘XML’
Flavor: r-devel-osx-x86_64-gcc

Version: 0.3-4
Check: installed package size
Result: NOTE
     installed size is 15.4Mb
     sub-directories of 1Mb or more:
     libs 14.2Mb
Flavors: r-devel-osx-x86_64-gcc, r-release-osx-x86_64-snowleopard

Version: 0.3-4
Check: Rd cross-references
Result: NOTE
    Package unavailable to check Rd xrefs: ‘maptools’
Flavor: r-devel-osx-x86_64-gcc

Version: 0.3-4
Check: examples
Result: ERROR
    Running examples in ‘rgeos-Ex.R’ failed
    The error most likely occurred in:
    
    > ### Name: RGEOS Experimental Functions
    > ### Title: Experimental Functions
    > ### Aliases: poly_findInBoxGEOS gUnarySTRtreeQuery gBinarySTRtreeQuery
    > ### Keywords: spatial
    >
    > ### ** Examples
    >
    > library(maptools)
    Error in library(maptools) : there is no package called ‘maptools’
    Execution halted
    * pre-conf. environment: (PKG_CFLAGS=, PKG_CPPFLAGS=, PKG_LIBS=)
Flavor: r-devel-osx-x86_64-gcc

Version: 0.3-4
Check: package dependencies
Result: NOTE
    Package suggested but not available for checking: ‘maptools’
Flavor: r-release-osx-x86_64-mavericks

Version: 0.3-4
Check: whether package can be installed
Result: ERROR
    Installation failed.
    See ‘/Builds/CRAN-QA-Simon/packages/mavericks-x86_64/results/3.1/rgeos.Rcheck/00install.out’ for details.
Flavor: r-release-osx-x86_64-mavericks