CRAN Package Check Results for Package rgeos

Last updated on 2017-03-27 18:50:10.

Flavor Version Tinstall Tcheck Ttotal Status Flags
r-devel-linux-x86_64-debian-clang 0.3-22 8.35 33.80 42.15 OK
r-devel-linux-x86_64-debian-gcc 0.3-22 6.66 33.21 39.87 OK
r-devel-linux-x86_64-fedora-clang 0.3-22 69.89 OK --no-stop-on-test-error
r-devel-linux-x86_64-fedora-gcc 0.3-22 68.81 OK --no-stop-on-test-error
r-devel-macos-x86_64-clang 0.3-22 58.67 OK --no-stop-on-test-error
r-devel-windows-ix86+x86_64 0.3-22 41.00 136.00 177.00 OK
r-patched-linux-x86_64 0.3-22 6.50 33.19 39.69 OK
r-patched-solaris-sparc 0.3-22 414.80 OK
r-patched-solaris-x86 0.3-22 90.80 OK
r-release-linux-x86_64 0.3-22 6.14 28.86 35.01 OK
r-release-osx-x86_64-mavericks 0.3-22 NOTE
r-release-windows-ix86+x86_64 0.3-22 47.00 91.00 138.00 OK
r-oldrel-windows-ix86+x86_64 0.3-22 31.00 86.00 117.00 OK

Check Details

Version: 0.3-22
Check: installed package size
Result: NOTE
     installed size is 21.7Mb
     sub-directories of 1Mb or more:
     libs 21.1Mb
Flavor: r-release-osx-x86_64-mavericks