CRAN Package Check Results for Package rgeos

Last updated on 2017-12-17 10:47:33 CET.

Flavor Version Tinstall Tcheck Ttotal Status Flags
r-devel-linux-x86_64-debian-clang 0.3-26 6.89 53.77 60.66 OK
r-devel-linux-x86_64-debian-gcc 0.3-26 6.50 41.37 47.87 OK
r-devel-linux-x86_64-fedora-clang 0.3-26 68.29 OK
r-devel-linux-x86_64-fedora-gcc 0.3-26 67.01 OK
r-devel-windows-ix86+x86_64 0.3-26 80.00 103.00 183.00 OK
r-patched-linux-x86_64 0.3-26 7.13 54.51 61.64 OK
r-patched-solaris-x86 0.3-26 86.30 OK
r-release-linux-x86_64 0.3-26 6.69 54.79 61.48 OK
r-release-windows-ix86+x86_64 0.3-26 73.00 94.00 167.00 OK
r-release-osx-x86_64 0.3-26 NOTE
r-oldrel-windows-ix86+x86_64 0.3-26 77.00 125.00 202.00 OK
r-oldrel-osx-x86_64 0.3-26 NOTE

Additional issues

rchk

Check Details

Version: 0.3-26
Check: installed package size
Result: NOTE
     installed size is 16.0Mb
     sub-directories of 1Mb or more:
     libs 15.4Mb
Flavors: r-release-osx-x86_64, r-oldrel-osx-x86_64