CRAN Package Check Results for Package rgeos

Last updated on 2017-04-27 11:53:55.

Flavor Version Tinstall Tcheck Ttotal Status Flags
r-devel-linux-x86_64-debian-clang 0.3-23 8.29 34.31 42.59 OK
r-devel-linux-x86_64-debian-gcc 0.3-23 6.79 33.11 39.90 OK
r-devel-linux-x86_64-fedora-clang 0.3-23 74.29 OK --no-stop-on-test-error
r-devel-linux-x86_64-fedora-gcc 0.3-23 68.84 OK --no-stop-on-test-error
r-devel-windows-ix86+x86_64 0.3-23 34.00 96.00 130.00 OK
r-patched-linux-x86_64 0.3-23 6.12 33.88 39.99 OK
r-patched-solaris-sparc 0.3-23 412.10 OK
r-patched-solaris-x86 0.3-23 85.20 OK
r-release-linux-x86_64 0.3-23 6.54 34.47 41.01 OK
r-release-windows-ix86+x86_64 0.3-23 32.00 81.00 113.00 OK
r-release-osx-x86_64 0.3-23 NOTE
r-oldrel-windows-ix86+x86_64 0.3-23 43.00 110.00 153.00 OK
r-oldrel-osx-x86_64 0.3-23 NOTE

Check Details

Version: 0.3-23
Check: package dependencies
Result: NOTE
    Package suggested but not available for checking: ‘rgdal’
Flavor: r-release-osx-x86_64

Version: 0.3-23
Check: installed package size
Result: NOTE
     installed size is 16.0Mb
     sub-directories of 1Mb or more:
     libs 15.4Mb
Flavors: r-release-osx-x86_64, r-oldrel-osx-x86_64