CRAN Package Check Results for Package rgeos

Last updated on 2015-07-29 23:47:23.

Flavor Version Tinstall Tcheck Ttotal Status Flags
r-devel-linux-x86_64-debian-clang 0.3-11 5.41 40.60 46.01 NOTE
r-devel-linux-x86_64-debian-gcc 0.3-11 5.89 38.63 44.52 NOTE
r-devel-linux-x86_64-fedora-clang 0.3-11 88.22 NOTE
r-devel-linux-x86_64-fedora-gcc 0.3-11 84.29 NOTE
r-devel-osx-x86_64-clang 0.3-11 70.43 OK
r-devel-windows-ix86+x86_64 0.3-11 38.00 119.00 157.00 NOTE
r-patched-linux-x86_64 0.3-11 6.20 39.38 45.58 OK
r-patched-solaris-sparc 0.3-11 560.00 OK
r-patched-solaris-x86 0.3-11 121.20 OK
r-release-linux-x86_64 0.3-11 6.30 39.30 45.61 OK
r-release-osx-x86_64-mavericks 0.3-11 NOTE
r-release-windows-ix86+x86_64 0.3-11 48.00 114.00 162.00 OK
r-oldrel-windows-ix86+x86_64 0.3-11 40.00 132.00 172.00 OK

Check Details

Version: 0.3-11
Check: R code for possible problems
Result: NOTE
    labpos.maxdist: no visible global function definition for ‘optim’
    plotSpatialCollections: no visible global function definition for ‘par’
    plotSpatialRings: no visible global function definition for ‘lines’
    polygonsLabel: no visible global function definition for ‘strwidth’
    polygonsLabel: no visible global function definition for ‘strheight’
    polygonsLabel: no visible global function definition for ‘text’
    Undefined global functions or variables:
     lines optim par strheight strwidth text
    Consider adding
     importFrom("graphics", "lines", "par", "strheight", "strwidth", "text")
     importFrom("stats", "optim")
    to your NAMESPACE.
Flavors: r-devel-linux-x86_64-debian-clang, r-devel-linux-x86_64-debian-gcc, r-devel-linux-x86_64-fedora-clang, r-devel-linux-x86_64-fedora-gcc, r-devel-windows-ix86+x86_64

Version: 0.3-11
Check: installed package size
Result: NOTE
     installed size is 22.3Mb
     sub-directories of 1Mb or more:
     libs 21.1Mb
Flavor: r-release-osx-x86_64-mavericks