CRAN Package Check Results for Package rgeos

Last updated on 2016-04-29 11:48:41.

Flavor Version Tinstall Tcheck Ttotal Status Flags
r-devel-linux-x86_64-debian-gcc 0.3-19 6.12 42.73 48.86 OK
r-devel-linux-x86_64-fedora-clang 0.3-19 86.78 OK
r-devel-linux-x86_64-fedora-gcc 0.3-19 81.55 OK
r-devel-osx-x86_64-clang 0.3-19 102.07 OK
r-devel-windows-ix86+x86_64 0.3-19 25.00 107.00 132.00 OK
r-patched-linux-x86_64 0.3-19 5.94 44.61 50.55 OK
r-patched-solaris-sparc 0.3-19 539.70 OK
r-patched-solaris-x86 0.3-19 112.10 OK
r-release-linux-x86_64 0.3-19 6.38 43.04 49.42 OK
r-release-osx-x86_64-mavericks 0.3-19 ERROR
r-release-windows-ix86+x86_64 0.3-19 28.00 121.00 149.00 OK
r-oldrel-windows-ix86+x86_64 0.3-19 49.00 171.00 220.00 OK

Check Details

Version: 0.3-19
Check: whether package can be installed
Result: ERROR
    Installation failed.
Flavor: r-release-osx-x86_64-mavericks