CRAN Package Check Results for Package rgeos

Last updated on 2022-01-22 15:03:45 CET.

Flavor Version Tinstall Tcheck Ttotal Status Flags
r-devel-linux-x86_64-debian-clang 0.5-9 16.44 78.58 95.02 OK
r-devel-linux-x86_64-debian-gcc 0.5-9 13.53 59.70 73.23 OK
r-devel-linux-x86_64-fedora-clang 0.5-9 116.43 OK
r-devel-linux-x86_64-fedora-gcc 0.5-9 103.80 OK
r-devel-windows-x86_64-new-UL 0.5-9 173.00 150.00 323.00 OK
r-devel-windows-x86_64-new-TK 0.5-9 OK
r-patched-linux-x86_64 0.5-9 18.50 75.39 93.89 OK
r-release-linux-x86_64 0.5-9 14.16 75.23 89.39 OK
r-release-macos-arm64 0.5-9 NOTE
r-release-macos-x86_64 0.5-9 NOTE
r-release-windows-ix86+x86_64 0.5-9 59.00 151.00 210.00 NOTE
r-oldrel-macos-x86_64 0.5-9 NOTE
r-oldrel-windows-ix86+x86_64 0.5-9 58.00 152.00 210.00 NOTE

Check Details

Version: 0.5-9
Check: installed package size
Result: NOTE
     installed size is 37.2Mb
     sub-directories of 1Mb or more:
     libs 36.1Mb
Flavors: r-release-macos-arm64, r-release-macos-x86_64, r-release-windows-ix86+x86_64, r-oldrel-macos-x86_64, r-oldrel-windows-ix86+x86_64