CRAN Package Check Results for Package rgeos

Last updated on 2017-02-24 23:52:49.

Flavor Version Tinstall Tcheck Ttotal Status Flags
r-devel-linux-x86_64-debian-clang 0.3-22 7.74 33.96 41.70 OK
r-devel-linux-x86_64-debian-gcc 0.3-22 6.88 32.97 39.85 OK
r-devel-linux-x86_64-fedora-clang 0.3-22 75.90 OK --no-stop-on-test-error
r-devel-linux-x86_64-fedora-gcc 0.3-22 67.86 OK --no-stop-on-test-error
r-devel-macos-x86_64-clang 0.3-22 60.35 OK --no-stop-on-test-error
r-devel-windows-ix86+x86_64 0.3-22 90.00 130.00 220.00 OK
r-patched-linux-x86_64 0.3-22 6.60 29.36 35.95 OK
r-patched-solaris-sparc 0.3-22 422.90 OK
r-patched-solaris-x86 0.3-22 86.70 OK
r-release-linux-x86_64 0.3-22 6.80 29.04 35.84 OK
r-release-osx-x86_64-mavericks 0.3-22 NOTE
r-release-windows-ix86+x86_64 0.3-22 43.00 91.00 134.00 OK
r-oldrel-windows-ix86+x86_64 0.3-22 69.00 157.00 226.00 OK

Check Details

Version: 0.3-22
Check: installed package size
Result: NOTE
     installed size is 21.7Mb
     sub-directories of 1Mb or more:
     libs 21.1Mb
Flavor: r-release-osx-x86_64-mavericks