CRAN Package Check Results for Package rgeos

Last updated on 2014-11-24 19:50:32.

Flavor Version Tinstall Tcheck Ttotal Status Flags
r-devel-linux-x86_64-debian-clang 0.3-8 5.60 45.52 51.12 OK
r-devel-linux-x86_64-debian-gcc 0.3-8 6.04 48.46 54.50 OK
r-devel-linux-x86_64-fedora-clang 0.3-8 109.17 OK
r-devel-linux-x86_64-fedora-gcc 0.3-8 102.89 OK
r-devel-osx-x86_64-clang 0.3-8 94.55 OK
r-devel-windows-ix86+x86_64 0.3-8 28.00 124.00 152.00 OK
r-patched-linux-x86_64 0.3-8 6.02 46.86 52.88 OK
r-patched-solaris-sparc 0.3-8 554.10 OK
r-patched-solaris-x86 0.3-8 137.40 OK
r-release-linux-ix86 0.3-8 8.46 57.72 66.18 OK
r-release-linux-x86_64 0.3-8 5.83 46.08 51.91 OK
r-release-osx-x86_64-mavericks 0.3-8 ERROR
r-release-osx-x86_64-snowleopard 0.3-8 NOTE
r-release-windows-ix86+x86_64 0.3-8 29.00 138.00 167.00 OK
r-oldrel-windows-ix86+x86_64 0.3-8 28.00 203.00 231.00 OK

Check Details

Version: 0.3-8
Check: whether package can be installed
Result: ERROR
    Installation failed.
Flavor: r-release-osx-x86_64-mavericks

Version: 0.3-8
Check: installed package size
Result: NOTE
     installed size is 15.3Mb
     sub-directories of 1Mb or more:
     libs 14.1Mb
Flavor: r-release-osx-x86_64-snowleopard