CRAN Package Check Results for Package rgeos

Last updated on 2017-01-21 13:49:07.

Flavor Version Tinstall Tcheck Ttotal Status Flags
r-devel-linux-x86_64-debian-clang 0.3-22 7.97 33.38 41.35 OK
r-devel-linux-x86_64-debian-gcc 0.3-22 6.88 32.32 39.19 OK
r-devel-linux-x86_64-fedora-clang 0.3-22 71.07 OK --no-stop-on-test-error
r-devel-linux-x86_64-fedora-gcc 0.3-22 69.04 OK --no-stop-on-test-error
r-devel-macos-x86_64-clang 0.3-22 58.52 OK --no-stop-on-test-error
r-devel-windows-ix86+x86_64 0.3-22 55.00 98.00 153.00 OK
r-patched-linux-x86_64 0.3-22 6.45 28.10 34.56 OK
r-patched-solaris-sparc 0.3-22 381.90 OK
r-patched-solaris-x86 0.3-22 83.20 OK
r-release-linux-x86_64 0.3-22 6.14 28.15 34.29 OK
r-release-osx-x86_64-mavericks 0.3-22 NOTE
r-release-windows-ix86+x86_64 0.3-22 68.00 89.00 157.00 OK
r-oldrel-windows-ix86+x86_64 0.3-22 47.00 119.00 166.00 OK

Check Details

Version: 0.3-22
Check: installed package size
Result: NOTE
     installed size is 21.7Mb
     sub-directories of 1Mb or more:
     libs 21.1Mb
Flavor: r-release-osx-x86_64-mavericks