CRAN Package Check Results for Package rgeos

Last updated on 2016-02-05 23:48:54.

Flavor Version Tinstall Tcheck Ttotal Status Flags
r-devel-linux-x86_64-debian-gcc 0.3-15 6.05 47.29 53.34 OK
r-devel-linux-x86_64-fedora-clang 0.3-15 89.51 OK
r-devel-linux-x86_64-fedora-gcc 0.3-15 84.64 OK
r-devel-osx-x86_64-clang 0.3-15 110.98 OK
r-devel-windows-ix86+x86_64 0.3-15 40.00 145.00 185.00 OK
r-patched-linux-x86_64 0.3-15 6.26 47.59 53.85 OK
r-patched-solaris-sparc 0.3-15 545.00 OK
r-patched-solaris-x86 0.3-15 115.60 OK
r-release-linux-x86_64 0.3-15 6.86 48.55 55.40 OK
r-release-osx-x86_64-mavericks 0.3-15 ERROR
r-release-windows-ix86+x86_64 0.3-15 38.00 135.00 173.00 OK
r-oldrel-windows-ix86+x86_64 0.3-15 41.00 145.00 186.00 OK

Check Details

Version: 0.3-15
Check: whether package can be installed
Result: ERROR
    Installation failed.
Flavor: r-release-osx-x86_64-mavericks