CRAN Package Check Results for Package rgeos

Last updated on 2016-12-10 18:49:48.

Flavor Version Tinstall Tcheck Ttotal Status Flags
r-devel-linux-x86_64-debian-clang 0.3-21 7.86 33.77 41.63 OK
r-devel-linux-x86_64-debian-gcc 0.3-21 6.82 32.80 39.61 OK
r-devel-linux-x86_64-fedora-clang 0.3-21 74.71 OK --no-stop-on-test-error
r-devel-linux-x86_64-fedora-gcc 0.3-21 69.27 OK --no-stop-on-test-error
r-devel-macos-x86_64-clang 0.3-21 59.96 OK --no-stop-on-test-error
r-devel-windows-ix86+x86_64 0.3-21 34.00 99.00 133.00 OK
r-patched-linux-x86_64 0.3-21 6.62 28.60 35.22 OK
r-patched-solaris-sparc 0.3-21 358.80 OK
r-patched-solaris-x86 0.3-21 74.80 OK
r-release-linux-x86_64 0.3-21 6.16 28.51 34.67 OK
r-release-osx-x86_64-mavericks 0.3-21 NOTE
r-release-windows-ix86+x86_64 0.3-21 35.00 68.00 103.00 OK
r-oldrel-windows-ix86+x86_64 0.3-21 49.00 91.00 140.00 OK

Check Details

Version: 0.3-21
Check: installed package size
Result: NOTE
     installed size is 21.7Mb
     sub-directories of 1Mb or more:
     libs 21.1Mb
Flavor: r-release-osx-x86_64-mavericks