CRAN Package Check Results for Package rgeos

Last updated on 2019-03-25 00:46:50 CET.

Flavor Version Tinstall Tcheck Ttotal Status Flags
r-devel-linux-x86_64-debian-clang 0.4-2 15.29 52.85 68.14 OK
r-devel-linux-x86_64-debian-gcc 0.4-2 11.95 43.07 55.02 OK
r-devel-linux-x86_64-fedora-clang 0.4-2 82.08 OK
r-devel-linux-x86_64-fedora-gcc 0.4-2 78.52 OK
r-devel-windows-ix86+x86_64 0.4-2 138.00 146.00 284.00 OK
r-patched-linux-x86_64 0.4-2 11.14 50.03 61.17 OK
r-patched-solaris-x86 0.4-2 101.50 OK
r-release-linux-x86_64 0.4-2 12.40 50.24 62.64 OK
r-release-windows-ix86+x86_64 0.4-2 99.00 102.00 201.00 OK
r-release-osx-x86_64 0.4-2 NOTE
r-oldrel-windows-ix86+x86_64 0.4-2 102.00 139.00 241.00 OK
r-oldrel-osx-x86_64 0.4-2 NOTE

Check Details

Version: 0.4-2
Check: installed package size
Result: NOTE
     installed size is 16.3Mb
     sub-directories of 1Mb or more:
     libs 15.4Mb
Flavors: r-release-osx-x86_64, r-oldrel-osx-x86_64