CRAN Package Check Results for Package rgeos

Last updated on 2014-09-16 11:49:25.

Flavor Version Tinstall Tcheck Ttotal Status Flags
r-devel-linux-x86_64-debian-clang 0.3-6 5.57 44.51 50.08 OK
r-devel-linux-x86_64-debian-gcc 0.3-6 5.63 42.98 48.61 OK
r-devel-linux-x86_64-fedora-clang 0.3-6 105.86 OK
r-devel-linux-x86_64-fedora-gcc 0.3-6 98.79 OK
r-devel-osx-x86_64-clang 0.3-6 90.57 OK
r-devel-windows-ix86+x86_64 0.3-6 28.00 111.00 139.00 OK
r-patched-linux-x86_64 0.3-6 5.76 46.56 52.32 OK
r-patched-solaris-sparc 0.3-6 609.20 OK
r-patched-solaris-x86 0.3-6 133.90 OK
r-release-linux-ix86 0.3-6 8.86 58.75 67.60 OK
r-release-linux-x86_64 0.3-6 5.98 50.33 56.32 OK
r-release-osx-x86_64-mavericks 0.3-6 ERROR
r-release-osx-x86_64-snowleopard 0.3-6 NOTE
r-release-windows-ix86+x86_64 0.3-6 31.00 125.00 156.00 OK
r-oldrel-windows-ix86+x86_64 0.3-6 31.00 180.00 211.00 ERROR

Check Details

Version: 0.3-6
Check: whether package can be installed
Result: ERROR
    Installation failed.
Flavor: r-release-osx-x86_64-mavericks

Version: 0.3-6
Check: installed package size
Result: NOTE
     installed size is 15.2Mb
     sub-directories of 1Mb or more:
     libs 14.1Mb
Flavor: r-release-osx-x86_64-snowleopard