CRAN Package Check Results for Package rgeos

Last updated on 2016-05-31 15:47:05.

Flavor Version Tinstall Tcheck Ttotal Status Flags
r-devel-linux-x86_64-debian-gcc 0.3-19 6.49 45.00 51.49 OK
r-devel-linux-x86_64-fedora-clang 0.3-19 85.06 OK
r-devel-linux-x86_64-fedora-gcc 0.3-19 80.68 OK
r-devel-osx-x86_64-clang 0.3-19 103.41 OK
r-devel-windows-ix86+x86_64 0.3-19 28.00 109.00 137.00 OK
r-patched-linux-x86_64 0.3-19 6.70 43.28 49.98 OK
r-patched-solaris-sparc 0.3-19 513.60 OK
r-patched-solaris-x86 0.3-19 113.70 OK
r-release-linux-x86_64 0.3-19 6.05 43.16 49.21 OK
r-release-osx-x86_64-mavericks 0.3-19 NOTE
r-release-windows-ix86+x86_64 0.3-19 35.00 108.00 143.00 OK
r-oldrel-windows-ix86+x86_64 0.3-19 30.00 155.00 185.00 OK

Check Details

Version: 0.3-19
Check: package dependencies
Result: NOTE
    Package suggested but not available for checking: ‘rgdal’
Flavor: r-release-osx-x86_64-mavericks

Version: 0.3-19
Check: installed package size
Result: NOTE
     installed size is 22.3Mb
     sub-directories of 1Mb or more:
     libs 21.1Mb
Flavor: r-release-osx-x86_64-mavericks