CRAN Package Check Results for Package rgeos

Last updated on 2016-09-27 18:48:02.

Flavor Version Tinstall Tcheck Ttotal Status Flags
r-devel-linux-x86_64-debian-clang 0.3-20 7.77 28.98 36.74 OK
r-devel-linux-x86_64-debian-gcc 0.3-20 6.87 29.47 36.33 OK
r-devel-linux-x86_64-fedora-clang 0.3-20 63.77 OK
r-devel-linux-x86_64-fedora-gcc 0.3-20 60.64 OK
r-devel-macos-x86_64-clang 0.3-20 54.62 OK
r-devel-windows-ix86+x86_64 0.3-20 32.00 94.00 126.00 OK
r-patched-linux-x86_64 0.3-20 6.30 29.08 35.37 OK
r-patched-solaris-sparc 0.3-20 386.20 OK
r-patched-solaris-x86 0.3-20 84.50 OK
r-release-linux-x86_64 0.3-20 6.72 29.59 36.31 OK
r-release-osx-x86_64-mavericks 0.3-20 NOTE
r-release-windows-ix86+x86_64 0.3-20 54.00 64.00 118.00 OK
r-oldrel-windows-ix86+x86_64 0.3-20 51.00 121.00 172.00 OK

Check Details

Version: 0.3-20
Check: installed package size
Result: NOTE
     installed size is 21.7Mb
     sub-directories of 1Mb or more:
     libs 21.1Mb
Flavor: r-release-osx-x86_64-mavericks