CRAN Package Check Results for Package rgeos

Last updated on 2017-08-20 09:47:56.

Flavor Version Tinstall Tcheck Ttotal Status Flags
r-devel-linux-x86_64-debian-clang 0.3-23 8.01 33.50 41.51 OK
r-devel-linux-x86_64-debian-gcc 0.3-23 6.64 34.00 40.63 OK
r-devel-linux-x86_64-fedora-clang 0.3-23 71.91 OK
r-devel-linux-x86_64-fedora-gcc 0.3-23 69.25 OK
r-devel-windows-ix86+x86_64 0.3-23 37.00 102.00 139.00 OK
r-patched-linux-x86_64 0.3-23 11.60 34.27 45.87 OK
r-patched-solaris-x86 0.3-23 87.20 OK
r-release-linux-x86_64 0.3-23 6.76 33.33 40.09 OK
r-release-windows-ix86+x86_64 0.3-23 49.00 98.00 147.00 OK
r-release-osx-x86_64 0.3-23 NOTE
r-oldrel-windows-ix86+x86_64 0.3-23 32.00 127.00 159.00 OK
r-oldrel-osx-x86_64 0.3-23 NOTE

Additional issues

rchk

Check Details

Version: 0.3-23
Check: package dependencies
Result: NOTE
    Package suggested but not available for checking: ‘rgdal’
Flavor: r-release-osx-x86_64

Version: 0.3-23
Check: installed package size
Result: NOTE
     installed size is 16.0Mb
     sub-directories of 1Mb or more:
     libs 15.4Mb
Flavors: r-release-osx-x86_64, r-oldrel-osx-x86_64