CRAN Package Check Results for Package rgeos

Last updated on 2018-07-19 15:51:10 CEST.

Flavor Version Tinstall Tcheck Ttotal Status Flags
r-devel-linux-x86_64-debian-clang 0.3-28 11.94 46.74 58.68 OK
r-devel-linux-x86_64-debian-gcc 0.3-28 9.04 42.61 51.65 OK
r-devel-linux-x86_64-fedora-clang 0.3-28 77.28 OK
r-devel-linux-x86_64-fedora-gcc 0.3-28 78.82 OK
r-devel-windows-ix86+x86_64 0.3-28 106.00 143.00 249.00 OK
r-patched-linux-x86_64 0.3-28 11.56 48.97 60.53 OK
r-patched-solaris-x86 0.3-28 100.00 OK
r-release-linux-x86_64 0.3-28 12.11 49.53 61.64 OK
r-release-windows-ix86+x86_64 0.3-28 131.00 136.00 267.00 OK
r-release-osx-x86_64 0.3-28 NOTE
r-oldrel-windows-ix86+x86_64 0.3-28 126.00 101.00 227.00 OK
r-oldrel-osx-x86_64 0.3-28 NOTE

Check Details

Version: 0.3-28
Check: installed package size
Result: NOTE
     installed size is 16.2Mb
     sub-directories of 1Mb or more:
     libs 15.4Mb
Flavors: r-release-osx-x86_64, r-oldrel-osx-x86_64