CRAN Package Check Results for Package rgeos

Last updated on 2019-05-22 02:52:06 CEST.

Flavor Version Tinstall Tcheck Ttotal Status Flags
r-devel-linux-x86_64-debian-clang 0.4-3 15.29 53.57 68.86 OK
r-devel-linux-x86_64-debian-gcc 0.4-3 10.83 42.49 53.32 OK
r-devel-linux-x86_64-fedora-clang 0.4-3 84.05 OK
r-devel-linux-x86_64-fedora-gcc 0.4-3 77.79 OK
r-devel-windows-ix86+x86_64 0.4-3 116.00 148.00 264.00 OK
r-patched-linux-x86_64 0.4-3 12.74 53.43 66.17 OK
r-patched-solaris-x86 0.4-3 107.70 OK
r-release-linux-x86_64 0.4-3 11.57 53.82 65.39 OK
r-release-windows-ix86+x86_64 0.4-3 125.00 114.00 239.00 OK
r-release-osx-x86_64 0.4-3 NOTE
r-oldrel-windows-ix86+x86_64 0.4-3 110.00 104.00 214.00 OK
r-oldrel-osx-x86_64 0.4-3 NOTE

Check Details

Version: 0.4-3
Check: installed package size
Result: NOTE
     installed size is 20.0Mb
     sub-directories of 1Mb or more:
     libs 19.2Mb
Flavors: r-release-osx-x86_64, r-oldrel-osx-x86_64