CRAN Package Check Results for Package rgeos

Last updated on 2014-07-23 23:48:30.

Flavor Version Tinstall Tcheck Ttotal Status Flags
r-devel-linux-x86_64-debian-clang 0.3-6 5.28 46.51 51.79 OK
r-devel-linux-x86_64-debian-gcc 0.3-6 5.92 45.81 51.73 OK
r-devel-linux-x86_64-fedora-clang 0.3-6 111.96 OK
r-devel-linux-x86_64-fedora-gcc 0.3-6 108.55 OK
r-devel-osx-x86_64-clang 0.3-6 85.97 OK
r-devel-windows-ix86+x86_64 0.3-6 30.00 120.00 150.00 OK
r-patched-linux-x86_64 0.3-6 5.80 44.66 50.47 OK
r-patched-solaris-sparc 0.3-6 563.80 OK
r-patched-solaris-x86 0.3-6 133.60 OK
r-release-linux-ix86 0.3-6 8.53 58.27 66.80 OK
r-release-linux-x86_64 0.3-6 5.95 47.64 53.60 OK
r-release-osx-x86_64-mavericks 0.3-6 ERROR
r-release-osx-x86_64-snowleopard 0.3-6 NOTE
r-release-windows-ix86+x86_64 0.3-6 29.00 120.00 149.00 OK
r-oldrel-windows-ix86+x86_64 0.3-6 30.00 178.00 208.00 OK

Check Details

Version: 0.3-6
Check: whether package can be installed
Result: ERROR
    Installation failed.
    See ‘/Builds/CRAN-QA-Simon/packages/mavericks-x86_64/results/3.1/rgeos.Rcheck/00install.out’ for details.
Flavor: r-release-osx-x86_64-mavericks

Version: 0.3-6
Check: installed package size
Result: NOTE
     installed size is 15.2Mb
     sub-directories of 1Mb or more:
     libs 14.1Mb
Flavor: r-release-osx-x86_64-snowleopard