CRAN Package Check Results for Package rgeos

Last updated on 2015-08-29 00:48:25.

Flavor Version Tinstall Tcheck Ttotal Status Flags
r-devel-linux-x86_64-debian-clang 0.3-11 5.48 42.49 47.98 NOTE
r-devel-linux-x86_64-debian-gcc 0.3-11 5.77 42.32 48.09 NOTE
r-devel-linux-x86_64-fedora-clang 0.3-11 87.80 NOTE
r-devel-linux-x86_64-fedora-gcc 0.3-11 84.93 NOTE
r-devel-osx-x86_64-clang 0.3-11 82.37 OK
r-devel-windows-ix86+x86_64 0.3-11 44.00 123.00 167.00 NOTE
r-patched-linux-x86_64 0.3-11 5.80 44.44 50.24 OK
r-patched-solaris-sparc 0.3-11 560.00 OK
r-patched-solaris-x86 0.3-11 128.50 OK
r-release-linux-x86_64 0.3-11 5.65 43.64 49.29 OK
r-release-osx-x86_64-mavericks 0.3-11 NOTE
r-release-windows-ix86+x86_64 0.3-11 40.00 127.00 167.00 OK
r-oldrel-windows-ix86+x86_64 0.3-11 42.00 128.00 170.00 OK

Check Details

Version: 0.3-11
Check: R code for possible problems
Result: NOTE
    labpos.maxdist: no visible global function definition for ‘optim’
    plotSpatialCollections: no visible global function definition for ‘par’
    plotSpatialRings: no visible global function definition for ‘lines’
    polygonsLabel: no visible global function definition for ‘strwidth’
    polygonsLabel: no visible global function definition for ‘strheight’
    polygonsLabel: no visible global function definition for ‘text’
    Undefined global functions or variables:
     lines optim par strheight strwidth text
    Consider adding
     importFrom("graphics", "lines", "par", "strheight", "strwidth", "text")
     importFrom("stats", "optim")
    to your NAMESPACE.
Flavors: r-devel-linux-x86_64-debian-clang, r-devel-linux-x86_64-debian-gcc, r-devel-linux-x86_64-fedora-clang, r-devel-linux-x86_64-fedora-gcc, r-devel-windows-ix86+x86_64

Version: 0.3-11
Check: installed package size
Result: NOTE
     installed size is 22.3Mb
     sub-directories of 1Mb or more:
     libs 21.1Mb
Flavor: r-release-osx-x86_64-mavericks