CRAN Package Check Results for Package rgexf

Last updated on 2015-05-23 03:48:52.

Flavor Version Tinstall Tcheck Ttotal Status Flags
r-devel-linux-x86_64-debian-clang 0.15.3 1.53 25.71 27.24 OK
r-devel-linux-x86_64-debian-gcc 0.15.3 1.43 25.22 26.65 OK
r-devel-linux-x86_64-fedora-clang 0.15.3 54.88 OK
r-devel-linux-x86_64-fedora-gcc 0.15.3 50.80 OK
r-devel-osx-x86_64-clang 0.15.3 48.84 OK
r-devel-windows-ix86+x86_64 0.15.3 8.00 57.00 65.00 OK
r-patched-linux-x86_64 0.15.3 1.51 24.76 26.28 OK
r-patched-solaris-sparc 0.15.3 321.00 OK
r-patched-solaris-x86 0.15.3 80.20 OK
r-release-linux-x86_64 0.15.3 1.44 25.33 26.77 OK
r-release-osx-x86_64-mavericks 0.15.3 OK
r-release-osx-x86_64-snowleopard 0.15.3 ERROR
r-release-windows-ix86+x86_64 0.15.3 7.00 58.00 65.00 OK
r-oldrel-windows-ix86+x86_64 0.15.3 8.00 68.00 76.00 OK

Memtest notes: valgrind

Check Details

Version: 0.15.3
Check: package dependencies
Result: ERROR
    Packages required but not available: ‘XML’ ‘igraph’
    
    See section ‘The DESCRIPTION file’ in the ‘Writing R Extensions’
    manual.
Flavor: r-release-osx-x86_64-snowleopard