CRAN Package Check Results for Package rgexf

Last updated on 2017-03-29 18:47:31.

Flavor Version Tinstall Tcheck Ttotal Status Flags
r-devel-linux-x86_64-debian-clang 0.15.3 1.78 28.86 30.64 NOTE
r-devel-linux-x86_64-debian-gcc 0.15.3 1.86 28.28 30.14 NOTE
r-devel-linux-x86_64-fedora-clang 0.15.3 53.05 NOTE --no-stop-on-test-error
r-devel-linux-x86_64-fedora-gcc 0.15.3 51.65 NOTE --no-stop-on-test-error
r-devel-macos-x86_64-clang 0.15.3 43.94 NOTE --no-stop-on-test-error
r-devel-windows-ix86+x86_64 0.15.3 7.00 108.00 115.00 NOTE
r-patched-linux-x86_64 0.15.3 1.80 28.82 30.62 NOTE
r-patched-solaris-sparc 0.15.3 329.40 NOTE
r-patched-solaris-x86 0.15.3 72.00 NOTE
r-release-linux-x86_64 0.15.3 1.59 25.01 26.60 NOTE
r-release-osx-x86_64-mavericks 0.15.3 NOTE
r-release-windows-ix86+x86_64 0.15.3 13.00 103.00 116.00 NOTE
r-oldrel-windows-ix86+x86_64 0.15.3 11.00 86.00 97.00 OK

Memtest notes: valgrind

Check Details

Version: 0.15.3
Check: R code for possible problems
Result: NOTE
    gexf.to.igraph: no visible global function definition for ‘rgb’
    igraph.to.gexf: no visible global function definition for ‘col2rgb’
    Undefined global functions or variables:
     col2rgb rgb
    Consider adding
     importFrom("grDevices", "col2rgb", "rgb")
    to your NAMESPACE file.
Flavors: r-devel-linux-x86_64-debian-clang, r-devel-linux-x86_64-debian-gcc, r-devel-windows-ix86+x86_64, r-patched-linux-x86_64, r-patched-solaris-sparc, r-patched-solaris-x86, r-release-linux-x86_64, r-release-osx-x86_64-mavericks, r-release-windows-ix86+x86_64

Version: 0.15.3
Check: compiled code
Result: NOTE
    File ‘rgexf/libs/rgexf.so’:
     Found no calls to: ‘R_registerRoutines’, ‘R_useDynamicSymbols’
    
    It is good practice to register native routines and to disable symbol
    search.
    
    See ‘Writing portable packages’ in the ‘Writing R Extensions’ manual.
Flavors: r-devel-linux-x86_64-debian-clang, r-devel-linux-x86_64-debian-gcc, r-patched-linux-x86_64

Version: 0.15.3
Flags: --no-stop-on-test-error
Check: R code for possible problems
Result: NOTE
    gexf.to.igraph: no visible global function definition for ‘rgb’
    igraph.to.gexf: no visible global function definition for ‘col2rgb’
    Undefined global functions or variables:
     col2rgb rgb
    Consider adding
     importFrom("grDevices", "col2rgb", "rgb")
    to your NAMESPACE file.
Flavors: r-devel-linux-x86_64-fedora-clang, r-devel-linux-x86_64-fedora-gcc, r-devel-macos-x86_64-clang

Version: 0.15.3
Flags: --no-stop-on-test-error
Check: compiled code
Result: NOTE
    File ‘rgexf/libs/rgexf.so’:
     Found no calls to: ‘R_registerRoutines’, ‘R_useDynamicSymbols’
    
    It is good practice to register native routines and to disable symbol
    search.
    
    See ‘Writing portable packages’ in the ‘Writing R Extensions’ manual.
Flavors: r-devel-linux-x86_64-fedora-clang, r-devel-linux-x86_64-fedora-gcc, r-devel-macos-x86_64-clang