CRAN Package Check Results for Package rgexf

Last updated on 2014-04-23 12:48:26.

Flavor Version Tinstall Tcheck Ttotal Status Flags
r-devel-linux-x86_64-debian-clang 0.14.3.11 1.95 33.20 35.15 OK
r-devel-linux-x86_64-debian-gcc 0.14.3.11 1.94 31.29 33.23 OK
r-devel-linux-x86_64-fedora-clang 0.14.3.11 68.02 OK
r-devel-linux-x86_64-fedora-gcc 0.14.3.11 63.71 OK
r-devel-osx-x86_64-clang 0.14.3.11 57.47 OK
r-devel-osx-x86_64-gcc 0.14.3.11 ERROR
r-devel-windows-ix86+x86_64 0.14.3.11 8.00 65.00 73.00 OK
r-patched-linux-x86_64 0.14.3.11 1.92 30.60 32.51 OK
r-patched-solaris-sparc 0.14.3.11 347.80 OK
r-patched-solaris-x86 0.14.3.11 91.20 OK
r-release-linux-ix86 0.14.3.11 3.00 53.00 56.00 OK
r-release-linux-x86_64 0.14.3.11 2.04 32.45 34.49 OK
r-release-osx-x86_64-mavericks 0.14.3.11 WARN
r-release-osx-x86_64-snowleopard 0.14.3.11 OK
r-release-windows-ix86+x86_64 0.14.3.11 9.00 65.00 74.00 OK
r-oldrel-windows-ix86+x86_64 0.14.3.11 9.00 68.00 77.00 OK

Memtest notes: valgrind

Check Details

Version: 0.14.3.11
Check: package dependencies
Result: ERROR
    Packages required but not available: ‘XML’ ‘igraph’
    
    See the information on DESCRIPTION files in the chapter ‘Creating R
    packages’ of the ‘Writing R Extensions’ manual.
Flavor: r-devel-osx-x86_64-gcc

Version: 0.14.3.11
Check: PDF version of manual
Result: WARNING
    LaTeX errors when creating PDF version.
    This typically indicates Rd problems.
    LaTeX errors found:
    ! LaTeX Error: File `upquote.sty' not found.
    
    Type X to quit or <RETURN> to proceed,
    or enter new name. (Default extension: sty)
    
    f7ec361/Rd2.tex:8: ==> Fatal error occurred, no output PDF file produced!
Flavor: r-release-osx-x86_64-mavericks