CRAN Package Check Results for Package rgexf

Last updated on 2017-08-21 02:49:16.

Flavor Version Tinstall Tcheck Ttotal Status Flags
r-devel-linux-x86_64-debian-clang 0.15.3 1.79 28.76 30.55 NOTE
r-devel-linux-x86_64-debian-gcc 0.15.3 1.71 28.68 30.39 NOTE
r-devel-linux-x86_64-fedora-clang 0.15.3 54.68 NOTE
r-devel-linux-x86_64-fedora-gcc 0.15.3 53.69 NOTE
r-devel-windows-ix86+x86_64 0.15.3 7.00 79.00 86.00 NOTE
r-patched-linux-x86_64 0.15.3 2.00 29.28 31.29 NOTE
r-patched-solaris-x86 0.15.3 73.70 NOTE
r-release-linux-x86_64 0.15.3 1.78 28.69 30.47 NOTE
r-release-windows-ix86+x86_64 0.15.3 11.00 74.00 85.00 NOTE
r-release-osx-x86_64 0.15.3 NOTE
r-oldrel-windows-ix86+x86_64 0.15.3 6.00 68.00 74.00 NOTE
r-oldrel-osx-x86_64 0.15.3 NOTE

Additional issues

valgrind

Check Details

Version: 0.15.3
Check: R code for possible problems
Result: NOTE
    gexf.to.igraph: no visible global function definition for ‘rgb’
    igraph.to.gexf: no visible global function definition for ‘col2rgb’
    Undefined global functions or variables:
     col2rgb rgb
    Consider adding
     importFrom("grDevices", "col2rgb", "rgb")
    to your NAMESPACE file.
Flavors: r-devel-linux-x86_64-debian-clang, r-devel-linux-x86_64-debian-gcc, r-devel-linux-x86_64-fedora-clang, r-devel-linux-x86_64-fedora-gcc, r-devel-windows-ix86+x86_64, r-patched-linux-x86_64, r-patched-solaris-x86, r-release-linux-x86_64, r-release-windows-ix86+x86_64, r-release-osx-x86_64, r-oldrel-windows-ix86+x86_64, r-oldrel-osx-x86_64

Version: 0.15.3
Check: compiled code
Result: NOTE
    File ‘rgexf/libs/rgexf.so’:
     Found no calls to: ‘R_registerRoutines’, ‘R_useDynamicSymbols’
    
    It is good practice to register native routines and to disable symbol
    search.
    
    See ‘Writing portable packages’ in the ‘Writing R Extensions’ manual.
Flavors: r-devel-linux-x86_64-debian-clang, r-devel-linux-x86_64-debian-gcc, r-devel-linux-x86_64-fedora-clang, r-devel-linux-x86_64-fedora-gcc, r-patched-linux-x86_64, r-release-linux-x86_64