CRAN Package Check Results for Package rgexf

Last updated on 2017-01-24 05:49:08.

Flavor Version Tinstall Tcheck Ttotal Status Flags
r-devel-linux-x86_64-debian-clang 0.15.3 1.70 27.58 29.28 NOTE
r-devel-linux-x86_64-debian-gcc 0.15.3 1.70 27.54 29.24 NOTE
r-devel-linux-x86_64-fedora-clang 0.15.3 53.75 NOTE --no-stop-on-test-error
r-devel-linux-x86_64-fedora-gcc 0.15.3 51.81 NOTE --no-stop-on-test-error
r-devel-macos-x86_64-clang 0.15.3 44.05 NOTE --no-stop-on-test-error
r-devel-windows-ix86+x86_64 0.15.3 8.00 74.00 82.00 NOTE
r-patched-linux-x86_64 0.15.3 1.53 24.45 25.98 NOTE
r-patched-solaris-sparc 0.15.3 299.30 NOTE
r-patched-solaris-x86 0.15.3 64.60 NOTE
r-release-linux-x86_64 0.15.3 1.60 25.13 26.73 NOTE
r-release-osx-x86_64-mavericks 0.15.3 NOTE
r-release-windows-ix86+x86_64 0.15.3 28.00 89.00 117.00 NOTE
r-oldrel-windows-ix86+x86_64 0.15.3 12.00 134.00 146.00 OK

Memtest notes: valgrind

Check Details

Version: 0.15.3
Check: R code for possible problems
Result: NOTE
    gexf.to.igraph: no visible global function definition for ‘rgb’
    igraph.to.gexf: no visible global function definition for ‘col2rgb’
    Undefined global functions or variables:
     col2rgb rgb
    Consider adding
     importFrom("grDevices", "col2rgb", "rgb")
    to your NAMESPACE file.
Flavors: r-devel-linux-x86_64-debian-clang, r-devel-linux-x86_64-debian-gcc, r-devel-windows-ix86+x86_64, r-patched-linux-x86_64, r-patched-solaris-sparc, r-patched-solaris-x86, r-release-linux-x86_64, r-release-osx-x86_64-mavericks, r-release-windows-ix86+x86_64

Version: 0.15.3
Flags: --no-stop-on-test-error
Check: R code for possible problems
Result: NOTE
    gexf.to.igraph: no visible global function definition for ‘rgb’
    igraph.to.gexf: no visible global function definition for ‘col2rgb’
    Undefined global functions or variables:
     col2rgb rgb
    Consider adding
     importFrom("grDevices", "col2rgb", "rgb")
    to your NAMESPACE file.
Flavors: r-devel-linux-x86_64-fedora-clang, r-devel-linux-x86_64-fedora-gcc, r-devel-macos-x86_64-clang