CRAN Package Check Results for Package rgexf

Last updated on 2016-07-26 11:51:04.

Flavor Version Tinstall Tcheck Ttotal Status Flags
r-devel-linux-x86_64-debian-clang 0.15.3 2.23 27.26 29.48 NOTE
r-devel-linux-x86_64-debian-gcc 0.15.3 1.62 27.56 29.18 NOTE
r-devel-linux-x86_64-fedora-clang 0.15.3 48.22 NOTE
r-devel-linux-x86_64-fedora-gcc 0.15.3 43.88 NOTE
r-devel-osx-x86_64-clang 0.15.3 40.85 NOTE
r-devel-windows-ix86+x86_64 0.15.3 11.00 88.00 99.00 NOTE
r-patched-linux-x86_64 0.15.3 2.19 27.54 29.73 NOTE
r-patched-solaris-sparc 0.15.3 301.20 NOTE
r-patched-solaris-x86 0.15.3 65.30 NOTE
r-release-linux-x86_64 0.15.3 2.06 27.35 29.40 NOTE
r-release-osx-x86_64-mavericks 0.15.3 NOTE
r-release-windows-ix86+x86_64 0.15.3 10.00 85.00 95.00 NOTE
r-oldrel-windows-ix86+x86_64 0.15.3 12.00 85.00 97.00 OK

Memtest notes: valgrind

Check Details

Version: 0.15.3
Check: R code for possible problems
Result: NOTE
    gexf.to.igraph: no visible global function definition for ‘rgb’
    igraph.to.gexf: no visible global function definition for ‘col2rgb’
    Undefined global functions or variables:
     col2rgb rgb
    Consider adding
     importFrom("grDevices", "col2rgb", "rgb")
    to your NAMESPACE file.
Flavors: r-devel-linux-x86_64-debian-clang, r-devel-linux-x86_64-debian-gcc, r-devel-linux-x86_64-fedora-clang, r-devel-linux-x86_64-fedora-gcc, r-devel-osx-x86_64-clang, r-devel-windows-ix86+x86_64, r-patched-linux-x86_64, r-patched-solaris-sparc, r-patched-solaris-x86, r-release-linux-x86_64, r-release-osx-x86_64-mavericks, r-release-windows-ix86+x86_64