CRAN Package Check Results for Package rgexf

Last updated on 2014-10-24 11:47:24.

Flavor Version Tinstall Tcheck Ttotal Status Flags
r-devel-linux-x86_64-debian-clang 0.14.3.11 1.78 28.32 30.10 NOTE
r-devel-linux-x86_64-debian-gcc 0.14.3.11 1.73 28.00 29.72 NOTE
r-devel-linux-x86_64-fedora-clang 0.14.3.11 63.56 NOTE
r-devel-linux-x86_64-fedora-gcc 0.14.3.11 58.67 NOTE
r-devel-osx-x86_64-clang 0.14.3.11 57.42 NOTE
r-devel-windows-ix86+x86_64 0.14.3.11 8.00 63.00 71.00 NOTE
r-patched-linux-x86_64 0.14.3.11 1.80 29.21 31.01 NOTE
r-patched-solaris-sparc 0.14.3.11 361.20 NOTE
r-patched-solaris-x86 0.14.3.11 90.30 NOTE
r-release-linux-ix86 0.14.3.11 2.58 43.48 46.06 OK
r-release-linux-x86_64 0.14.3.11 1.90 32.08 33.98 OK
r-release-osx-x86_64-mavericks 0.14.3.11 OK
r-release-osx-x86_64-snowleopard 0.14.3.11 OK
r-release-windows-ix86+x86_64 0.14.3.11 8.00 64.00 72.00 OK
r-oldrel-windows-ix86+x86_64 0.14.3.11 8.00 67.00 75.00 OK

Check Details

Version: 0.14.3.11
Check: package namespace information
Result: NOTE
     Namespaces with empty importFrom:
     ‘Rook’ ‘XML’ ‘igraph’
Flavors: r-devel-linux-x86_64-debian-clang, r-devel-linux-x86_64-debian-gcc, r-devel-linux-x86_64-fedora-clang, r-devel-linux-x86_64-fedora-gcc, r-devel-osx-x86_64-clang, r-devel-windows-ix86+x86_64, r-patched-linux-x86_64, r-patched-solaris-sparc, r-patched-solaris-x86

Version: 0.14.3.11
Check: R code for possible problems
Result: NOTE
    .addNodesEdges: no visible global function definition for
     ‘parseXMLAndAdd’
    .defAtt : <anonymous>: no visible global function definition for
     ‘newXMLNode’
    add.edge.spell: no visible global function definition for
     ‘xmlTreeParse’
    add.edge.spell: no visible global function definition for ‘asXMLNode’
    add.edge.spell: no visible global function definition for ‘xmlNode’
    add.edge.spell: no visible global function definition for ‘saveXML’
    add.edge.spell: no visible global function definition for ‘xmlRoot’
    add.gexf.edge: no visible global function definition for ‘xmlTreeParse’
    add.gexf.edge: no visible global function definition for ‘xmlNode’
    add.gexf.edge: no visible global function definition for ‘addChildren’
    add.gexf.edge: no visible global function definition for ‘asXMLNode’
    add.gexf.edge: no visible global function definition for ‘saveXML’
    add.gexf.edge: no visible global function definition for ‘xmlRoot’
    add.gexf.node: no visible global function definition for ‘xmlTreeParse’
    add.gexf.node: no visible global function definition for ‘xmlNode’
    add.gexf.node: no visible global function definition for ‘addChildren’
    add.gexf.node: no visible global function definition for ‘asXMLNode’
    add.gexf.node: no visible global function definition for ‘saveXML’
    add.gexf.node: no visible global function definition for ‘xmlRoot’
    add.node.spell: no visible global function definition for
     ‘xmlTreeParse’
    add.node.spell: no visible global function definition for ‘asXMLNode’
    add.node.spell: no visible global function definition for ‘xmlNode’
    add.node.spell: no visible global function definition for ‘saveXML’
    add.node.spell: no visible global function definition for ‘xmlRoot’
    gexf.to.igraph: no visible global function definition for
     ‘graph.data.frame’
    gexf.to.igraph: no visible global function definition for ‘V’
    gexf.to.igraph: no visible global function definition for ‘V<-’
    gexf.to.igraph: no visible global function definition for
     ‘set.vertex.attribute’
    gexf.to.igraph: no visible global function definition for
     ‘set.edge.attribute’
    gexf.to.igraph: no visible global function definition for ‘E’
    gexf.to.igraph: no visible global function definition for ‘E<-’
    igraph.to.gexf: no visible global function definition for
     ‘get.data.frame’
    igraph.to.gexf: no visible global function definition for
     ‘list.vertex.attributes’
    igraph.to.gexf: no visible global function definition for
     ‘list.edge.attributes’
    igraph.to.gexf: no visible global function definition for ‘E’
    igraph.to.gexf: no visible global function definition for ‘is.directed’
    new.gexf.graph: no visible global function definition for ‘newXMLDoc’
    new.gexf.graph: no visible global function definition for ‘newXMLNode’
    new.gexf.graph: no visible global function definition for
     ‘newXMLNamespace’
    new.gexf.graph: no visible global function definition for ‘xmlAttrs<-’
    new.gexf.graph: no visible global function definition for ‘saveXML’
    plot.gexf: no visible binding for global variable ‘Rhttpd’
    plot.gexf : my.app: no visible binding for global variable ‘Response’
    plot.gexf : graph: no visible binding for global variable ‘Response’
    plot.gexf : jquery: no visible binding for global variable ‘Response’
    plot.gexf : sigmajs: no visible binding for global variable ‘Response’
    plot.gexf : parseGexf: no visible binding for global variable
     ‘Response’
    read.gexf: no visible global function definition for ‘xmlParse’
    read.gexf: no visible global function definition for ‘xmlNamespace’
    read.gexf: no visible global function definition for ‘xmlRoot’
    read.gexf: no visible global function definition for ‘getNodeSet’
    read.gexf: no visible global function definition for ‘xmlValue’
    read.gexf: no visible global function definition for ‘xmlAttrs’
    read.gexf: no visible binding for global variable ‘xmlGetAttr’
    read.gexf: no visible global function definition for ‘saveXML’
    rm.gexf.edge: no visible global function definition for ‘xmlTreeParse’
    rm.gexf.edge: no visible global function definition for ‘saveXML’
    rm.gexf.edge: no visible global function definition for ‘xmlRoot’
    rm.gexf.node: no visible global function definition for ‘xmlTreeParse’
    rm.gexf.node: no visible global function definition for ‘saveXML’
    rm.gexf.node: no visible global function definition for ‘xmlRoot’
    write.gexf: no visible global function definition for ‘newXMLDoc’
    write.gexf: no visible global function definition for ‘newXMLNode’
    write.gexf: no visible global function definition for ‘newXMLNamespace’
    write.gexf: no visible global function definition for ‘xmlAttrs<-’
    write.gexf: no visible global function definition for ‘saveXML’
Flavors: r-devel-linux-x86_64-debian-clang, r-devel-linux-x86_64-debian-gcc, r-devel-linux-x86_64-fedora-clang, r-devel-linux-x86_64-fedora-gcc, r-devel-osx-x86_64-clang, r-devel-windows-ix86+x86_64, r-patched-linux-x86_64, r-patched-solaris-sparc, r-patched-solaris-x86