CRAN Package Check Results for Package rgexf

Last updated on 2017-02-23 23:49:51.

Flavor Version Tinstall Tcheck Ttotal Status Flags
r-devel-linux-x86_64-debian-clang 0.15.3 1.78 28.27 30.05 NOTE
r-devel-linux-x86_64-debian-gcc 0.15.3 1.59 27.90 29.49 NOTE
r-devel-linux-x86_64-fedora-clang 0.15.3 55.17 NOTE --no-stop-on-test-error
r-devel-linux-x86_64-fedora-gcc 0.15.3 52.12 NOTE --no-stop-on-test-error
r-devel-macos-x86_64-clang 0.15.3 44.68 NOTE --no-stop-on-test-error
r-devel-windows-ix86+x86_64 0.15.3 13.00 149.00 162.00 NOTE
r-patched-linux-x86_64 0.15.3 1.56 24.89 26.44 NOTE
r-patched-solaris-sparc 0.15.3 299.30 NOTE
r-patched-solaris-x86 0.15.3 65.80 NOTE
r-release-linux-x86_64 0.15.3 1.51 24.53 26.04 NOTE
r-release-osx-x86_64-mavericks 0.15.3 NOTE
r-release-windows-ix86+x86_64 0.15.3 10.00 100.00 110.00 NOTE
r-oldrel-windows-ix86+x86_64 0.15.3 14.00 139.00 153.00 OK

Memtest notes: valgrind

Check Details

Version: 0.15.3
Check: R code for possible problems
Result: NOTE
    gexf.to.igraph: no visible global function definition for ‘rgb’
    igraph.to.gexf: no visible global function definition for ‘col2rgb’
    Undefined global functions or variables:
     col2rgb rgb
    Consider adding
     importFrom("grDevices", "col2rgb", "rgb")
    to your NAMESPACE file.
Flavors: r-devel-linux-x86_64-debian-clang, r-devel-linux-x86_64-debian-gcc, r-devel-windows-ix86+x86_64, r-patched-linux-x86_64, r-patched-solaris-sparc, r-patched-solaris-x86, r-release-linux-x86_64, r-release-osx-x86_64-mavericks, r-release-windows-ix86+x86_64

Version: 0.15.3
Check: compiled code
Result: NOTE
    File ‘rgexf/libs/rgexf.so’:
     Found no calls to: ‘R_registerRoutines’, ‘R_useDynamicSymbols’
    
    It is good practice to register native routines and to disable symbol
    search.
    
    See ‘Writing portable packages’ in the ‘Writing R Extensions’ manual.
Flavors: r-devel-linux-x86_64-debian-clang, r-devel-linux-x86_64-debian-gcc

Version: 0.15.3
Flags: --no-stop-on-test-error
Check: R code for possible problems
Result: NOTE
    gexf.to.igraph: no visible global function definition for ‘rgb’
    igraph.to.gexf: no visible global function definition for ‘col2rgb’
    Undefined global functions or variables:
     col2rgb rgb
    Consider adding
     importFrom("grDevices", "col2rgb", "rgb")
    to your NAMESPACE file.
Flavors: r-devel-linux-x86_64-fedora-clang, r-devel-linux-x86_64-fedora-gcc, r-devel-macos-x86_64-clang

Version: 0.15.3
Flags: --no-stop-on-test-error
Check: compiled code
Result: NOTE
    File ‘rgexf/libs/rgexf.so’:
     Found no calls to: ‘R_registerRoutines’, ‘R_useDynamicSymbols’
    
    It is good practice to register native routines and to disable symbol
    search.
    
    See ‘Writing portable packages’ in the ‘Writing R Extensions’ manual.
Flavors: r-devel-linux-x86_64-fedora-clang, r-devel-linux-x86_64-fedora-gcc, r-devel-macos-x86_64-clang