CRAN Package Check Results for Package rgexf

Last updated on 2016-02-09 20:47:18.

Flavor Version Tinstall Tcheck Ttotal Status Flags
r-devel-linux-x86_64-debian-gcc 0.15.3 1.44 23.50 24.94 NOTE
r-devel-linux-x86_64-fedora-clang 0.15.3 48.19 NOTE
r-devel-linux-x86_64-fedora-gcc 0.15.3 45.23 NOTE
r-devel-osx-x86_64-clang 0.15.3 54.64 NOTE
r-devel-windows-ix86+x86_64 0.15.3 13.00 63.00 76.00 NOTE
r-patched-linux-x86_64 0.15.3 1.59 26.00 27.60 OK
r-patched-solaris-sparc 0.15.3 318.10 OK
r-patched-solaris-x86 0.15.3 70.00 OK
r-release-linux-x86_64 0.15.3 1.65 25.57 27.22 OK
r-release-osx-x86_64-mavericks 0.15.3 OK
r-release-windows-ix86+x86_64 0.15.3 12.00 68.00 80.00 OK
r-oldrel-windows-ix86+x86_64 0.15.3 15.00 87.00 102.00 OK

Memtest notes: valgrind

Check Details

Version: 0.15.3
Check: R code for possible problems
Result: NOTE
    gexf.to.igraph: no visible global function definition for ‘rgb’
    igraph.to.gexf: no visible global function definition for ‘col2rgb’
    Undefined global functions or variables:
     col2rgb rgb
    Consider adding
     importFrom("grDevices", "col2rgb", "rgb")
    to your NAMESPACE file.
Flavors: r-devel-linux-x86_64-debian-gcc, r-devel-linux-x86_64-fedora-clang, r-devel-linux-x86_64-fedora-gcc, r-devel-osx-x86_64-clang, r-devel-windows-ix86+x86_64