CRAN Package Check Results for Package rgexf

Last updated on 2015-08-28 12:48:07.

Flavor Version Tinstall Tcheck Ttotal Status Flags
r-devel-linux-x86_64-debian-clang 0.15.3 1.43 25.28 26.72 NOTE
r-devel-linux-x86_64-debian-gcc 0.15.3 1.44 24.20 25.64 NOTE
r-devel-linux-x86_64-fedora-clang 0.15.3 52.60 NOTE
r-devel-linux-x86_64-fedora-gcc 0.15.3 49.40 NOTE
r-devel-osx-x86_64-clang 0.15.3 44.88 OK
r-devel-windows-ix86+x86_64 0.15.3 13.00 71.00 84.00 NOTE
r-patched-linux-x86_64 0.15.3 1.61 25.58 27.18 OK
r-patched-solaris-sparc 0.15.3 338.50 OK
r-patched-solaris-x86 0.15.3 86.20 OK
r-release-linux-x86_64 0.15.3 1.58 27.43 29.01 OK
r-release-osx-x86_64-mavericks 0.15.3 OK
r-release-windows-ix86+x86_64 0.15.3 12.00 97.00 109.00 OK
r-oldrel-windows-ix86+x86_64 0.15.3 17.00 84.00 101.00 OK

Memtest notes: valgrind

Check Details

Version: 0.15.3
Check: R code for possible problems
Result: NOTE
    gexf.to.igraph: no visible global function definition for ‘rgb’
    igraph.to.gexf: no visible global function definition for ‘col2rgb’
    Undefined global functions or variables:
     col2rgb rgb
    Consider adding
     importFrom("grDevices", "col2rgb", "rgb")
    to your NAMESPACE.
Flavors: r-devel-linux-x86_64-debian-clang, r-devel-linux-x86_64-debian-gcc, r-devel-linux-x86_64-fedora-clang, r-devel-linux-x86_64-fedora-gcc, r-devel-windows-ix86+x86_64