CRAN Package Check Results for Package rgexf

Last updated on 2015-07-31 15:47:42.

Flavor Version Tinstall Tcheck Ttotal Status Flags
r-devel-linux-x86_64-debian-clang 0.15.3 1.57 25.64 27.21 NOTE
r-devel-linux-x86_64-debian-gcc 0.15.3 1.46 25.00 26.46 NOTE
r-devel-linux-x86_64-fedora-clang 0.15.3 53.68 NOTE
r-devel-linux-x86_64-fedora-gcc 0.15.3 51.48 NOTE
r-devel-osx-x86_64-clang 0.15.3 49.17 OK
r-devel-windows-ix86+x86_64 0.15.3 13.00 64.00 77.00 NOTE
r-patched-linux-x86_64 0.15.3 1.56 25.75 27.31 OK
r-patched-solaris-sparc 0.15.3 338.50 OK
r-patched-solaris-x86 0.15.3 79.10 OK
r-release-linux-x86_64 0.15.3 1.54 25.43 26.97 OK
r-release-osx-x86_64-mavericks 0.15.3 OK
r-release-windows-ix86+x86_64 0.15.3 15.00 64.00 79.00 OK
r-oldrel-windows-ix86+x86_64 0.15.3 10.00 110.00 120.00 OK

Memtest notes: valgrind

Check Details

Version: 0.15.3
Check: R code for possible problems
Result: NOTE
    gexf.to.igraph: no visible global function definition for ‘rgb’
    igraph.to.gexf: no visible global function definition for ‘col2rgb’
    Undefined global functions or variables:
     col2rgb rgb
    Consider adding
     importFrom("grDevices", "col2rgb", "rgb")
    to your NAMESPACE.
Flavors: r-devel-linux-x86_64-debian-clang, r-devel-linux-x86_64-debian-gcc, r-devel-linux-x86_64-fedora-clang, r-devel-linux-x86_64-fedora-gcc, r-devel-windows-ix86+x86_64