CRAN Package Check Results for Package rgexf

Last updated on 2016-06-27 19:49:40.

Flavor Version Tinstall Tcheck Ttotal Status Flags
r-devel-linux-x86_64-debian-gcc 0.15.3 1.48 24.45 25.93 NOTE
r-devel-linux-x86_64-fedora-clang 0.15.3 53.00 NOTE
r-devel-linux-x86_64-fedora-gcc 0.15.3 44.42 NOTE
r-devel-osx-x86_64-clang 0.15.3 39.84 NOTE
r-devel-windows-ix86+x86_64 0.15.3 8.00 64.00 72.00 NOTE
r-patched-linux-x86_64 0.15.3 1.60 25.04 26.64 NOTE
r-patched-solaris-sparc 0.15.3 301.20 NOTE
r-patched-solaris-x86 0.15.3 66.00 NOTE
r-release-linux-x86_64 0.15.3 1.72 24.33 26.05 NOTE
r-release-osx-x86_64-mavericks 0.15.3 NOTE
r-release-windows-ix86+x86_64 0.15.3 11.00 88.00 99.00 NOTE
r-oldrel-windows-ix86+x86_64 0.15.3 9.00 88.00 97.00 OK

Memtest notes: valgrind

Check Details

Version: 0.15.3
Check: R code for possible problems
Result: NOTE
    gexf.to.igraph: no visible global function definition for ‘rgb’
    igraph.to.gexf: no visible global function definition for ‘col2rgb’
    Undefined global functions or variables:
     col2rgb rgb
    Consider adding
     importFrom("grDevices", "col2rgb", "rgb")
    to your NAMESPACE file.
Flavors: r-devel-linux-x86_64-debian-gcc, r-devel-linux-x86_64-fedora-clang, r-devel-linux-x86_64-fedora-gcc, r-devel-osx-x86_64-clang, r-devel-windows-ix86+x86_64, r-patched-linux-x86_64, r-patched-solaris-sparc, r-patched-solaris-x86, r-release-linux-x86_64, r-release-osx-x86_64-mavericks, r-release-windows-ix86+x86_64