CRAN Package Check Results for Package rgexf

Last updated on 2016-12-04 08:47:12.

Flavor Version Tinstall Tcheck Ttotal Status Flags
r-devel-linux-x86_64-debian-clang 0.15.3 1.76 28.56 30.33 NOTE
r-devel-linux-x86_64-debian-gcc 0.15.3 1.62 27.89 29.51 NOTE
r-devel-linux-x86_64-fedora-clang 0.15.3 57.09 NOTE --no-stop-on-test-error
r-devel-linux-x86_64-fedora-gcc 0.15.3 56.94 NOTE
r-devel-macos-x86_64-clang 0.15.3 45.97 NOTE
r-devel-windows-ix86+x86_64 0.15.3 9.00 104.00 113.00 NOTE
r-patched-linux-x86_64 0.15.3 1.55 24.79 26.34 NOTE
r-patched-solaris-sparc 0.15.3 305.70 NOTE
r-patched-solaris-x86 0.15.3 64.50 NOTE
r-release-linux-x86_64 0.15.3 1.56 25.45 27.01 NOTE
r-release-osx-x86_64-mavericks 0.15.3 NOTE
r-release-windows-ix86+x86_64 0.15.3 13.00 90.00 103.00 NOTE
r-oldrel-windows-ix86+x86_64 0.15.3 12.00 94.00 106.00 OK

Memtest notes: valgrind

Check Details

Version: 0.15.3
Check: R code for possible problems
Result: NOTE
    gexf.to.igraph: no visible global function definition for ‘rgb’
    igraph.to.gexf: no visible global function definition for ‘col2rgb’
    Undefined global functions or variables:
     col2rgb rgb
    Consider adding
     importFrom("grDevices", "col2rgb", "rgb")
    to your NAMESPACE file.
Flavors: r-devel-linux-x86_64-debian-clang, r-devel-linux-x86_64-debian-gcc, r-devel-linux-x86_64-fedora-gcc, r-devel-macos-x86_64-clang, r-devel-windows-ix86+x86_64, r-patched-linux-x86_64, r-patched-solaris-sparc, r-patched-solaris-x86, r-release-linux-x86_64, r-release-osx-x86_64-mavericks, r-release-windows-ix86+x86_64

Version: 0.15.3
Flags: --no-stop-on-test-error
Check: R code for possible problems
Result: NOTE
    gexf.to.igraph: no visible global function definition for ‘rgb’
    igraph.to.gexf: no visible global function definition for ‘col2rgb’
    Undefined global functions or variables:
     col2rgb rgb
    Consider adding
     importFrom("grDevices", "col2rgb", "rgb")
    to your NAMESPACE file.
Flavor: r-devel-linux-x86_64-fedora-clang