CRAN Package Check Results for Package rgexf

Last updated on 2017-06-28 03:48:53.

Flavor Version Tinstall Tcheck Ttotal Status Flags
r-devel-linux-x86_64-debian-clang 0.15.3 1.77 28.26 30.03 NOTE
r-devel-linux-x86_64-debian-gcc 0.15.3 1.71 29.60 31.31 NOTE
r-devel-linux-x86_64-fedora-clang 0.15.3 54.03 NOTE
r-devel-linux-x86_64-fedora-gcc 0.15.3 52.07 NOTE
r-devel-windows-ix86+x86_64 0.15.3 14.00 73.00 87.00 NOTE
r-patched-linux-x86_64 0.15.3 2.12 28.39 30.51 NOTE
r-patched-solaris-sparc 0.15.3 329.40 NOTE
r-patched-solaris-x86 0.15.3 72.60 NOTE
r-release-linux-x86_64 0.15.3 1.60 27.85 29.44 NOTE
r-release-windows-ix86+x86_64 0.15.3 13.00 92.00 105.00 NOTE
r-release-osx-x86_64 0.15.3 NOTE
r-oldrel-windows-ix86+x86_64 0.15.3 11.00 92.00 103.00 NOTE
r-oldrel-osx-x86_64 0.15.3 NOTE

Additional issues

valgrind

Check Details

Version: 0.15.3
Check: R code for possible problems
Result: NOTE
    gexf.to.igraph: no visible global function definition for ‘rgb’
    igraph.to.gexf: no visible global function definition for ‘col2rgb’
    Undefined global functions or variables:
     col2rgb rgb
    Consider adding
     importFrom("grDevices", "col2rgb", "rgb")
    to your NAMESPACE file.
Flavors: r-devel-linux-x86_64-debian-clang, r-devel-linux-x86_64-debian-gcc, r-devel-linux-x86_64-fedora-clang, r-devel-linux-x86_64-fedora-gcc, r-devel-windows-ix86+x86_64, r-patched-linux-x86_64, r-patched-solaris-sparc, r-patched-solaris-x86, r-release-linux-x86_64, r-release-windows-ix86+x86_64, r-release-osx-x86_64, r-oldrel-windows-ix86+x86_64, r-oldrel-osx-x86_64

Version: 0.15.3
Check: compiled code
Result: NOTE
    File ‘rgexf/libs/rgexf.so’:
     Found no calls to: ‘R_registerRoutines’, ‘R_useDynamicSymbols’
    
    It is good practice to register native routines and to disable symbol
    search.
    
    See ‘Writing portable packages’ in the ‘Writing R Extensions’ manual.
Flavors: r-devel-linux-x86_64-debian-clang, r-devel-linux-x86_64-debian-gcc, r-devel-linux-x86_64-fedora-clang, r-devel-linux-x86_64-fedora-gcc, r-patched-linux-x86_64, r-release-linux-x86_64