CRAN Package Check Results for Package rgexf

Last updated on 2016-08-25 17:48:04.

Flavor Version Tinstall Tcheck Ttotal Status Flags
r-devel-linux-x86_64-debian-clang 0.15.3 1.46 24.90 26.35 NOTE
r-devel-linux-x86_64-debian-gcc 0.15.3 1.48 24.35 25.83 NOTE
r-devel-linux-x86_64-fedora-clang 0.15.3 48.02 NOTE
r-devel-linux-x86_64-fedora-gcc 0.15.3 44.69 NOTE
r-devel-osx-x86_64-clang 0.15.3 40.27 NOTE
r-devel-windows-ix86+x86_64 0.15.3 11.00 65.00 76.00 NOTE
r-patched-linux-x86_64 0.15.3 1.52 24.46 25.99 NOTE
r-patched-solaris-sparc 0.15.3 301.20 NOTE
r-patched-solaris-x86 0.15.3 66.20 NOTE
r-release-linux-x86_64 0.15.3 1.54 24.62 26.16 NOTE
r-release-osx-x86_64-mavericks 0.15.3 NOTE
r-release-windows-ix86+x86_64 0.15.3 12.00 98.00 110.00 NOTE
r-oldrel-windows-ix86+x86_64 0.15.3 7.00 67.00 74.00 OK

Memtest notes: valgrind

Check Details

Version: 0.15.3
Check: R code for possible problems
Result: NOTE
    gexf.to.igraph: no visible global function definition for ‘rgb’
    igraph.to.gexf: no visible global function definition for ‘col2rgb’
    Undefined global functions or variables:
     col2rgb rgb
    Consider adding
     importFrom("grDevices", "col2rgb", "rgb")
    to your NAMESPACE file.
Flavors: r-devel-linux-x86_64-debian-clang, r-devel-linux-x86_64-debian-gcc, r-devel-linux-x86_64-fedora-clang, r-devel-linux-x86_64-fedora-gcc, r-devel-osx-x86_64-clang, r-devel-windows-ix86+x86_64, r-patched-linux-x86_64, r-patched-solaris-sparc, r-patched-solaris-x86, r-release-linux-x86_64, r-release-osx-x86_64-mavericks, r-release-windows-ix86+x86_64