CRAN Package Check Results for Package rgexf

Last updated on 2016-09-28 08:57:53.

Flavor Version Tinstall Tcheck Ttotal Status Flags
r-devel-linux-x86_64-debian-clang 0.15.3 1.58 25.26 26.84 NOTE
r-devel-linux-x86_64-debian-gcc 0.15.3 1.52 25.53 27.05 NOTE
r-devel-linux-x86_64-fedora-clang 0.15.3 47.79 NOTE
r-devel-linux-x86_64-fedora-gcc 0.15.3 45.02 NOTE
r-devel-macos-x86_64-clang 0.15.3 39.75 NOTE
r-devel-windows-ix86+x86_64 0.15.3 7.00 86.00 93.00 NOTE
r-patched-linux-x86_64 0.15.3 1.55 25.03 26.58 NOTE
r-patched-solaris-sparc 0.15.3 301.20 NOTE
r-patched-solaris-x86 0.15.3 65.30 NOTE
r-release-linux-x86_64 0.15.3 1.64 25.05 26.69 NOTE
r-release-osx-x86_64-mavericks 0.15.3 NOTE
r-release-windows-ix86+x86_64 0.15.3 9.00 68.00 77.00 NOTE
r-oldrel-windows-ix86+x86_64 0.15.3 15.00 99.00 114.00 OK

Memtest notes: valgrind

Check Details

Version: 0.15.3
Check: R code for possible problems
Result: NOTE
    gexf.to.igraph: no visible global function definition for ‘rgb’
    igraph.to.gexf: no visible global function definition for ‘col2rgb’
    Undefined global functions or variables:
     col2rgb rgb
    Consider adding
     importFrom("grDevices", "col2rgb", "rgb")
    to your NAMESPACE file.
Flavors: r-devel-linux-x86_64-debian-clang, r-devel-linux-x86_64-debian-gcc, r-devel-linux-x86_64-fedora-clang, r-devel-linux-x86_64-fedora-gcc, r-devel-macos-x86_64-clang, r-devel-windows-ix86+x86_64, r-patched-linux-x86_64, r-patched-solaris-sparc, r-patched-solaris-x86, r-release-linux-x86_64, r-release-osx-x86_64-mavericks, r-release-windows-ix86+x86_64