CRAN Package Check Results for Package rggobi

Last updated on 2017-02-24 23:52:49.

Flavor Version Tinstall Tcheck Ttotal Status Flags
r-devel-linux-x86_64-debian-clang 2.1.21 12.66 21.11 33.77 OK
r-devel-linux-x86_64-debian-gcc 2.1.21 10.69 20.66 31.35 OK
r-devel-linux-x86_64-fedora-clang 2.1.21 65.40 OK --no-stop-on-test-error
r-devel-linux-x86_64-fedora-gcc 2.1.21 53.90 OK --no-stop-on-test-error
r-devel-windows-ix86+x86_64 2.1.21 340.00 60.00 400.00 OK
r-patched-linux-x86_64 2.1.21 9.72 18.65 28.38 OK
r-release-linux-x86_64 2.1.21 9.73 19.01 28.74 OK
r-release-osx-x86_64-mavericks 2.1.21 ERROR
r-release-windows-ix86+x86_64 2.1.21 166.00 76.00 242.00 OK
r-oldrel-windows-ix86+x86_64 2.1.21 353.00 81.00 434.00 OK

Check Details

Version: 2.1.21
Check: whether package can be installed
Result: ERROR
    Installation failed.
Flavor: r-release-osx-x86_64-mavericks