CRAN Package Check Results for Package rggobi

Last updated on 2018-01-17 03:49:29 CET.

Flavor Version Tinstall Tcheck Ttotal Status Flags
r-devel-linux-x86_64-debian-clang 2.1.21 19.61 33.46 53.07 NOTE
r-devel-linux-x86_64-debian-gcc 2.1.21 11.14 26.05 37.19 NOTE
r-devel-linux-x86_64-fedora-clang 2.1.21 66.17 NOTE
r-devel-linux-x86_64-fedora-gcc 2.1.21 55.47 NOTE
r-devel-windows-ix86+x86_64 2.1.21 159.00 65.00 224.00 OK
r-patched-linux-x86_64 2.1.21 15.71 32.85 48.56 NOTE
r-release-linux-x86_64 2.1.21 16.07 33.03 49.10 NOTE
r-release-windows-ix86+x86_64 2.1.21 169.00 91.00 260.00 OK
r-release-osx-x86_64 2.1.21 ERROR
r-oldrel-windows-ix86+x86_64 2.1.21 137.00 88.00 225.00 OK
r-oldrel-osx-x86_64 2.1.21 ERROR

Additional issues

rchk

Check Details

Version: 2.1.21
Check: S3 generic/method consistency
Result: NOTE
    Found the following apparent S3 methods exported but not registered:
     $<-.GGobi [<-.GGobi [[.GGobiData [[<-.GGobi [[<-.GGobiData
    See section ‘Registering S3 methods’ in the ‘Writing R Extensions’
    manual.
Flavors: r-devel-linux-x86_64-debian-clang, r-devel-linux-x86_64-debian-gcc, r-devel-linux-x86_64-fedora-clang, r-devel-linux-x86_64-fedora-gcc, r-patched-linux-x86_64, r-release-linux-x86_64

Version: 2.1.21
Check: package dependencies
Result: ERROR
    Package required but not available: ‘RGtk2’
    
    See section ‘The DESCRIPTION file’ in the ‘Writing R Extensions’
    manual.
Flavor: r-release-osx-x86_64

Version: 2.1.21
Check: whether package can be installed
Result: ERROR
    Installation failed.
Flavor: r-oldrel-osx-x86_64