CRAN Package Check Results for Package rggobi

Last updated on 2014-09-02 03:49:47.

Flavor Version Tinstall Tcheck Ttotal Status Flags
r-devel-linux-x86_64-debian-clang 2.1.20 9.43 19.96 29.39 NOTE
r-devel-linux-x86_64-debian-gcc 2.1.20 9.12 19.69 28.82 NOTE
r-devel-linux-x86_64-fedora-clang 2.1.20 63.28 NOTE
r-devel-linux-x86_64-fedora-gcc 2.1.20 57.66 NOTE
r-devel-osx-x86_64-clang 2.1.20 53.53 NOTE
r-devel-windows-ix86+x86_64 2.1.20 82.00 50.00 132.00 NOTE
r-patched-linux-x86_64 2.1.20 9.18 21.20 30.39 OK
r-release-linux-ix86 2.1.20 13.17 31.48 44.65 OK
r-release-linux-x86_64 2.1.20 9.36 21.66 31.02 OK
r-release-osx-x86_64-mavericks 2.1.20 ERROR
r-release-osx-x86_64-snowleopard 2.1.20 ERROR
r-release-windows-ix86+x86_64 2.1.20 76.00 50.00 126.00 OK
r-oldrel-windows-ix86+x86_64 2.1.20 126.00 51.00 177.00 OK

Check Details

Version: 2.1.20
Check: R code for possible problems
Result: NOTE
    ggobi_pcp: no visible global function definition for ‘melt’
    ggobi_pcp: no visible global function definition for ‘rescaler’
Flavors: r-devel-linux-x86_64-debian-clang, r-devel-linux-x86_64-debian-gcc, r-devel-linux-x86_64-fedora-clang, r-devel-linux-x86_64-fedora-gcc, r-devel-osx-x86_64-clang, r-devel-windows-ix86+x86_64

Version: 2.1.20
Check: package dependencies
Result: ERROR
    Package required but not available: ‘RGtk2’
    
    See the information on DESCRIPTION files in the chapter ‘Creating R
    packages’ of the ‘Writing R Extensions’ manual.
Flavor: r-release-osx-x86_64-mavericks

Version: 2.1.20
Check: whether package can be installed
Result: ERROR
    Installation failed.
    See ‘/Volumes/XT3/Builds/R-dev-web/QA/Simon/packages/snowleopard-x86_64/results/3.1/rggobi.Rcheck/00install.out’ for details.
    * pre-conf. environment: (PKG_CFLAGS=, PKG_CPPFLAGS=, PKG_LIBS=)
Flavor: r-release-osx-x86_64-snowleopard