CRAN Package Check Results for Package rggobi

Last updated on 2016-08-28 09:50:45.

Flavor Version Tinstall Tcheck Ttotal Status Flags
r-devel-linux-x86_64-debian-clang 2.1.20 12.35 18.55 30.90 WARN
r-devel-linux-x86_64-debian-gcc 2.1.20 11.15 18.43 29.58 WARN
r-devel-linux-x86_64-fedora-clang 2.1.20 57.71 WARN
r-devel-linux-x86_64-fedora-gcc 2.1.20 49.13 WARN
r-devel-windows-ix86+x86_64 2.1.20 190.00 118.00 308.00 WARN
r-patched-linux-x86_64 2.1.20 9.89 18.79 28.68 WARN
r-release-linux-x86_64 2.1.20 10.51 18.96 29.47 NOTE
r-release-osx-x86_64-mavericks 2.1.20 ERROR
r-release-windows-ix86+x86_64 2.1.20 180.00 85.00 265.00 NOTE
r-oldrel-windows-ix86+x86_64 2.1.20 93.00 81.00 174.00 NOTE

Check Details

Version: 2.1.20
Check: dependencies in R code
Result: NOTE
    'library' or 'require' call to ‘reshape’ in package code.
     Please use :: or requireNamespace() instead.
     See section 'Suggested packages' in the 'Writing R Extensions' manual.
Flavors: r-devel-linux-x86_64-debian-clang, r-devel-linux-x86_64-debian-gcc, r-devel-linux-x86_64-fedora-clang, r-devel-linux-x86_64-fedora-gcc, r-devel-windows-ix86+x86_64, r-patched-linux-x86_64, r-release-linux-x86_64, r-release-windows-ix86+x86_64, r-oldrel-windows-ix86+x86_64

Version: 2.1.20
Check: S3 generic/method consistency
Result: NOTE
    Found the following apparent S3 methods exported but not registered:
     as.matrix.GGobiData dataset.character dataset.numeric
     edges<-.GGobiDisplay
    See section ‘Registering S3 methods’ in the ‘Writing R Extensions’
    manual.
Flavors: r-devel-linux-x86_64-debian-clang, r-devel-linux-x86_64-debian-gcc, r-devel-linux-x86_64-fedora-clang, r-devel-linux-x86_64-fedora-gcc, r-patched-linux-x86_64, r-release-linux-x86_64

Version: 2.1.20
Check: R code for possible problems
Result: NOTE
    ggobi_longitudinal: no visible global function definition for
     ‘complete.cases’
    ggobi_pcp: no visible global function definition for ‘melt’
    ggobi_pcp: no visible global function definition for ‘rescaler’
    Undefined global functions or variables:
     complete.cases melt rescaler
    Consider adding
     importFrom("stats", "complete.cases")
    to your NAMESPACE file.
Flavors: r-devel-linux-x86_64-debian-clang, r-devel-linux-x86_64-debian-gcc, r-devel-linux-x86_64-fedora-clang, r-devel-linux-x86_64-fedora-gcc, r-devel-windows-ix86+x86_64, r-patched-linux-x86_64, r-release-linux-x86_64, r-release-windows-ix86+x86_64

Version: 2.1.20
Check: compilation flags in Makevars
Result: WARN
    Non-portable flags in variable 'PKG_CPPFLAGS':
     -g
Flavors: r-devel-linux-x86_64-debian-clang, r-devel-linux-x86_64-debian-gcc, r-devel-linux-x86_64-fedora-clang, r-devel-linux-x86_64-fedora-gcc, r-devel-windows-ix86+x86_64, r-patched-linux-x86_64

Version: 2.1.20
Check: whether package can be installed
Result: ERROR
    Installation failed.
Flavor: r-release-osx-x86_64-mavericks

Version: 2.1.20
Check: R code for possible problems
Result: NOTE
    ggobi_pcp: no visible global function definition for 'melt'
    ggobi_pcp: no visible global function definition for 'rescaler'
Flavor: r-oldrel-windows-ix86+x86_64