CRAN Package Check Results for Package rggobi

Last updated on 2019-03-25 10:48:47 CET.

Flavor Version Tinstall Tcheck Ttotal Status Flags
r-devel-linux-x86_64-debian-clang 2.1.22 25.20 33.68 58.88 NOTE
r-devel-linux-x86_64-debian-gcc 2.1.22 13.53 27.09 40.62 NOTE
r-devel-linux-x86_64-fedora-clang 2.1.22 71.41 NOTE
r-devel-linux-x86_64-fedora-gcc 2.1.22 62.78 NOTE
r-devel-windows-ix86+x86_64 2.1.22 126.00 80.00 206.00 NOTE
r-patched-linux-x86_64 2.1.22 16.23 30.70 46.93 OK
r-release-linux-x86_64 2.1.22 16.03 30.38 46.41 OK
r-release-windows-ix86+x86_64 2.1.22 124.00 74.00 198.00 OK
r-release-osx-x86_64 2.1.22 ERROR
r-oldrel-windows-ix86+x86_64 2.1.22 72.00 53.00 125.00 OK
r-oldrel-osx-x86_64 2.1.22 ERROR

Check Details

Version: 2.1.22
Check: top-level files
Result: NOTE
    Found a 'configure.in' file: 'configure.ac' has long been preferred.
     Output from running autoreconf:
     aclocal: warning: autoconf input should be named 'configure.ac', not 'configure.in'
Flavors: r-devel-linux-x86_64-debian-clang, r-devel-linux-x86_64-debian-gcc, r-devel-linux-x86_64-fedora-clang, r-devel-linux-x86_64-fedora-gcc

Version: 2.1.22
Check: top-level files
Result: NOTE
    Found a 'configure.in' file: 'configure.ac' has long been preferred.
Flavor: r-devel-windows-ix86+x86_64

Version: 2.1.22
Check: package dependencies
Result: ERROR
    Package required but not available: ‘RGtk2’
    
    See section ‘The DESCRIPTION file’ in the ‘Writing R Extensions’
    manual.
Flavors: r-release-osx-x86_64, r-oldrel-osx-x86_64