CRAN Package Check Results for Package rggobi

Last updated on 2017-04-29 08:49:11.

Flavor Version Tinstall Tcheck Ttotal Status Flags
r-devel-linux-x86_64-debian-clang 2.1.21 13.21 22.32 35.53 OK
r-devel-linux-x86_64-debian-gcc 2.1.21 11.20 22.67 33.87 OK
r-devel-linux-x86_64-fedora-clang 2.1.21 62.36 OK --no-stop-on-test-error
r-devel-linux-x86_64-fedora-gcc 2.1.21 53.91 OK --no-stop-on-test-error
r-devel-windows-ix86+x86_64 2.1.21 269.00 72.00 341.00 OK
r-patched-linux-x86_64 2.1.21 9.40 21.93 31.34 OK
r-release-linux-x86_64 2.1.21 9.31 22.62 31.93 OK
r-release-windows-ix86+x86_64 2.1.21 251.00 81.00 332.00 OK
r-release-osx-x86_64 2.1.21 ERROR
r-oldrel-windows-ix86+x86_64 2.1.21 243.00 73.00 316.00 OK
r-oldrel-osx-x86_64 2.1.21 ERROR

Check Details

Version: 2.1.21
Check: package dependencies
Result: ERROR
    Package required but not available: ‘RGtk2’
    
    See section ‘The DESCRIPTION file’ in the ‘Writing R Extensions’
    manual.
Flavor: r-release-osx-x86_64

Version: 2.1.21
Check: whether package can be installed
Result: ERROR
    Installation failed.
Flavor: r-oldrel-osx-x86_64