CRAN Package Check Results for Package rggobi

Last updated on 2016-09-28 19:48:31.

Flavor Version Tinstall Tcheck Ttotal Status Flags
r-devel-linux-x86_64-debian-clang 2.1.21 13.64 19.21 32.85 OK
r-devel-linux-x86_64-debian-gcc 2.1.21 10.97 18.87 29.84 OK
r-devel-linux-x86_64-fedora-clang 2.1.21 56.94 OK
r-devel-linux-x86_64-fedora-gcc 2.1.21 50.04 OK
r-devel-windows-ix86+x86_64 2.1.21 84.00 71.00 155.00 OK
r-patched-linux-x86_64 2.1.21 10.82 18.99 29.81 OK
r-release-linux-x86_64 2.1.21 10.27 18.92 29.19 OK
r-release-osx-x86_64-mavericks 2.1.21 ERROR
r-release-windows-ix86+x86_64 2.1.21 157.00 49.00 206.00 OK
r-oldrel-windows-ix86+x86_64 2.1.21 229.00 72.00 301.00 OK

Check Details

Version: 2.1.21
Check: whether package can be installed
Result: ERROR
    Installation failed.
Flavor: r-release-osx-x86_64-mavericks