CRAN Package Check Results for Package rggobi

Last updated on 2014-08-01 23:48:26.

Flavor Version Tinstall Tcheck Ttotal Status Flags
r-devel-linux-x86_64-debian-clang 2.1.20 9.40 21.51 30.92 OK
r-devel-linux-x86_64-debian-gcc 2.1.20 9.29 20.96 30.26 OK
r-devel-linux-x86_64-fedora-clang 2.1.20 66.08 OK
r-devel-linux-x86_64-fedora-gcc 2.1.20 60.41 OK
r-devel-osx-x86_64-clang 2.1.20 56.57 OK
r-devel-windows-ix86+x86_64 2.1.20 67.00 49.00 116.00 OK
r-patched-linux-x86_64 2.1.20 9.59 21.34 30.93 OK
r-release-linux-ix86 2.1.20 13.33 31.21 44.54 OK
r-release-linux-x86_64 2.1.20 9.26 21.59 30.86 OK
r-release-osx-x86_64-mavericks 2.1.20 ERROR
r-release-osx-x86_64-snowleopard 2.1.20 ERROR
r-release-windows-ix86+x86_64 2.1.20 70.00 64.00 134.00 OK
r-oldrel-windows-ix86+x86_64 2.1.20 229.00 68.00 297.00 OK

Check Details

Version: 2.1.20
Check: package dependencies
Result: ERROR
    Package required but not available: RGtk2
    
    See the information on DESCRIPTION files in the chapter Creating R
    packages of the Writing R Extensions manual.
Flavor: r-release-osx-x86_64-mavericks

Version: 2.1.20
Check: whether package can be installed
Result: ERROR
    Installation failed.
    See /Volumes/XT3/Builds/R-dev-web/QA/Simon/packages/snowleopard-x86_64/results/3.1/rggobi.Rcheck/00install.out for details.
    * pre-conf. environment: (PKG_CFLAGS=, PKG_CPPFLAGS=, PKG_LIBS=)
Flavor: r-release-osx-x86_64-snowleopard