CRAN Package Check Results for Package rggobi

Last updated on 2016-06-29 23:51:39.

Flavor Version Tinstall Tcheck Ttotal Status Flags
r-devel-linux-x86_64-debian-gcc 2.1.20 13.48 19.94 33.42 NOTE
r-devel-linux-x86_64-fedora-clang 2.1.20 57.25 NOTE
r-devel-linux-x86_64-fedora-gcc 2.1.20 47.41 NOTE
r-devel-windows-ix86+x86_64 2.1.20 87.00 82.00 169.00 NOTE
r-patched-linux-x86_64 2.1.20 10.60 19.45 30.04 NOTE
r-release-linux-x86_64 2.1.20 9.17 18.21 27.38 NOTE
r-release-osx-x86_64-mavericks 2.1.20 ERROR
r-release-windows-ix86+x86_64 2.1.20 149.00 74.00 223.00 NOTE
r-oldrel-windows-ix86+x86_64 2.1.20 150.00 62.00 212.00 NOTE

Check Details

Version: 2.1.20
Check: dependencies in R code
Result: NOTE
    'library' or 'require' call to ‘reshape’ in package code.
     Please use :: or requireNamespace() instead.
     See section 'Suggested packages' in the 'Writing R Extensions' manual.
Flavors: r-devel-linux-x86_64-debian-gcc, r-devel-linux-x86_64-fedora-clang, r-devel-linux-x86_64-fedora-gcc, r-devel-windows-ix86+x86_64, r-patched-linux-x86_64, r-release-linux-x86_64, r-release-windows-ix86+x86_64, r-oldrel-windows-ix86+x86_64

Version: 2.1.20
Check: S3 generic/method consistency
Result: NOTE
    Found the following apparent S3 methods exported but not registered:
     as.matrix.GGobiData dataset.character dataset.numeric
     edges<-.GGobiDisplay
    See section ‘Registering S3 methods’ in the ‘Writing R Extensions’
    manual.
Flavors: r-devel-linux-x86_64-debian-gcc, r-devel-linux-x86_64-fedora-clang, r-devel-linux-x86_64-fedora-gcc, r-patched-linux-x86_64, r-release-linux-x86_64

Version: 2.1.20
Check: R code for possible problems
Result: NOTE
    ggobi_longitudinal: no visible global function definition for
     ‘complete.cases’
    ggobi_pcp: no visible global function definition for ‘melt’
    ggobi_pcp: no visible global function definition for ‘rescaler’
    Undefined global functions or variables:
     complete.cases melt rescaler
    Consider adding
     importFrom("stats", "complete.cases")
    to your NAMESPACE file.
Flavors: r-devel-linux-x86_64-debian-gcc, r-devel-linux-x86_64-fedora-clang, r-devel-linux-x86_64-fedora-gcc, r-devel-windows-ix86+x86_64, r-patched-linux-x86_64, r-release-linux-x86_64, r-release-windows-ix86+x86_64

Version: 2.1.20
Check: whether package can be installed
Result: ERROR
    Installation failed.
Flavor: r-release-osx-x86_64-mavericks

Version: 2.1.20
Check: R code for possible problems
Result: NOTE
    ggobi_pcp: no visible global function definition for 'melt'
    ggobi_pcp: no visible global function definition for 'rescaler'
Flavor: r-oldrel-windows-ix86+x86_64