CRAN Package Check Results for Package rggobi

Last updated on 2016-12-09 23:49:53.

Flavor Version Tinstall Tcheck Ttotal Status Flags
r-devel-linux-x86_64-debian-clang 2.1.21 12.80 20.12 32.92 OK
r-devel-linux-x86_64-debian-gcc 2.1.21 11.35 20.36 31.71 OK
r-devel-linux-x86_64-fedora-clang 2.1.21 62.58 OK --no-stop-on-test-error
r-devel-linux-x86_64-fedora-gcc 2.1.21 55.26 OK --no-stop-on-test-error
r-devel-windows-ix86+x86_64 2.1.21 82.00 71.00 153.00 OK
r-patched-linux-x86_64 2.1.21 9.32 18.85 28.17 OK
r-release-linux-x86_64 2.1.21 9.11 18.65 27.75 OK
r-release-osx-x86_64-mavericks 2.1.21 ERROR
r-release-windows-ix86+x86_64 2.1.21 84.00 51.00 135.00 OK
r-oldrel-windows-ix86+x86_64 2.1.21 196.00 54.00 250.00 OK

Check Details

Version: 2.1.21
Check: whether package can be installed
Result: ERROR
    Installation failed.
Flavor: r-release-osx-x86_64-mavericks