CRAN Package Check Results for Package rggobi

Last updated on 2014-04-21 04:48:46.

Flavor Version Tinstall Tcheck Ttotal Status Flags
r-devel-linux-x86_64-debian-clang 2.1.19 9.52 24.87 34.40 NOTE
r-devel-linux-x86_64-debian-gcc 2.1.19 9.63 25.05 34.68 NOTE
r-devel-linux-x86_64-fedora-clang 2.1.19 72.28 NOTE
r-devel-linux-x86_64-fedora-gcc 2.1.19 66.16 NOTE
r-devel-macosx-x86_64-clang 2.1.19 62.37 NOTE
r-devel-macosx-x86_64-gcc 2.1.19 ERROR
r-devel-windows-ix86+x86_64 2.1.19 84.00 52.00 136.00 NOTE
r-patched-linux-x86_64 2.1.19 9.59 25.20 34.79 NOTE
r-release-linux-ix86 NOTE
r-release-linux-x86_64 2.1.19 9.48 24.83 34.31 NOTE
r-release-macosx-x86_64 2.1.19 ERROR
r-release-windows-ix86+x86_64 2.1.19 107.00 52.00 159.00 NOTE
r-oldrel-windows-ix86+x86_64 2.1.19 73.00 51.00 124.00 NOTE

Check Details

Version: 2.1.19
Check: for hidden files and directories
Result: NOTE
    Found the following hidden files and directories:
     .gitignore
    These were most likely included in error. See section ‘Package
    structure’ in the ‘Writing R Extensions’ manual.
Flavors: r-devel-linux-x86_64-debian-clang, r-devel-linux-x86_64-debian-gcc, r-devel-linux-x86_64-fedora-clang, r-devel-linux-x86_64-fedora-gcc, r-devel-macosx-x86_64-clang, r-devel-macosx-x86_64-gcc, r-devel-windows-ix86+x86_64, r-patched-linux-x86_64, r-release-linux-ix86, r-release-linux-x86_64, r-release-macosx-x86_64, r-release-windows-ix86+x86_64, r-oldrel-windows-ix86+x86_64

Version: 2.1.19
Check: DESCRIPTION meta-information
Result: NOTE
    Deprecated license: BSD
Flavors: r-devel-linux-x86_64-debian-clang, r-devel-linux-x86_64-debian-gcc, r-devel-linux-x86_64-fedora-clang, r-devel-linux-x86_64-fedora-gcc, r-devel-macosx-x86_64-clang, r-patched-linux-x86_64, r-release-linux-ix86, r-release-linux-x86_64

Version: 2.1.19
Check: dependencies in R code
Result: NOTE
    Namespace in Imports field not imported from: ‘methods’
     All declared Imports should be used.
    See the information on DESCRIPTION files in the chapter ‘Creating R
    packages’ of the ‘Writing R Extensions’ manual.
Flavors: r-devel-linux-x86_64-debian-clang, r-devel-linux-x86_64-debian-gcc, r-devel-linux-x86_64-fedora-clang, r-devel-linux-x86_64-fedora-gcc, r-devel-macosx-x86_64-clang, r-devel-windows-ix86+x86_64, r-patched-linux-x86_64, r-release-linux-ix86, r-release-linux-x86_64, r-release-windows-ix86+x86_64, r-oldrel-windows-ix86+x86_64

Version: 2.1.19
Check: R code for possible problems
Result: NOTE
    ggobi_pcp: no visible binding for global variable ‘CASEID’
Flavors: r-devel-linux-x86_64-debian-clang, r-devel-linux-x86_64-debian-gcc, r-devel-linux-x86_64-fedora-clang, r-devel-linux-x86_64-fedora-gcc, r-devel-macosx-x86_64-clang, r-devel-windows-ix86+x86_64, r-patched-linux-x86_64, r-release-linux-ix86, r-release-linux-x86_64, r-release-windows-ix86+x86_64, r-oldrel-windows-ix86+x86_64

Version: 2.1.19
Check: compilation flags in Makevars
Result: NOTE
    Package has both ‘src/Makevars.in’ and ‘src/Makevars’.
    Installation with --no-configure' is unlikely to work. If you intended
    ‘src/Makevars’ to be used on Windows, rename it to ‘src/Makevars.win’
    otherwise remove it. If ‘configure’ created ‘src/Makevars’, you need a
    ‘cleanup’ script.
Flavors: r-devel-linux-x86_64-debian-clang, r-devel-linux-x86_64-debian-gcc, r-devel-linux-x86_64-fedora-clang, r-devel-linux-x86_64-fedora-gcc, r-devel-macosx-x86_64-clang, r-devel-windows-ix86+x86_64, r-patched-linux-x86_64, r-release-linux-ix86, r-release-linux-x86_64, r-release-windows-ix86+x86_64, r-oldrel-windows-ix86+x86_64

Version: 2.1.19
Check: top-level files
Result: NOTE
    Non-standard files/directories found at top level:
     ‘aclocal.m4’ ‘load.r’ ‘start.r’ ‘test’
Flavors: r-devel-linux-x86_64-fedora-clang, r-devel-linux-x86_64-fedora-gcc

Version: 2.1.19
Check: Rd line widths
Result: NOTE
    Rd file 'ggobi-display-save-picture-bw.rd':
     \usage lines wider than 90 characters:
     ggobi_display_save_picture(display=displays(ggobi_get())[[1]], path="ggobi_display.png", filetype="png", plot.only = FALSE)
    
    Rd file 'ggobi-set-data-frame-vy.rd':
     \usage lines wider than 90 characters:
     ggobi_set_data_frame(data, name = deparse(sys.call()[[2]]), description = paste("R data frame", name), id = NULL, .gobi = ggobi_get())
    
    These lines will be truncated in the PDF manual.
Flavors: r-devel-linux-x86_64-fedora-clang, r-devel-linux-x86_64-fedora-gcc

Version: 2.1.19
Check: package dependencies
Result: NOTE
    Package suggested but not available for checking: ‘graph’
Flavors: r-devel-macosx-x86_64-gcc, r-release-macosx-x86_64

Version: 2.1.19
Check: whether package can be installed
Result: ERROR
    Installation failed.
    See ‘/Volumes/XT3/Builds/R-dev-web/QA/Simon/packages/snowleopard-x86_64/results/3.2/rggobi.Rcheck/00install.out’ for details.
    * pre-conf. environment: (PKG_CFLAGS=, PKG_CPPFLAGS=, PKG_LIBS=)
Flavor: r-devel-macosx-x86_64-gcc

Version: 2.1.19
Check: whether package can be installed
Result: ERROR
    Installation failed.
    See ‘/Volumes/XT3/Builds/R-dev-web/QA/Simon/packages/snowleopard-x86_64/results/3.1/rggobi.Rcheck/00install.out’ for details.
    * pre-conf. environment: (PKG_CFLAGS=, PKG_CPPFLAGS=, PKG_LIBS=)
Flavor: r-release-macosx-x86_64