CRAN Package Check Results for Package rggobi

Last updated on 2015-07-31 20:47:12.

Flavor Version Tinstall Tcheck Ttotal Status Flags
r-devel-linux-x86_64-debian-clang 2.1.20 10.32 20.49 30.80 NOTE
r-devel-linux-x86_64-debian-gcc 2.1.20 14.13 19.72 33.85 NOTE
r-devel-linux-x86_64-fedora-clang 2.1.20 61.32 NOTE
r-devel-linux-x86_64-fedora-gcc 2.1.20 54.55 NOTE
r-devel-osx-x86_64-clang 2.1.20 54.68 NOTE
r-devel-windows-ix86+x86_64 2.1.20 168.00 53.00 221.00 NOTE
r-patched-linux-x86_64 2.1.20 9.38 19.79 29.17 NOTE
r-release-linux-x86_64 2.1.20 9.67 20.12 29.79 NOTE
r-release-osx-x86_64-mavericks 2.1.20 ERROR
r-release-windows-ix86+x86_64 2.1.20 130.00 83.00 213.00 NOTE
r-oldrel-windows-ix86+x86_64 2.1.20 76.00 74.00 150.00 NOTE

Check Details

Version: 2.1.20
Check: dependencies in R code
Result: NOTE
    'library' or 'require' call to ‘reshape’ in package code.
     Please use :: or requireNamespace() instead.
     See section 'Suggested packages' in the 'Writing R Extensions' manual.
Flavors: r-devel-linux-x86_64-debian-clang, r-devel-linux-x86_64-debian-gcc, r-devel-linux-x86_64-fedora-clang, r-devel-linux-x86_64-fedora-gcc, r-devel-osx-x86_64-clang, r-devel-windows-ix86+x86_64, r-patched-linux-x86_64, r-release-linux-x86_64, r-release-windows-ix86+x86_64, r-oldrel-windows-ix86+x86_64

Version: 2.1.20
Check: S3 generic/method consistency
Result: NOTE
    Found the following apparent S3 methods exported but not registered:
     as.matrix.GGobiData dataset.character dataset.numeric
     edges<-.GGobiDisplay
    See section ‘Registering S3 methods’ in the ‘Writing R Extensions’
    manual.
Flavors: r-devel-linux-x86_64-debian-clang, r-devel-linux-x86_64-debian-gcc, r-devel-linux-x86_64-fedora-clang, r-devel-linux-x86_64-fedora-gcc, r-devel-osx-x86_64-clang, r-patched-linux-x86_64, r-release-linux-x86_64

Version: 2.1.20
Check: R code for possible problems
Result: NOTE
    ggobi_longitudinal: no visible global function definition for
     ‘complete.cases’
    ggobi_pcp: no visible global function definition for ‘melt’
    ggobi_pcp: no visible global function definition for ‘rescaler’
    Undefined global functions or variables:
     complete.cases melt rescaler
    Consider adding
     importFrom("stats", "complete.cases")
    to your NAMESPACE.
Flavors: r-devel-linux-x86_64-debian-clang, r-devel-linux-x86_64-debian-gcc, r-devel-linux-x86_64-fedora-clang, r-devel-linux-x86_64-fedora-gcc, r-devel-windows-ix86+x86_64

Version: 2.1.20
Check: R code for possible problems
Result: NOTE
    ggobi_pcp: no visible global function definition for ‘melt’
    ggobi_pcp: no visible global function definition for ‘rescaler’
    Undefined global functions or variables:
     melt rescaler
Flavor: r-devel-osx-x86_64-clang

Version: 2.1.20
Check: R code for possible problems
Result: NOTE
    ggobi_pcp: no visible global function definition for ‘melt’
    ggobi_pcp: no visible global function definition for ‘rescaler’
Flavors: r-patched-linux-x86_64, r-release-linux-x86_64, r-release-windows-ix86+x86_64, r-oldrel-windows-ix86+x86_64

Version: 2.1.20
Check: whether package can be installed
Result: ERROR
    Installation failed.
Flavor: r-release-osx-x86_64-mavericks