CRAN Package Check Results for Package rggobi

Last updated on 2019-01-21 06:47:29 CET.

Flavor Version Tinstall Tcheck Ttotal Status Flags
r-devel-linux-x86_64-debian-clang 2.1.22 23.01 32.29 55.30 OK
r-devel-linux-x86_64-debian-gcc 2.1.22 13.98 25.95 39.93 OK
r-devel-linux-x86_64-fedora-clang 2.1.22 66.25 OK
r-devel-linux-x86_64-fedora-gcc 2.1.22 56.43 OK
r-devel-windows-ix86+x86_64 2.1.22 108.00 74.00 182.00 OK
r-patched-linux-x86_64 2.1.22 16.18 30.80 46.98 OK
r-release-linux-x86_64 2.1.22 18.92 30.74 49.66 OK
r-release-windows-ix86+x86_64 2.1.22 72.00 72.00 144.00 OK
r-release-osx-x86_64 2.1.22 ERROR
r-oldrel-windows-ix86+x86_64 2.1.22 145.00 50.00 195.00 OK
r-oldrel-osx-x86_64 2.1.22 ERROR

Check Details

Version: 2.1.22
Check: package dependencies
Result: ERROR
    Package required but not available: ‘RGtk2’
    
    See section ‘The DESCRIPTION file’ in the ‘Writing R Extensions’
    manual.
Flavors: r-release-osx-x86_64, r-oldrel-osx-x86_64