CRAN Package Check Results for Package rggobi

Last updated on 2018-05-25 00:46:51 CEST.

Flavor Version Tinstall Tcheck Ttotal Status Flags
r-devel-linux-x86_64-debian-clang 2.1.21 19.82 28.54 48.36 ERROR
r-devel-linux-x86_64-debian-gcc 2.1.21 12.88 25.84 38.72 ERROR
r-devel-linux-x86_64-fedora-clang 2.1.21 66.65 NOTE
r-devel-linux-x86_64-fedora-gcc 2.1.21 59.01 NOTE
r-devel-windows-ix86+x86_64 2.1.21 82.00 67.00 149.00 OK
r-patched-linux-x86_64 2.1.21 16.42 31.11 47.53 ERROR
r-release-linux-x86_64 2.1.21 16.85 30.83 47.68 ERROR
r-release-windows-ix86+x86_64 2.1.21 132.00 88.00 220.00 OK
r-release-osx-x86_64 2.1.21 ERROR
r-oldrel-windows-ix86+x86_64 2.1.21 162.00 57.00 219.00 OK
r-oldrel-osx-x86_64 2.1.21 ERROR

Additional issues

rchk

Check Details

Version: 2.1.21
Check: S3 generic/method consistency
Result: NOTE
    Found the following apparent S3 methods exported but not registered:
     $<-.GGobi [<-.GGobi [[.GGobiData [[<-.GGobi [[<-.GGobiData
    See section ‘Registering S3 methods’ in the ‘Writing R Extensions’
    manual.
Flavors: r-devel-linux-x86_64-debian-clang, r-devel-linux-x86_64-debian-gcc, r-devel-linux-x86_64-fedora-clang, r-devel-linux-x86_64-fedora-gcc, r-patched-linux-x86_64, r-release-linux-x86_64

Version: 2.1.21
Check: examples
Result: ERROR
    Running examples in ‘rggobi-Ex.R’ failed
    The error most likely occurred in:
    
    > base::assign(".ptime", proc.time(), pos = "CheckExEnv")
    > ### Name: "edges<-.GGobiData"
    > ### Title: Set edges
    > ### Aliases: edges<-.GGobiData
    > ### Keywords: manip
    >
    > ### ** Examples
    > cc<-cor(t(swiss),use="p", method="s")
    > ccd<-sqrt(2*(1-cc))
    > a <- which(lower.tri(ccd), arr.ind=TRUE)
    > src <- row.names(swiss)[a[,2]]
    > dest <- row.names(swiss)[a[,1]]
    > weight <- as.vector(as.dist(ccd))
    > gg <- ggobi(swiss)
    > gg$cor <- data.frame(weight)
    Error in `$<-.GObject`(`*tmp*`, cor, value = list(weight = c(1.39386410487434, :
     Cannot find 'cor' to set in GGobi, GObject
    Calls: $<- -> $<-.GObject
    Execution halted
Flavors: r-devel-linux-x86_64-debian-clang, r-devel-linux-x86_64-debian-gcc, r-patched-linux-x86_64, r-release-linux-x86_64

Version: 2.1.21
Check: package dependencies
Result: ERROR
    Package required but not available: ‘RGtk2’
    
    See section ‘The DESCRIPTION file’ in the ‘Writing R Extensions’
    manual.
Flavors: r-release-osx-x86_64, r-oldrel-osx-x86_64