CRAN Package Check Results for Package rggobi

Last updated on 2017-03-27 18:50:10.

Flavor Version Tinstall Tcheck Ttotal Status Flags
r-devel-linux-x86_64-debian-clang 2.1.21 13.32 21.42 34.74 OK
r-devel-linux-x86_64-debian-gcc 2.1.21 11.27 21.62 32.90 OK
r-devel-linux-x86_64-fedora-clang 2.1.21 61.68 OK --no-stop-on-test-error
r-devel-linux-x86_64-fedora-gcc 2.1.21 54.35 OK --no-stop-on-test-error
r-devel-windows-ix86+x86_64 2.1.21 102.00 83.00 185.00 OK
r-patched-linux-x86_64 2.1.21 9.59 21.36 30.96 OK
r-release-linux-x86_64 2.1.21 9.58 19.51 29.08 OK
r-release-osx-x86_64-mavericks 2.1.21 ERROR
r-release-windows-ix86+x86_64 2.1.21 160.00 54.00 214.00 OK
r-oldrel-windows-ix86+x86_64 2.1.21 165.00 58.00 223.00 OK

Check Details

Version: 2.1.21
Check: whether package can be installed
Result: ERROR
    Installation failed.
Flavor: r-release-osx-x86_64-mavericks