CRAN Package Check Results for Package rggobi

Last updated on 2015-05-27 17:47:24.

Flavor Version Tinstall Tcheck Ttotal Status Flags
r-devel-linux-x86_64-debian-clang 2.1.20 10.84 19.88 30.71 NOTE
r-devel-linux-x86_64-debian-gcc 2.1.20 9.50 19.24 28.74 NOTE
r-devel-linux-x86_64-fedora-clang 2.1.20 61.79 NOTE
r-devel-linux-x86_64-fedora-gcc 2.1.20 55.13 NOTE
r-devel-osx-x86_64-clang 2.1.20 56.64 NOTE
r-devel-windows-ix86+x86_64 2.1.20 103.00 50.00 153.00 NOTE
r-patched-linux-x86_64 2.1.20 9.42 19.14 28.56 NOTE
r-release-linux-x86_64 2.1.20 9.37 20.82 30.18 NOTE
r-release-osx-x86_64-mavericks 2.1.20 ERROR
r-release-osx-x86_64-snowleopard 2.1.20 ERROR
r-release-windows-ix86+x86_64 2.1.20 108.00 49.00 157.00 NOTE
r-oldrel-windows-ix86+x86_64 2.1.20 88.00 52.00 140.00 NOTE

Check Details

Version: 2.1.20
Check: dependencies in R code
Result: NOTE
    'library' or 'require' call to ‘reshape’ in package code.
     Please use :: or requireNamespace() instead.
     See section 'Suggested packages' in the 'Writing R Extensions' manual.
Flavors: r-devel-linux-x86_64-debian-clang, r-devel-linux-x86_64-debian-gcc, r-devel-linux-x86_64-fedora-clang, r-devel-linux-x86_64-fedora-gcc, r-devel-osx-x86_64-clang, r-devel-windows-ix86+x86_64, r-patched-linux-x86_64, r-release-linux-x86_64, r-release-windows-ix86+x86_64, r-oldrel-windows-ix86+x86_64

Version: 2.1.20
Check: S3 generic/method consistency
Result: NOTE
    Found the following apparent S3 methods exported but not registered:
     as.matrix.GGobiData dataset.character dataset.numeric
     edges<-.GGobiDisplay
    See section ‘Registering S3 methods’ in the ‘Writing R Extensions’
    manual.
Flavors: r-devel-linux-x86_64-debian-clang, r-devel-linux-x86_64-debian-gcc, r-devel-linux-x86_64-fedora-clang, r-devel-linux-x86_64-fedora-gcc, r-devel-osx-x86_64-clang, r-patched-linux-x86_64, r-release-linux-x86_64

Version: 2.1.20
Check: R code for possible problems
Result: NOTE
    ggobi_pcp: no visible global function definition for ‘melt’
    ggobi_pcp: no visible global function definition for ‘rescaler’
Flavors: r-devel-linux-x86_64-debian-clang, r-devel-linux-x86_64-debian-gcc, r-devel-linux-x86_64-fedora-clang, r-devel-linux-x86_64-fedora-gcc, r-devel-osx-x86_64-clang, r-devel-windows-ix86+x86_64, r-patched-linux-x86_64, r-release-linux-x86_64, r-release-windows-ix86+x86_64, r-oldrel-windows-ix86+x86_64

Version: 2.1.20
Check: whether package can be installed
Result: ERROR
    Installation failed.
Flavor: r-release-osx-x86_64-mavericks

Version: 2.1.20
Check: whether package can be installed
Result: ERROR
    Installation failed.
    See ‘/Volumes/XT3/Builds/R-dev-web/QA/Simon/packages/snowleopard-x86_64/results/3.2/rggobi.Rcheck/00install.out’ for details.
    * DONE
    Status: 1 ERROR
    * pre-conf. environment: (PKG_CFLAGS=, PKG_CPPFLAGS=, PKG_LIBS=)
Flavor: r-release-osx-x86_64-snowleopard