CRAN Package Check Results for Package rggobi

Last updated on 2019-07-23 06:47:46 CEST.

Flavor Version Tinstall Tcheck Ttotal Status Flags
r-devel-linux-x86_64-debian-clang 2.1.22 24.54 33.17 57.71 NOTE
r-devel-linux-x86_64-debian-gcc 2.1.22 13.71 27.35 41.06 NOTE
r-devel-linux-x86_64-fedora-clang 2.1.22 72.83 NOTE
r-devel-linux-x86_64-fedora-gcc 2.1.22 68.74 NOTE
r-devel-windows-ix86+x86_64 2.1.22 78.00 87.00 165.00 NOTE
r-patched-linux-x86_64 2.1.22 17.27 33.26 50.53 NOTE
r-release-linux-x86_64 2.1.22 16.46 33.09 49.55 NOTE
r-release-windows-ix86+x86_64 2.1.22 77.00 65.00 142.00 NOTE
r-release-osx-x86_64 2.1.22 ERROR
r-oldrel-windows-ix86+x86_64 2.1.22 135.00 50.00 185.00 OK
r-oldrel-osx-x86_64 2.1.22 ERROR

Additional issues

LTO

Check Details

Version: 2.1.22
Check: top-level files
Result: NOTE
    Found a 'configure.in' file: 'configure.ac' has long been preferred.
     Output from running autoreconf:
     aclocal: warning: autoconf input should be named 'configure.ac', not 'configure.in'
Flavors: r-devel-linux-x86_64-debian-clang, r-devel-linux-x86_64-debian-gcc, r-devel-linux-x86_64-fedora-clang, r-devel-linux-x86_64-fedora-gcc, r-patched-linux-x86_64, r-release-linux-x86_64

Version: 2.1.22
Check: top-level files
Result: NOTE
    Found a 'configure.in' file: 'configure.ac' has long been preferred.
Flavors: r-devel-windows-ix86+x86_64, r-release-windows-ix86+x86_64

Version: 2.1.22
Check: whether package can be installed
Result: ERROR
    Installation failed.
Flavors: r-release-osx-x86_64, r-oldrel-osx-x86_64