CRAN Package Check Results for Package rggobi

Last updated on 2017-01-21 16:48:54.

Flavor Version Tinstall Tcheck Ttotal Status Flags
r-devel-linux-x86_64-debian-clang 2.1.21 12.74 20.38 33.12 OK
r-devel-linux-x86_64-debian-gcc 2.1.21 10.87 20.35 31.22 OK
r-devel-linux-x86_64-fedora-clang 2.1.21 60.25 OK --no-stop-on-test-error
r-devel-linux-x86_64-fedora-gcc 2.1.21 53.31 OK --no-stop-on-test-error
r-devel-windows-ix86+x86_64 2.1.21 210.00 71.00 281.00 OK
r-patched-linux-x86_64 2.1.21 9.21 18.57 27.78 OK
r-release-linux-x86_64 2.1.21 9.27 18.67 27.94 OK
r-release-osx-x86_64-mavericks 2.1.21 ERROR
r-release-windows-ix86+x86_64 2.1.21 374.00 72.00 446.00 OK
r-oldrel-windows-ix86+x86_64 2.1.21 296.00 78.00 374.00 OK

Check Details

Version: 2.1.21
Check: whether package can be installed
Result: ERROR
    Installation failed.
Flavor: r-release-osx-x86_64-mavericks