CRAN Package Check Results for Package rggobi

Last updated on 2017-08-17 07:47:21.

Flavor Version Tinstall Tcheck Ttotal Status Flags
r-devel-linux-x86_64-debian-clang 2.1.21 12.82 22.44 35.26 NOTE
r-devel-linux-x86_64-debian-gcc 2.1.21 12.71 22.01 34.73 NOTE
r-devel-linux-x86_64-fedora-clang 2.1.21 63.85 NOTE
r-devel-linux-x86_64-fedora-gcc 2.1.21 57.03 NOTE
r-devel-windows-ix86+x86_64 2.1.21 87.00 59.00 146.00 OK
r-patched-linux-x86_64 2.1.21 10.65 23.02 33.67 NOTE
r-release-linux-x86_64 2.1.21 11.14 22.37 33.52 NOTE
r-release-windows-ix86+x86_64 2.1.21 111.00 61.00 172.00 OK
r-release-osx-x86_64 2.1.21 ERROR
r-oldrel-windows-ix86+x86_64 2.1.21 183.00 54.00 237.00 OK
r-oldrel-osx-x86_64 2.1.21 ERROR

Additional issues

rchk

Check Details

Version: 2.1.21
Check: S3 generic/method consistency
Result: NOTE
    Found the following apparent S3 methods exported but not registered:
     $<-.GGobi [<-.GGobi [[.GGobiData [[<-.GGobi [[<-.GGobiData
    See section ‘Registering S3 methods’ in the ‘Writing R Extensions’
    manual.
Flavors: r-devel-linux-x86_64-debian-clang, r-devel-linux-x86_64-debian-gcc, r-devel-linux-x86_64-fedora-clang, r-devel-linux-x86_64-fedora-gcc, r-patched-linux-x86_64, r-release-linux-x86_64

Version: 2.1.21
Check: package dependencies
Result: ERROR
    Package required but not available: ‘RGtk2’
    
    See section ‘The DESCRIPTION file’ in the ‘Writing R Extensions’
    manual.
Flavor: r-release-osx-x86_64

Version: 2.1.21
Check: whether package can be installed
Result: ERROR
    Installation failed.
Flavor: r-oldrel-osx-x86_64