CRAN Package Check Results for Package rggobi

Last updated on 2017-10-22 22:49:03.

Flavor Version Tinstall Tcheck Ttotal Status Flags
r-devel-linux-x86_64-debian-clang 2.1.21 13.06 21.98 35.05 NOTE
r-devel-linux-x86_64-debian-gcc 2.1.21 10.70 23.45 34.14 NOTE
r-devel-linux-x86_64-fedora-clang 2.1.21 64.55 NOTE
r-devel-linux-x86_64-fedora-gcc 2.1.21 60.35 NOTE
r-devel-windows-ix86+x86_64 2.1.21 85.00 86.00 171.00 OK
r-patched-linux-x86_64 2.1.21 11.01 22.85 33.86 NOTE
r-release-linux-x86_64 2.1.21 11.04 22.62 33.66 NOTE
r-release-windows-ix86+x86_64 2.1.21 179.00 80.00 259.00 OK
r-release-osx-x86_64 2.1.21 ERROR
r-oldrel-windows-ix86+x86_64 2.1.21 98.00 74.00 172.00 OK
r-oldrel-osx-x86_64 2.1.21 ERROR

Additional issues

rchk

Check Details

Version: 2.1.21
Check: S3 generic/method consistency
Result: NOTE
    Found the following apparent S3 methods exported but not registered:
     $<-.GGobi [<-.GGobi [[.GGobiData [[<-.GGobi [[<-.GGobiData
    See section ‘Registering S3 methods’ in the ‘Writing R Extensions’
    manual.
Flavors: r-devel-linux-x86_64-debian-clang, r-devel-linux-x86_64-debian-gcc, r-devel-linux-x86_64-fedora-clang, r-devel-linux-x86_64-fedora-gcc, r-patched-linux-x86_64, r-release-linux-x86_64

Version: 2.1.21
Check: package dependencies
Result: ERROR
    Package required but not available: ‘RGtk2’
    
    See section ‘The DESCRIPTION file’ in the ‘Writing R Extensions’
    manual.
Flavor: r-release-osx-x86_64

Version: 2.1.21
Check: whether package can be installed
Result: ERROR
    Installation failed.
Flavor: r-oldrel-osx-x86_64