CRAN Package Check Results for Package rggobi

Last updated on 2015-03-30 03:49:22.

Flavor Version Tinstall Tcheck Ttotal Status Flags
r-devel-linux-x86_64-debian-clang 2.1.20 9.72 19.88 29.61 NOTE
r-devel-linux-x86_64-debian-gcc 2.1.20 8.96 19.01 27.97 NOTE
r-devel-linux-x86_64-fedora-clang 2.1.20 62.28 NOTE
r-devel-linux-x86_64-fedora-gcc 2.1.20 57.35 NOTE
r-devel-osx-x86_64-clang 2.1.20 57.88 NOTE
r-prerel-windows-ix86+x86_64 2.1.20 87.00 47.00 134.00 NOTE
r-prerel-linux-x86_64 2.1.20 8.99 19.78 28.76 NOTE
r-release-linux-x86_64 2.1.20 9.26 21.16 30.42 NOTE
r-release-osx-x86_64-mavericks 2.1.20 ERROR
r-release-osx-x86_64-snowleopard 2.1.20 ERROR
r-release-windows-ix86+x86_64 2.1.20 87.00 49.00 136.00 NOTE
r-oldrel-windows-ix86+x86_64 2.1.20 98.00 85.00 183.00 OK

Check Details

Version: 2.1.20
Check: dependencies in R code
Result: NOTE
    'library' or 'require' call to ‘reshape’ in package code.
     Please use :: or requireNamespace() instead.
     See section 'Suggested packages' in the 'Writing R Extensions' manual.
Flavors: r-devel-linux-x86_64-debian-clang, r-devel-linux-x86_64-debian-gcc, r-devel-linux-x86_64-fedora-clang, r-devel-linux-x86_64-fedora-gcc, r-devel-osx-x86_64-clang, r-prerel-windows-ix86+x86_64, r-prerel-linux-x86_64, r-release-linux-x86_64, r-release-windows-ix86+x86_64

Version: 2.1.20
Check: S3 generic/method consistency
Result: NOTE
    Found the following apparent S3 methods exported but not registered:
     as.matrix.GGobiData dataset.character dataset.numeric
     edges<-.GGobiDisplay
    See section ‘Registering S3 methods’ in the ‘Writing R Extensions’
    manual.
Flavors: r-devel-linux-x86_64-debian-clang, r-devel-linux-x86_64-debian-gcc, r-devel-linux-x86_64-fedora-clang, r-devel-linux-x86_64-fedora-gcc, r-devel-osx-x86_64-clang, r-prerel-linux-x86_64

Version: 2.1.20
Check: R code for possible problems
Result: NOTE
    ggobi_pcp: no visible global function definition for ‘melt’
    ggobi_pcp: no visible global function definition for ‘rescaler’
Flavors: r-devel-linux-x86_64-debian-clang, r-devel-linux-x86_64-debian-gcc, r-devel-linux-x86_64-fedora-clang, r-devel-linux-x86_64-fedora-gcc, r-devel-osx-x86_64-clang, r-prerel-windows-ix86+x86_64, r-prerel-linux-x86_64, r-release-linux-x86_64, r-release-windows-ix86+x86_64

Version: 2.1.20
Check: package dependencies
Result: ERROR
    Package required but not available: ‘RGtk2’
    
    See section ‘The DESCRIPTION file’ in the ‘Writing R Extensions’
    manual.
Flavor: r-release-osx-x86_64-mavericks

Version: 2.1.20
Check: whether package can be installed
Result: ERROR
    Installation failed.
    See ‘/Volumes/XT3/Builds/R-dev-web/QA/Simon/packages/snowleopard-x86_64/results/3.1/rggobi.Rcheck/00install.out’ for details.
    * pre-conf. environment: (PKG_CFLAGS=, PKG_CPPFLAGS=, PKG_LIBS=)
Flavor: r-release-osx-x86_64-snowleopard