CRAN Package Check Results for Package rggobi

Last updated on 2014-11-23 03:48:08.

Flavor Version Tinstall Tcheck Ttotal Status Flags
r-devel-linux-x86_64-debian-clang 2.1.20 9.89 20.96 30.84 NOTE
r-devel-linux-x86_64-debian-gcc 2.1.20 9.19 19.94 29.13 NOTE
r-devel-linux-x86_64-fedora-clang 2.1.20 66.29 NOTE
r-devel-linux-x86_64-fedora-gcc 2.1.20 60.00 NOTE
r-devel-osx-x86_64-clang 2.1.20 58.01 NOTE
r-devel-windows-ix86+x86_64 2.1.20 90.00 52.00 142.00 NOTE
r-patched-linux-x86_64 2.1.20 9.52 21.11 30.63 NOTE
r-release-linux-ix86 2.1.20 13.28 30.38 43.66 NOTE
r-release-linux-x86_64 2.1.20 9.37 21.13 30.50 NOTE
r-release-osx-x86_64-mavericks 2.1.20 ERROR
r-release-osx-x86_64-snowleopard 2.1.20 ERROR
r-release-windows-ix86+x86_64 2.1.20 138.00 49.00 187.00 NOTE
r-oldrel-windows-ix86+x86_64 2.1.20 91.00 47.00 138.00 OK

Check Details

Version: 2.1.20
Check: R code for possible problems
Result: NOTE
    ggobi_pcp: no visible global function definition for ‘melt’
    ggobi_pcp: no visible global function definition for ‘rescaler’
Flavors: r-devel-linux-x86_64-debian-clang, r-devel-linux-x86_64-debian-gcc, r-devel-linux-x86_64-fedora-clang, r-devel-linux-x86_64-fedora-gcc, r-devel-osx-x86_64-clang, r-devel-windows-ix86+x86_64, r-patched-linux-x86_64, r-release-linux-ix86, r-release-linux-x86_64, r-release-windows-ix86+x86_64

Version: 2.1.20
Check: package dependencies
Result: ERROR
    Package required but not available: ‘RGtk2’
    
    See the information on DESCRIPTION files in the chapter ‘Creating R
    packages’ of the ‘Writing R Extensions’ manual.
Flavor: r-release-osx-x86_64-mavericks

Version: 2.1.20
Check: whether package can be installed
Result: ERROR
    Installation failed.
    See ‘/Volumes/XT3/Builds/R-dev-web/QA/Simon/packages/snowleopard-x86_64/results/3.1/rggobi.Rcheck/00install.out’ for details.
    * pre-conf. environment: (PKG_CFLAGS=, PKG_CPPFLAGS=, PKG_LIBS=)
Flavor: r-release-osx-x86_64-snowleopard