CRAN Package Check Results for Package rggobi

Last updated on 2014-07-25 14:47:42.

Flavor Version Tinstall Tcheck Ttotal Status Flags
r-devel-linux-x86_64-debian-clang 2.1.20 9.47 21.46 30.93 OK
r-devel-linux-x86_64-debian-gcc 2.1.20 9.22 21.02 30.24 OK
r-devel-linux-x86_64-fedora-clang 2.1.20 66.08 OK
r-devel-linux-x86_64-fedora-gcc 2.1.20 62.56 OK
r-devel-osx-x86_64-clang 2.1.20 55.09 OK
r-devel-windows-ix86+x86_64 2.1.20 78.00 50.00 128.00 OK
r-patched-linux-x86_64 2.1.20 9.11 21.41 30.52 OK
r-release-linux-ix86 2.1.20 13.17 31.84 45.01 OK
r-release-linux-x86_64 2.1.20 9.27 21.85 31.12 OK
r-release-osx-x86_64-mavericks 2.1.20 ERROR
r-release-osx-x86_64-snowleopard 2.1.20 ERROR
r-release-windows-ix86+x86_64 2.1.20 87.00 45.00 132.00 OK
r-oldrel-windows-ix86+x86_64 2.1.20 95.00 49.00 144.00 OK

Check Details

Version: 2.1.20
Check: package dependencies
Result: ERROR
    Package required but not available: ‘RGtk2’
    
    See the information on DESCRIPTION files in the chapter ‘Creating R
    packages’ of the ‘Writing R Extensions’ manual.
Flavor: r-release-osx-x86_64-mavericks

Version: 2.1.20
Check: whether package can be installed
Result: ERROR
    Installation failed.
    See ‘/Volumes/XT3/Builds/R-dev-web/QA/Simon/packages/snowleopard-x86_64/results/3.1/rggobi.Rcheck/00install.out’ for details.
    * pre-conf. environment: (PKG_CFLAGS=, PKG_CPPFLAGS=, PKG_LIBS=)
Flavor: r-release-osx-x86_64-snowleopard