CRAN Package Check Results for Package rggobi

Last updated on 2017-06-27 15:49:09.

Flavor Version Tinstall Tcheck Ttotal Status Flags
r-devel-linux-x86_64-debian-clang 2.1.21 13.19 22.54 35.73 NOTE
r-devel-linux-x86_64-debian-gcc 2.1.21 11.29 22.87 34.15 NOTE
r-devel-linux-x86_64-fedora-clang 2.1.21 64.55 NOTE
r-devel-linux-x86_64-fedora-gcc 2.1.21 56.81 NOTE
r-devel-windows-ix86+x86_64 2.1.21 159.00 59.00 218.00 OK
r-patched-linux-x86_64 2.1.21 11.36 22.88 34.24 NOTE
r-release-linux-x86_64 2.1.21 11.27 22.02 33.29 OK
r-release-windows-ix86+x86_64 2.1.21 107.00 73.00 180.00 OK
r-release-osx-x86_64 2.1.21 ERROR
r-oldrel-windows-ix86+x86_64 2.1.21 138.00 74.00 212.00 OK
r-oldrel-osx-x86_64 2.1.21 ERROR

Additional issues

rchk

Check Details

Version: 2.1.21
Check: S3 generic/method consistency
Result: NOTE
    Found the following apparent S3 methods exported but not registered:
     $<-.GGobi [<-.GGobi [[.GGobiData [[<-.GGobi [[<-.GGobiData
    See section ‘Registering S3 methods’ in the ‘Writing R Extensions’
    manual.
Flavors: r-devel-linux-x86_64-debian-clang, r-devel-linux-x86_64-debian-gcc, r-devel-linux-x86_64-fedora-clang, r-devel-linux-x86_64-fedora-gcc, r-patched-linux-x86_64

Version: 2.1.21
Check: package dependencies
Result: ERROR
    Package required but not available: ‘RGtk2’
    
    See section ‘The DESCRIPTION file’ in the ‘Writing R Extensions’
    manual.
Flavor: r-release-osx-x86_64

Version: 2.1.21
Check: whether package can be installed
Result: ERROR
    Installation failed.
Flavor: r-oldrel-osx-x86_64