CRAN Package Check Results for Package rgl

Last updated on 2014-07-26 05:50:45.

Flavor Version Tinstall Tcheck Ttotal Status Flags
r-devel-linux-x86_64-debian-clang 0.93.1098 17.25 87.46 104.72 OK
r-devel-linux-x86_64-debian-gcc 0.93.1098 19.44 88.16 107.60 NOTE
r-devel-linux-x86_64-fedora-clang 0.93.1098 176.85 OK
r-devel-linux-x86_64-fedora-gcc 0.93.1098 168.38 NOTE
r-devel-osx-x86_64-clang 0.93.1098 91.76 OK
r-devel-windows-ix86+x86_64 0.93.1098 139.00 143.00 282.00 OK
r-patched-linux-x86_64 0.93.1098 20.63 87.23 107.86 NOTE
r-patched-solaris-sparc 0.93.1098 NOTE
r-patched-solaris-x86 0.93.1098 131.10 OK
r-release-linux-ix86 0.93.1098 28.39 101.68 130.07 OK
r-release-linux-x86_64 0.93.1098 23.26 90.10 113.36 NOTE
r-release-osx-x86_64-mavericks 0.93.1098 NOTE
r-release-osx-x86_64-snowleopard 0.93.1098 NOTE
r-release-windows-ix86+x86_64 0.93.1098 135.00 151.00 286.00 OK
r-oldrel-windows-ix86+x86_64 0.93.1098 139.00 155.00 294.00 OK

Memtest notes: UBSAN valgrind valgrind

Check Details

Version: 0.93.1098
Check: installed package size
Result: NOTE
     installed size is 5.2Mb
     sub-directories of 1Mb or more:
     fonts 1.5Mb
     libs 2.2Mb
Flavors: r-devel-linux-x86_64-debian-gcc, r-devel-linux-x86_64-fedora-gcc, r-patched-linux-x86_64, r-release-linux-x86_64, r-release-osx-x86_64-mavericks, r-release-osx-x86_64-snowleopard

Version: 0.93.1098
Check: compilation flags in Makevars
Result: NOTE
    Package has both ‘src/Makevars.in’ and ‘src/Makevars’.
    Installation with --no-configure' is unlikely to work. If you intended
    ‘src/Makevars’ to be used on Windows, rename it to ‘src/Makevars.win’
    otherwise remove it. If ‘configure’ created ‘src/Makevars’, you need a
    ‘cleanup’ script.
Flavor: r-patched-solaris-sparc

Version: 0.93.1098
Check: compiled code
Result: NOTE
    Note: information on .o files is not available
Flavor: r-patched-solaris-sparc