CRAN Package Check Results for Package rgl

Last updated on 2015-05-27 06:46:56.

Flavor Version Tinstall Tcheck Ttotal Status Flags
r-devel-linux-x86_64-debian-clang 0.95.1247 18.28 87.88 106.16 NOTE
r-devel-linux-x86_64-debian-gcc 0.95.1247 22.17 89.56 111.74 NOTE
r-devel-linux-x86_64-fedora-clang 0.95.1247 197.63 NOTE
r-devel-linux-x86_64-fedora-gcc 0.95.1247 181.89 NOTE
r-devel-osx-x86_64-clang 0.95.1247 120.62 NOTE
r-devel-windows-ix86+x86_64 0.95.1247 166.00 135.00 301.00 NOTE
r-patched-linux-x86_64 0.95.1247 26.28 87.40 113.68 NOTE
r-patched-solaris-sparc 0.95.1247 NOTE
r-patched-solaris-x86 0.95.1247 144.70 NOTE
r-release-linux-x86_64 0.95.1247 21.09 87.21 108.30 NOTE
r-release-osx-x86_64-mavericks 0.95.1247 ERROR
r-release-osx-x86_64-snowleopard 0.95.1247 ERROR
r-release-windows-ix86+x86_64 0.95.1247 167.00 142.00 309.00 NOTE
r-oldrel-windows-ix86+x86_64 0.95.1247 151.00 143.00 294.00 NOTE

Check Details

Version: 0.95.1247
Check: installed package size
Result: NOTE
     installed size is 6.2Mb
     sub-directories of 1Mb or more:
     doc 1.0Mb
     fonts 1.5Mb
     libs 2.1Mb
Flavors: r-devel-linux-x86_64-debian-clang, r-devel-linux-x86_64-debian-gcc, r-devel-linux-x86_64-fedora-clang, r-devel-linux-x86_64-fedora-gcc, r-devel-osx-x86_64-clang, r-devel-windows-ix86+x86_64, r-patched-linux-x86_64, r-patched-solaris-sparc, r-patched-solaris-x86, r-release-linux-x86_64, r-release-osx-x86_64-mavericks, r-release-osx-x86_64-snowleopard, r-release-windows-ix86+x86_64, r-oldrel-windows-ix86+x86_64

Version: 0.95.1247
Check: compilation flags in Makevars
Result: NOTE
    Package has both ‘src/Makevars.in’ and ‘src/Makevars’.
    Installation with --no-configure' is unlikely to work. If you intended
    ‘src/Makevars’ to be used on Windows, rename it to ‘src/Makevars.win’
    otherwise remove it. If ‘configure’ created ‘src/Makevars’, you need a
    ‘cleanup’ script.
Flavor: r-patched-solaris-sparc

Version: 0.95.1247
Check: compiled code
Result: NOTE
    Note: information on .o files is not available
Flavor: r-patched-solaris-sparc

Version: 0.95.1247
Check: examples
Result: ERROR
    Running examples in ‘rgl-Ex.R’ failed
    The error most likely occurred in:
    
    > ### Name: rgl.pixels
    > ### Title: Extract pixel information from window
    > ### Aliases: rgl.pixels
    > ### Keywords: dynamic
    >
    > ### ** Examples
    >
    > example(surface3d)
    
    srfc3d> #
    srfc3d> # volcano example taken from "persp"
    srfc3d> #
    srfc3d>
    srfc3d> data(volcano)
    
    srfc3d> z <- 2 * volcano # Exaggerate the relief
    
    srfc3d> x <- 10 * (1:nrow(z)) # 10 meter spacing (S to N)
    
    srfc3d> y <- 10 * (1:ncol(z)) # 10 meter spacing (E to W)
    
    srfc3d> zlim <- range(y)
    
    srfc3d> zlen <- zlim[2] - zlim[1] + 1
    
    srfc3d> colorlut <- terrain.colors(zlen) # height color lookup table
    
    srfc3d> col <- colorlut[ z - zlim[1] + 1 ] # assign colors to heights for each point
    
    srfc3d> open3d()
    glX
     43
    
    srfc3d> surface3d(x, y, z, color = col, back = "lines")
    > depth <- rgl.pixels(component = "depth")
    
     *** caught segfault ***
    address 0x1192eb000, cause 'memory not mapped'
    
    Traceback:
     1: .C(rgl_pixels, success = FALSE, ll, size, compnum[i], values = single(size[1] * size[2]))
     2: rgl.pixels(component = "depth")
    aborting ...
Flavor: r-release-osx-x86_64-mavericks

Version: 0.95.1247
Check: tests
Result: ERROR
    Running the tests in ‘tests/demos.R’ failed.
    Last 13 lines of output:
     *** caught segfault ***
     address 0x11d431000, cause 'memory not mapped'
    
     Traceback:
     1: .C(rgl_pixels, success = FALSE, ll, size, compnum[i], values = single(size[1] * size[2]))
     2: rgl.pixels("depth")
     3: randomDot(rgl.cur() - 1, rgl.cur())
     4: eval(expr, envir, enclos)
     5: eval(ei, envir)
     6: withVisible(eval(ei, envir))
     7: source(available, echo = echo, max.deparse.length = Inf, keep.source = TRUE, encoding = encoding)
     8: demo(demo, package = "rgl", character.only = TRUE)
     aborting ...
Flavor: r-release-osx-x86_64-mavericks

Version: 0.95.1247
Check: examples
Result: ERROR
    Running examples in ‘rgl-Ex.R’ failed
    The error most likely occurred in:
    
    > ### Name: points3d
    > ### Title: add primitive set shape
    > ### Aliases: points3d lines3d segments3d triangles3d quads3d
    > ### Keywords: dynamic
    >
    > ### ** Examples
    >
    > # Show 12 random vertices in various ways.
    >
    > M <- matrix(rnorm(36), 3, 12, dimnames = list(c('x', 'y', 'z'),
    + rep(LETTERS[1:4], 3)))
    >
    > # Force 4-tuples to be convex in planes so that quads3d works.
    >
    > for (i in c(1, 5, 9)) {
    + quad <- as.data.frame(M[, i + 0:3])
    + coeffs <- runif(2, 0, 3)
    + if (mean(coeffs) < 1) coeffs <- coeffs + 1 - mean(coeffs)
    + quad$C <- with(quad, coeffs[1]*(B - A) + coeffs[2]*(D - A) + A)
    + M[, i + 0:3] <- as.matrix(quad)
    + }
    >
    > open3d()
    Tue May 19 06:14:34 hagal.research.att.com R[77182] <Error>: unknown error code: invalid pixel format
    Tue May 19 06:14:34 hagal.research.att.com R[77182] <Error>: kCGErrorFailure: Set a breakpoint @ CGErrorBreakpoint() to catch errors as they are logged.
    X Error of failed request: GLXBadContext
     Major opcode of failed request: 0 ()
     Serial number of failed request: 27
     Current serial number in output stream: 27
Flavor: r-release-osx-x86_64-snowleopard

Version: 0.95.1247
Check: tests
Result: ERROR
    Running the tests in ‘tests/demos.R’ failed.
    Last 13 lines of output:
     'help.start()' for an HTML browser interface to help.
     Type 'q()' to quit R.
    
     > library(rgl)
     >
     > # regression : this failed for headless tests
     > par3d(userMatrix = diag(4))
     Tue May 19 06:14:35 hagal.research.att.com R[77192] <Error>: unknown error code: invalid pixel format
     Tue May 19 06:14:35 hagal.research.att.com R[77192] <Error>: kCGErrorFailure: Set a breakpoint @ CGErrorBreakpoint() to catch errors as they are logged.
     X Error of failed request: GLXBadContext
     Major opcode of failed request: 0 ()
     Serial number of failed request: 27
     Current serial number in output stream: 27
Flavor: r-release-osx-x86_64-snowleopard