CRAN Package Check Results for Package rgl

Last updated on 2014-10-22 23:49:00.

Flavor Version Tinstall Tcheck Ttotal Status Flags
r-devel-linux-x86_64-debian-clang 0.94.1143 16.72 85.97 102.69 NOTE
r-devel-linux-x86_64-debian-gcc 0.94.1143 21.86 83.54 105.39 NOTE
r-devel-linux-x86_64-fedora-clang 0.94.1143 189.79 NOTE
r-devel-linux-x86_64-fedora-gcc 0.94.1143 172.95 NOTE
r-devel-osx-x86_64-clang 0.94.1143 100.28 WARN
r-devel-windows-ix86+x86_64 0.94.1143 138.00 121.00 259.00 OK
r-patched-linux-x86_64 0.94.1143 24.76 86.95 111.71 NOTE
r-patched-solaris-sparc 0.94.1143 NOTE
r-patched-solaris-x86 0.94.1143 144.10 OK
r-release-linux-ix86 0.94.1143 30.12 112.39 142.51 OK
r-release-linux-x86_64 0.94.1143 26.04 89.72 115.76 NOTE
r-release-osx-x86_64-mavericks 0.94.1143 ERROR
r-release-osx-x86_64-snowleopard 0.94.1143 ERROR
r-release-windows-ix86+x86_64 0.94.1143 151.00 123.00 274.00 OK
r-oldrel-windows-ix86+x86_64 0.94.1143 156.00 129.00 285.00 OK

Check Details

Version: 0.94.1143
Check: installed package size
Result: NOTE
     installed size is 5.0Mb
     sub-directories of 1Mb or more:
     fonts 1.5Mb
     libs 2.0Mb
Flavors: r-devel-linux-x86_64-debian-clang, r-devel-linux-x86_64-debian-gcc, r-devel-linux-x86_64-fedora-clang, r-devel-linux-x86_64-fedora-gcc, r-patched-linux-x86_64, r-release-linux-x86_64, r-release-osx-x86_64-mavericks, r-release-osx-x86_64-snowleopard

Version: 0.94.1143
Check: whether package can be installed
Result: WARN
    Found the following significant warnings:
     /usr/X11R6/include/X11/Xfuncproto.h:145:24: warning: named variadic macros are a GNU extension [-Wvariadic-macros]
Flavor: r-devel-osx-x86_64-clang

Version: 0.94.1143
Check: compilation flags in Makevars
Result: NOTE
    Package has both ‘src/Makevars.in’ and ‘src/Makevars’.
    Installation with --no-configure' is unlikely to work. If you intended
    ‘src/Makevars’ to be used on Windows, rename it to ‘src/Makevars.win’
    otherwise remove it. If ‘configure’ created ‘src/Makevars’, you need a
    ‘cleanup’ script.
Flavor: r-patched-solaris-sparc

Version: 0.94.1143
Check: compiled code
Result: NOTE
    Note: information on .o files is not available
Flavor: r-patched-solaris-sparc

Version: 0.94.1143
Check: examples
Result: ERROR
    Running examples in ‘rgl-Ex.R’ failed
    The error most likely occurred in:
    
    > ### Name: rgl.pixels
    > ### Title: Extract pixel information from window
    > ### Aliases: rgl.pixels
    > ### Keywords: dynamic
    >
    > ### ** Examples
    >
    > example(surface3d)
    
    srfc3d> #
    srfc3d> # volcano example taken from "persp"
    srfc3d> #
    srfc3d>
    srfc3d> data(volcano)
    
    srfc3d> z <- 2 * volcano # Exaggerate the relief
    
    srfc3d> x <- 10 * (1:nrow(z)) # 10 meter spacing (S to N)
    
    srfc3d> y <- 10 * (1:ncol(z)) # 10 meter spacing (E to W)
    
    srfc3d> zlim <- range(y)
    
    srfc3d> zlen <- zlim[2] - zlim[1] + 1
    
    srfc3d> colorlut <- terrain.colors(zlen) # height color lookup table
    
    srfc3d> col <- colorlut[ z-zlim[1]+1 ] # assign colors to heights for each point
    
    srfc3d> open3d()
    glX
     41
    
    srfc3d> surface3d(x, y, z, color=col, back="lines")
    > depth <- rgl.pixels(component="depth")
    
     *** caught segfault ***
    address 0x115f31000, cause 'memory not mapped'
    
    Traceback:
     1: .C(rgl_pixels, success = FALSE, ll, size, compnum[i], values = single(size[1] * size[2]))
     2: rgl.pixels(component = "depth")
    aborting ...
Flavor: r-release-osx-x86_64-mavericks

Version: 0.94.1143
Check: examples
Result: ERROR
    Running examples in ‘rgl-Ex.R’ failed
    The error most likely occurred in:
    
    > ### Name: points3d
    > ### Title: add primitive set shape
    > ### Aliases: points3d lines3d segments3d triangles3d quads3d
    > ### Keywords: dynamic
    >
    > ### ** Examples
    >
    > # Show 12 random vertices in various ways.
    >
    > M <- matrix(rnorm(36), 3, 12, dimnames=list(c('x','y','z'),
    + rep(LETTERS[1:4], 3)))
    >
    > # Force 4-tuples to be convex in planes so that quads3d works.
    >
    > for (i in c(1,5,9)) {
    + quad <- as.data.frame(M[,i+0:3])
    + coeffs <- runif(2,0,3)
    + if (mean(coeffs) < 1) coeffs <- coeffs + 1 - mean(coeffs)
    + quad$C <- with(quad, coeffs[1]*(B-A) + coeffs[2]*(D-A) + A)
    + M[,i+0:3] <- as.matrix(quad)
    + }
    >
    > open3d()
    Wed Oct 22 06:20:46 hagal.research.att.com R[99198] <Error>: unknown error code: invalid pixel format
    Wed Oct 22 06:20:46 hagal.research.att.com R[99198] <Error>: kCGErrorFailure: Set a breakpoint @ CGErrorBreakpoint() to catch errors as they are logged.
    X Error of failed request: GLXBadContext
     Major opcode of failed request: 0 ()
     Serial number of failed request: 27
     Current serial number in output stream: 27
Flavor: r-release-osx-x86_64-snowleopard