CRAN Package Check Results for Package rgl

Last updated on 2016-02-12 23:48:10.

Flavor Version Tinstall Tcheck Ttotal Status Flags
r-devel-linux-x86_64-debian-gcc 0.95.1441 20.09 93.15 113.24 NOTE
r-devel-linux-x86_64-fedora-clang 0.95.1441 194.64 NOTE
r-devel-linux-x86_64-fedora-gcc 0.95.1441 177.50 NOTE
r-devel-osx-x86_64-clang 0.95.1441 132.09 NOTE
r-devel-windows-ix86+x86_64 0.95.1441 228.00 185.00 413.00 NOTE
r-patched-linux-x86_64 0.95.1441 20.47 94.53 115.00 NOTE
r-patched-solaris-sparc 0.95.1441 NOTE
r-patched-solaris-x86 0.95.1441 136.70 NOTE
r-release-linux-x86_64 0.95.1441 20.64 94.91 115.55 NOTE
r-release-osx-x86_64-mavericks 0.95.1441 NOTE
r-release-windows-ix86+x86_64 0.95.1441 201.00 191.00 392.00 NOTE
r-oldrel-windows-ix86+x86_64 0.95.1441 218.00 201.00 419.00 NOTE

Check Details

Version: 0.95.1441
Check: installed package size
Result: NOTE
     installed size is 6.8Mb
     sub-directories of 1Mb or more:
     doc 1.2Mb
     fonts 1.5Mb
     libs 2.5Mb
Flavors: r-devel-linux-x86_64-debian-gcc, r-devel-linux-x86_64-fedora-clang, r-devel-linux-x86_64-fedora-gcc, r-devel-osx-x86_64-clang, r-devel-windows-ix86+x86_64, r-patched-linux-x86_64, r-patched-solaris-sparc, r-patched-solaris-x86, r-release-linux-x86_64, r-release-osx-x86_64-mavericks, r-release-windows-ix86+x86_64, r-oldrel-windows-ix86+x86_64

Version: 0.95.1441
Check: compilation flags in Makevars
Result: NOTE
    Package has both ‘src/Makevars.in’ and ‘src/Makevars’.
    Installation with --no-configure' is unlikely to work. If you intended
    ‘src/Makevars’ to be used on Windows, rename it to ‘src/Makevars.win’
    otherwise remove it. If ‘configure’ created ‘src/Makevars’, you need a
    ‘cleanup’ script.
Flavor: r-patched-solaris-sparc

Version: 0.95.1441
Check: compiled code
Result: NOTE
    Note: information on .o files is not available
Flavor: r-patched-solaris-sparc

Version: 0.95.1441
Check: package dependencies
Result: NOTE
    Package suggested but not available for checking: ‘rglwidget’
Flavor: r-release-osx-x86_64-mavericks

Version: 0.95.1441
Check: re-building of vignette outputs
Result: NOTE
    Error in re-building vignettes:
     ...
    Quitting from lines 17-19 (WebGL.Rmd)
    Error: processing vignette 'WebGL.Rmd' failed with diagnostics:
    there is no package called 'rglwidget'
    Execution halted
Flavor: r-release-osx-x86_64-mavericks