CRAN Package Check Results for Package rgl

Last updated on 2014-08-28 06:46:53.

Flavor Version Tinstall Tcheck Ttotal Status Flags
r-devel-linux-x86_64-debian-clang 0.93.1098 16.61 86.84 103.45 OK
r-devel-linux-x86_64-debian-gcc 0.93.1098 20.95 87.16 108.11 NOTE
r-devel-linux-x86_64-fedora-clang 0.93.1098 173.92 OK
r-devel-linux-x86_64-fedora-gcc 0.93.1098 165.34 NOTE
r-devel-osx-x86_64-clang 0.93.1098 97.83 OK
r-devel-windows-ix86+x86_64 0.93.1098 145.00 144.00 289.00 OK
r-patched-linux-x86_64 0.93.1098 23.48 87.62 111.09 NOTE
r-patched-solaris-sparc 0.93.1098 NOTE
r-patched-solaris-x86 0.93.1098 133.60 OK
r-release-linux-ix86 0.93.1098 28.24 102.03 130.28 OK
r-release-linux-x86_64 0.93.1098 24.99 87.41 112.40 NOTE
r-release-osx-x86_64-mavericks 0.93.1098 NOTE
r-release-osx-x86_64-snowleopard 0.93.1098 NOTE
r-release-windows-ix86+x86_64 0.93.1098 135.00 147.00 282.00 OK
r-oldrel-windows-ix86+x86_64 0.93.1098 140.00 147.00 287.00 OK

Memtest notes: UBSAN valgrind valgrind

Check Details

Version: 0.93.1098
Check: installed package size
Result: NOTE
     installed size is 5.2Mb
     sub-directories of 1Mb or more:
     fonts 1.5Mb
     libs 2.2Mb
Flavors: r-devel-linux-x86_64-debian-gcc, r-devel-linux-x86_64-fedora-gcc, r-patched-linux-x86_64, r-release-linux-x86_64, r-release-osx-x86_64-mavericks, r-release-osx-x86_64-snowleopard

Version: 0.93.1098
Check: compilation flags in Makevars
Result: NOTE
    Package has both ‘src/Makevars.in’ and ‘src/Makevars’.
    Installation with --no-configure' is unlikely to work. If you intended
    ‘src/Makevars’ to be used on Windows, rename it to ‘src/Makevars.win’
    otherwise remove it. If ‘configure’ created ‘src/Makevars’, you need a
    ‘cleanup’ script.
Flavor: r-patched-solaris-sparc

Version: 0.93.1098
Check: compiled code
Result: NOTE
    Note: information on .o files is not available
Flavor: r-patched-solaris-sparc