CRAN Package Check Results for Package rgl

Last updated on 2018-05-25 10:48:38 CEST.

Flavor Version Tinstall Tcheck Ttotal Status Flags
r-devel-linux-x86_64-debian-clang 0.99.16 57.54 142.42 199.96 OK
r-devel-linux-x86_64-debian-gcc 0.99.16 43.69 120.71 164.40 OK
r-devel-linux-x86_64-fedora-clang 0.99.16 261.11 NOTE
r-devel-linux-x86_64-fedora-gcc 0.99.16 231.87 NOTE
r-devel-windows-ix86+x86_64 0.99.16 202.00 276.00 478.00 NOTE
r-patched-linux-x86_64 0.99.16 52.86 155.27 208.13 OK
r-patched-solaris-x86 0.99.16 245.70 WARN
r-release-linux-x86_64 0.99.16 52.43 158.25 210.68 OK
r-release-windows-ix86+x86_64 0.99.16 307.00 257.00 564.00 NOTE
r-release-osx-x86_64 0.99.16 WARN
r-oldrel-windows-ix86+x86_64 0.99.16 317.00 214.00 531.00 NOTE
r-oldrel-osx-x86_64 0.99.16 WARN

Additional issues

valgrind

Check Details

Version: 0.99.16
Check: installed package size
Result: NOTE
     installed size is 10.3Mb
     sub-directories of 1Mb or more:
     doc 3.9Mb
     fonts 1.5Mb
     libs 2.6Mb
Flavors: r-devel-linux-x86_64-fedora-clang, r-devel-linux-x86_64-fedora-gcc, r-devel-windows-ix86+x86_64, r-patched-solaris-x86, r-release-windows-ix86+x86_64, r-release-osx-x86_64, r-oldrel-windows-ix86+x86_64, r-oldrel-osx-x86_64

Version: 0.99.16
Check: re-building of vignette outputs
Result: WARN
    Error in re-building vignettes:
     ...
    Warning in engine$weave(file, quiet = quiet, encoding = enc) :
     Pandoc (>= 1.12.3) and/or pandoc-citeproc not available. Falling back to R Markdown v1.
    Quitting from lines 17-19 (WebGL.Rmd)
    Error: processing vignette 'WebGL.Rmd' failed with diagnostics:
    These vignettes assume pandoc version 1.14; older versions may not work.
    Execution halted
Flavors: r-patched-solaris-x86, r-release-osx-x86_64, r-oldrel-osx-x86_64