CRAN Package Check Results for Package rgl

Last updated on 2017-04-29 15:48:18.

Flavor Version Tinstall Tcheck Ttotal Status Flags
r-devel-linux-x86_64-debian-clang 0.98.1 25.58 124.87 150.45 NOTE
r-devel-linux-x86_64-debian-gcc 0.98.1 24.38 121.73 146.10 OK
r-devel-linux-x86_64-fedora-clang 0.98.1 260.72 NOTE --no-stop-on-test-error
r-devel-linux-x86_64-fedora-gcc 0.98.1 233.03 NOTE --no-stop-on-test-error
r-devel-windows-ix86+x86_64 0.98.1 304.00 276.00 580.00 NOTE
r-patched-linux-x86_64 0.98.1 21.24 121.53 142.78 OK
r-patched-solaris-sparc 0.98.1 WARN
r-patched-solaris-x86 0.98.1 214.00 WARN
r-release-linux-x86_64 0.98.1 21.07 123.75 144.83 OK
r-release-windows-ix86+x86_64 0.98.1 262.00 271.00 533.00 NOTE
r-release-osx-x86_64 0.98.1 WARN
r-oldrel-windows-ix86+x86_64 0.98.1 307.00 233.00 540.00 NOTE
r-oldrel-osx-x86_64 0.98.1 WARN

Check Details

Version: 0.98.1
Check: package dependencies
Result: NOTE
    Package suggested but not available for checking: ‘magick’
Flavors: r-devel-linux-x86_64-debian-clang, r-patched-solaris-sparc, r-patched-solaris-x86

Version: 0.98.1
Flags: --no-stop-on-test-error
Check: package dependencies
Result: NOTE
    Package suggested but not available for checking: ‘magick’
Flavor: r-devel-linux-x86_64-fedora-clang

Version: 0.98.1
Flags: --no-stop-on-test-error
Check: installed package size
Result: NOTE
     installed size is 8.5Mb
     sub-directories of 1Mb or more:
     doc 2.6Mb
     fonts 1.5Mb
     libs 2.5Mb
Flavors: r-devel-linux-x86_64-fedora-clang, r-devel-linux-x86_64-fedora-gcc

Version: 0.98.1
Flags: --no-stop-on-test-error
Check: Rd cross-references
Result: NOTE
    Package unavailable to check Rd xrefs: ‘magick’
Flavor: r-devel-linux-x86_64-fedora-clang

Version: 0.98.1
Check: installed package size
Result: NOTE
     installed size is 8.0Mb
     sub-directories of 1Mb or more:
     doc 2.6Mb
     fonts 1.5Mb
     libs 2.0Mb
Flavors: r-devel-windows-ix86+x86_64, r-patched-solaris-sparc, r-patched-solaris-x86, r-release-windows-ix86+x86_64, r-release-osx-x86_64, r-oldrel-windows-ix86+x86_64, r-oldrel-osx-x86_64

Version: 0.98.1
Check: Rd cross-references
Result: NOTE
    Package unavailable to check Rd xrefs: ‘magick’
Flavors: r-patched-solaris-sparc, r-patched-solaris-x86

Version: 0.98.1
Check: compilation flags in Makevars
Result: NOTE
    Package has both ‘src/Makevars.in’ and ‘src/Makevars’.
    Installation with --no-configure' is unlikely to work. If you intended
    ‘src/Makevars’ to be used on Windows, rename it to ‘src/Makevars.win’
    otherwise remove it. If ‘configure’ created ‘src/Makevars’, you need a
    ‘cleanup’ script.
Flavor: r-patched-solaris-sparc

Version: 0.98.1
Check: compiled code
Result: NOTE
    Note: information on .o files is not available
Flavor: r-patched-solaris-sparc

Version: 0.98.1
Check: re-building of vignette outputs
Result: WARN
    Error in re-building vignettes:
     ...
    Warning in engine$weave(file, quiet = quiet, encoding = enc) :
     Pandoc (>= 1.12.3) and/or pandoc-citeproc not available. Falling back to R Markdown v1.
    Quitting from lines 17-19 (WebGL.Rmd)
    Error: processing vignette 'WebGL.Rmd' failed with diagnostics:
    These vignettes assume pandoc version 1.13.1; older versions will not work.
    Execution halted
Flavors: r-patched-solaris-sparc, r-patched-solaris-x86, r-release-osx-x86_64, r-oldrel-osx-x86_64