CRAN Package Check Results for Package rgl

Last updated on 2015-08-04 21:47:17.

Flavor Version Tinstall Tcheck Ttotal Status Flags
r-devel-linux-x86_64-debian-clang 0.95.1247 18.99 89.35 108.34 NOTE
r-devel-linux-x86_64-debian-gcc 0.95.1247 21.09 89.35 110.44 NOTE
r-devel-linux-x86_64-fedora-clang 0.95.1247 196.17 NOTE
r-devel-linux-x86_64-fedora-gcc 0.95.1247 180.08 NOTE
r-devel-osx-x86_64-clang 0.95.1247 112.61 NOTE
r-devel-windows-ix86+x86_64 0.95.1247 243.00 147.00 390.00 NOTE
r-patched-linux-x86_64 0.95.1247 22.46 87.27 109.73 NOTE
r-patched-solaris-sparc 0.95.1247 NOTE
r-patched-solaris-x86 0.95.1247 142.10 NOTE
r-release-linux-x86_64 0.95.1247 21.13 88.45 109.58 NOTE
r-release-osx-x86_64-mavericks 0.95.1247 ERROR
r-release-windows-ix86+x86_64 0.95.1247 209.00 149.00 358.00 NOTE
r-oldrel-windows-ix86+x86_64 0.95.1247 260.00 202.00 462.00 NOTE

Check Details

Version: 0.95.1247
Check: installed package size
Result: NOTE
     installed size is 6.2Mb
     sub-directories of 1Mb or more:
     doc 1.0Mb
     fonts 1.5Mb
     libs 2.1Mb
Flavors: r-devel-linux-x86_64-debian-clang, r-devel-linux-x86_64-debian-gcc, r-devel-linux-x86_64-fedora-clang, r-devel-linux-x86_64-fedora-gcc, r-devel-osx-x86_64-clang, r-devel-windows-ix86+x86_64, r-patched-linux-x86_64, r-patched-solaris-sparc, r-patched-solaris-x86, r-release-linux-x86_64, r-release-osx-x86_64-mavericks, r-release-windows-ix86+x86_64, r-oldrel-windows-ix86+x86_64

Version: 0.95.1247
Check: R code for possible problems
Result: NOTE
    ageSetter: no visible global function definition for ‘col2rgb’
    bgplot3d: no visible global function definition for ‘png’
    bgplot3d: no visible global function definition for ‘dev.off’
    cylinder3d: no visible global function definition for ‘xyz.coords’
    ellipse3d.default: no visible global function definition for ‘qchisq’
    ellipse3d.glm: no visible global function definition for ‘qf’
    ellipse3d.glm: no visible global function definition for ‘qchisq’
    ellipse3d.lm: no visible global function definition for ‘qf’
    ellipse3d.nls: no visible global function definition for ‘qf’
    extrude3d: no visible global function definition for ‘xy.coords’
    hook_rgl: no visible global function definition for ‘file_test’
    identify3d : cat: no visible global function definition for
     ‘flush.console’
    identify3d: no visible global function definition for ‘xyz.coords’
    legend3d: no visible global function definition for ‘par’
    legend3d: no visible global function definition for ‘plot’
    legend3d: no visible global function definition for ‘legend’
    movie3d: no visible global function definition for ‘flush.console’
    nestPolys: no visible global function definition for ‘xy.coords’
    observer3d: no visible global function definition for ‘xyz.coords’
    par3dinterp : <anonymous>: no visible global function definition for
     ‘splinefun’
    par3dinterp : <anonymous>: no visible global function definition for
     ‘approxfun’
    par3dinterpSetter: no visible binding for global variable ‘var’
    persp3d.function: no visible global function definition for ‘colorRamp’
    persp3d.function: no visible global function definition for ‘rgb’
    plot3d.default: no visible global function definition for ‘xyz.coords’
    plot3d.rglbackground: no visible global function definition for ‘rgb’
    plot3d.rglobject: no visible global function definition for ‘rgb’
    polygon3d: no visible global function definition for ‘xyz.coords’
    qmesh3d: no visible global function definition for ‘xyz.coords’
    qmesh3d: no visible global function definition for ‘xy.coords’
    readOBJ: no visible global function definition for ‘read.table’
    rgl.Sweave: no visible global function definition for ‘postscript’
    rgl.color: no visible global function definition for ‘col2rgb’
    rgl.getmaterial: no visible global function definition for ‘rgb’
    rgl.light: no visible global function definition for ‘xyz.coords’
    rgl.mcolor: no visible global function definition for ‘col2rgb’
    rgl.primitive: no visible global function definition for ‘xyz.coords’
    rgl.primitive: no visible global function definition for ‘xy.coords’
    rgl.texcoords: no visible global function definition for ‘xy.coords’
    rgl.user2window: no visible global function definition for ‘xyz.coords’
    rgl.vertex: no visible global function definition for ‘xyz.coords’
    rgl.window2user: no visible global function definition for ‘xyz.coords’
    save_rgl: no visible global function definition for ‘file_test’
    shapelist3d: no visible global function definition for ‘xyz.coords’
    tmesh3d: no visible global function definition for ‘xyz.coords’
    tmesh3d: no visible global function definition for ‘xy.coords’
    triangulate: no visible global function definition for ‘xyz.coords’
    triangulateSimple: no visible global function definition for ‘polygon’
    turn3d: no visible global function definition for ‘xy.coords’
    writePLY : writeMesh: no visible global function definition for
     ‘col2rgb’
    writePLY : writeSpheres: no visible global function definition for
     ‘rgb’
    writePLY : writePoints: no visible binding for global variable ‘colors’
    writePLY : writePoints: no visible global function definition for ‘rgb’
    writePLY : writeSegments: no visible global function definition for
     ‘rgb’
    writePLY : writeLines: no visible global function definition for ‘rgb’
    writeWebGL : col2rgba: no visible global function definition for
     ‘col2rgb’
    writeWebGL: no visible global function definition for ‘packageVersion’
    Undefined global functions or variables:
     approxfun col2rgb colorRamp colors dev.off file_test flush.console
     legend packageVersion par plot png polygon postscript qchisq qf
     read.table rgb splinefun var xy.coords xyz.coords
    Consider adding
     importFrom("grDevices", "col2rgb", "colorRamp", "colors", "dev.off",
     "png", "postscript", "rgb", "xy.coords", "xyz.coords")
     importFrom("graphics", "legend", "par", "plot", "polygon")
     importFrom("stats", "approxfun", "qchisq", "qf", "splinefun", "var")
     importFrom("utils", "file_test", "flush.console", "packageVersion",
     "read.table")
    to your NAMESPACE.
Flavors: r-devel-linux-x86_64-debian-clang, r-devel-linux-x86_64-debian-gcc, r-devel-linux-x86_64-fedora-clang, r-devel-linux-x86_64-fedora-gcc

Version: 0.95.1247
Check: R code for possible problems
Result: NOTE
    ageSetter: no visible global function definition for 'col2rgb'
    bgplot3d: no visible global function definition for 'png'
    bgplot3d: no visible global function definition for 'dev.off'
    cylinder3d: no visible global function definition for 'xyz.coords'
    ellipse3d.default: no visible global function definition for 'qchisq'
    ellipse3d.glm: no visible global function definition for 'qf'
    ellipse3d.glm: no visible global function definition for 'qchisq'
    ellipse3d.lm: no visible global function definition for 'qf'
    ellipse3d.nls: no visible global function definition for 'qf'
    extrude3d: no visible global function definition for 'xy.coords'
    identify3d: no visible global function definition for 'xyz.coords'
    legend3d: no visible global function definition for 'par'
    legend3d: no visible global function definition for 'plot'
    legend3d: no visible global function definition for 'legend'
    nestPolys: no visible global function definition for 'xy.coords'
    observer3d: no visible global function definition for 'xyz.coords'
    par3dinterp : <anonymous>: no visible global function definition for
     'splinefun'
    par3dinterp : <anonymous>: no visible global function definition for
     'approxfun'
    par3dinterpSetter: no visible binding for global variable 'var'
    persp3d.function: no visible global function definition for 'colorRamp'
    persp3d.function: no visible global function definition for 'rgb'
    plot3d.default: no visible global function definition for 'xyz.coords'
    plot3d.rglbackground: no visible global function definition for 'rgb'
    plot3d.rglobject: no visible global function definition for 'rgb'
    polygon3d: no visible global function definition for 'xyz.coords'
    qmesh3d: no visible global function definition for 'xyz.coords'
    qmesh3d: no visible global function definition for 'xy.coords'
    rgl.Sweave: no visible global function definition for 'postscript'
    rgl.color: no visible global function definition for 'col2rgb'
    rgl.getmaterial: no visible global function definition for 'rgb'
    rgl.light: no visible global function definition for 'xyz.coords'
    rgl.mcolor: no visible global function definition for 'col2rgb'
    rgl.primitive: no visible global function definition for 'xyz.coords'
    rgl.primitive: no visible global function definition for 'xy.coords'
    rgl.texcoords: no visible global function definition for 'xy.coords'
    rgl.user2window: no visible global function definition for 'xyz.coords'
    rgl.vertex: no visible global function definition for 'xyz.coords'
    rgl.window2user: no visible global function definition for 'xyz.coords'
    shapelist3d: no visible global function definition for 'xyz.coords'
    tmesh3d: no visible global function definition for 'xyz.coords'
    tmesh3d: no visible global function definition for 'xy.coords'
    triangulate: no visible global function definition for 'xyz.coords'
    triangulateSimple: no visible global function definition for 'polygon'
    turn3d: no visible global function definition for 'xy.coords'
    writePLY : writeMesh: no visible global function definition for
     'col2rgb'
    writePLY : writeSpheres: no visible global function definition for
     'rgb'
    writePLY : writePoints: no visible binding for global variable 'colors'
    writePLY : writePoints: no visible global function definition for 'rgb'
    writePLY : writeSegments: no visible global function definition for
     'rgb'
    writePLY : writeLines: no visible global function definition for 'rgb'
    writeWebGL : col2rgba: no visible global function definition for
     'col2rgb'
    Undefined global functions or variables:
     approxfun col2rgb colorRamp colors dev.off legend par plot png
     polygon postscript qchisq qf rgb splinefun var xy.coords xyz.coords
    Consider adding
     importFrom("grDevices", "col2rgb", "colorRamp", "colors", "dev.off",
     "png", "postscript", "rgb", "xy.coords", "xyz.coords")
     importFrom("graphics", "legend", "par", "plot", "polygon")
     importFrom("stats", "approxfun", "qchisq", "qf", "splinefun", "var")
    to your NAMESPACE.
Flavor: r-devel-windows-ix86+x86_64

Version: 0.95.1247
Check: compilation flags in Makevars
Result: NOTE
    Package has both ‘src/Makevars.in’ and ‘src/Makevars’.
    Installation with --no-configure' is unlikely to work. If you intended
    ‘src/Makevars’ to be used on Windows, rename it to ‘src/Makevars.win’
    otherwise remove it. If ‘configure’ created ‘src/Makevars’, you need a
    ‘cleanup’ script.
Flavor: r-patched-solaris-sparc

Version: 0.95.1247
Check: compiled code
Result: NOTE
    Note: information on .o files is not available
Flavor: r-patched-solaris-sparc

Version: 0.95.1247
Check: examples
Result: ERROR
    Running examples in ‘rgl-Ex.R’ failed
    The error most likely occurred in:
    
    > ### Name: points3d
    > ### Title: add primitive set shape
    > ### Aliases: points3d lines3d segments3d triangles3d quads3d
    > ### Keywords: dynamic
    >
    > ### ** Examples
    >
    > # Show 12 random vertices in various ways.
    >
    > M <- matrix(rnorm(36), 3, 12, dimnames = list(c('x', 'y', 'z'),
    + rep(LETTERS[1:4], 3)))
    >
    > # Force 4-tuples to be convex in planes so that quads3d works.
    >
    > for (i in c(1, 5, 9)) {
    + quad <- as.data.frame(M[, i + 0:3])
    + coeffs <- runif(2, 0, 3)
    + if (mean(coeffs) < 1) coeffs <- coeffs + 1 - mean(coeffs)
    + quad$C <- with(quad, coeffs[1]*(B - A) + coeffs[2]*(D - A) + A)
    + M[, i + 0:3] <- as.matrix(quad)
    + }
    >
    > open3d()
    Error in rgl.open(useNULL) : rgl.open failed
    Calls: open3d -> rgl.open
    Execution halted
Flavor: r-release-osx-x86_64-mavericks

Version: 0.95.1247
Check: tests
Result: ERROR
    Running the tests in ‘tests/demos.R’ failed.
    Last 13 lines of output:
     'help.start()' for an HTML browser interface to help.
     Type 'q()' to quit R.
    
     > library(rgl)
     Warning messages:
     1: In rgl.init(initValue, onlyNULL) : RGL: unable to open X11 display
     2: In fun(libname, pkgname) : error in rgl_init
     >
     > # regression : this failed for headless tests
     > par3d(userMatrix = diag(4))
     Error in rgl.open(useNULL) : rgl.open failed
     Calls: par3d -> open3d -> rgl.open
     Execution halted
Flavor: r-release-osx-x86_64-mavericks