CRAN Package Check Results for Package rgl

Last updated on 2019-03-23 05:48:13 CET.

Flavor Version Tinstall Tcheck Ttotal Status Flags
r-devel-linux-x86_64-debian-clang 0.100.19 58.31 184.32 242.63 OK
r-devel-linux-x86_64-debian-gcc 0.100.19 42.05 137.52 179.57 OK
r-devel-linux-x86_64-fedora-clang 0.100.19 225.52 NOTE
r-devel-linux-x86_64-fedora-gcc 0.100.19 303.16 OK
r-devel-windows-ix86+x86_64 0.100.19 321.00 291.00 612.00 NOTE
r-patched-linux-x86_64 0.100.19 51.86 176.28 228.14 OK
r-patched-solaris-x86 0.100.19 271.10 WARN
r-release-linux-x86_64 0.100.19 1.22 4.67 5.89 ERROR
r-release-windows-ix86+x86_64 0.100.19 216.00 236.00 452.00 NOTE
r-release-osx-x86_64 0.100.19 WARN
r-oldrel-windows-ix86+x86_64 0.100.19 336.00 336.00 672.00 NOTE
r-oldrel-osx-x86_64 0.100.19 WARN

Check Details

Version: 0.100.19
Check: installed package size
Result: NOTE
     installed size is 10.0Mb
     sub-directories of 1Mb or more:
     doc 3.6Mb
     fonts 1.5Mb
     libs 2.5Mb
Flavors: r-devel-linux-x86_64-fedora-clang, r-devel-windows-ix86+x86_64, r-patched-solaris-x86, r-release-windows-ix86+x86_64, r-release-osx-x86_64, r-oldrel-windows-ix86+x86_64, r-oldrel-osx-x86_64

Version: 0.100.19
Check: whether package can be installed
Result: NOTE
    Found the following notes/warnings:
     Non-staged installation was used
Flavor: r-devel-windows-ix86+x86_64

Version: 0.100.19
Check: re-building of vignette outputs
Result: WARN
    Error in re-building vignettes:
     ...
    Warning in engine$weave(file, quiet = quiet, encoding = enc) :
     Pandoc (>= 1.12.3) and/or pandoc-citeproc not available. Falling back to R Markdown v1.
    Quitting from lines 17-19 (WebGL.Rmd)
    Error: processing vignette 'WebGL.Rmd' failed with diagnostics:
    These vignettes assume pandoc version 1.14; older versions may not work.
    Execution halted
Flavors: r-patched-solaris-x86, r-release-osx-x86_64, r-oldrel-osx-x86_64

Version: 0.100.19
Check: whether package can be installed
Result: ERROR
    Installation failed.
Flavor: r-release-linux-x86_64