CRAN Package Check Results for Package rgl

Last updated on 2017-01-22 23:48:41.

Flavor Version Tinstall Tcheck Ttotal Status Flags
r-devel-linux-x86_64-debian-clang 0.97.0 24.24 116.97 141.22 NOTE
r-devel-linux-x86_64-debian-gcc 0.97.0 23.56 117.31 140.86 OK
r-devel-linux-x86_64-fedora-clang 0.97.0 245.66 NOTE --no-stop-on-test-error
r-devel-linux-x86_64-fedora-gcc 0.97.0 224.46 NOTE --no-stop-on-test-error
r-devel-macos-x86_64-clang 0.97.0 143.45 NOTE --no-stop-on-test-error
r-devel-windows-ix86+x86_64 0.97.0 178.00 193.00 371.00 NOTE
r-patched-linux-x86_64 0.97.0 20.78 107.40 128.17 OK
r-patched-solaris-sparc 0.97.0 WARN
r-patched-solaris-x86 0.97.0 178.40 WARN
r-release-linux-x86_64 0.97.0 20.93 107.70 128.63 OK
r-release-osx-x86_64-mavericks 0.97.0 WARN
r-release-windows-ix86+x86_64 0.97.0 428.00 171.00 599.00 NOTE
r-oldrel-windows-ix86+x86_64 0.97.0 365.00 222.00 587.00 NOTE

Check Details

Version: 0.97.0
Check: package dependencies
Result: NOTE
    Package suggested but not available for checking: ‘magick’
Flavors: r-devel-linux-x86_64-debian-clang, r-patched-solaris-sparc, r-patched-solaris-x86

Version: 0.97.0
Flags: --no-stop-on-test-error
Check: package dependencies
Result: NOTE
    Package suggested but not available for checking: ‘magick’
Flavors: r-devel-linux-x86_64-fedora-clang, r-devel-macos-x86_64-clang

Version: 0.97.0
Flags: --no-stop-on-test-error
Check: installed package size
Result: NOTE
     installed size is 7.7Mb
     sub-directories of 1Mb or more:
     doc 2.0Mb
     fonts 1.5Mb
     libs 2.4Mb
Flavors: r-devel-linux-x86_64-fedora-clang, r-devel-linux-x86_64-fedora-gcc, r-devel-macos-x86_64-clang

Version: 0.97.0
Flags: --no-stop-on-test-error
Check: Rd cross-references
Result: NOTE
    Package unavailable to check Rd xrefs: ‘magick’
Flavors: r-devel-linux-x86_64-fedora-clang, r-devel-macos-x86_64-clang

Version: 0.97.0
Check: installed package size
Result: NOTE
     installed size is 7.2Mb
     sub-directories of 1Mb or more:
     doc 2.0Mb
     fonts 1.5Mb
     libs 1.9Mb
Flavors: r-devel-windows-ix86+x86_64, r-patched-solaris-sparc, r-patched-solaris-x86, r-release-osx-x86_64-mavericks, r-release-windows-ix86+x86_64, r-oldrel-windows-ix86+x86_64

Version: 0.97.0
Check: Rd cross-references
Result: NOTE
    Package unavailable to check Rd xrefs: ‘magick’
Flavors: r-patched-solaris-sparc, r-patched-solaris-x86

Version: 0.97.0
Check: compilation flags in Makevars
Result: NOTE
    Package has both ‘src/Makevars.in’ and ‘src/Makevars’.
    Installation with --no-configure' is unlikely to work. If you intended
    ‘src/Makevars’ to be used on Windows, rename it to ‘src/Makevars.win’
    otherwise remove it. If ‘configure’ created ‘src/Makevars’, you need a
    ‘cleanup’ script.
Flavor: r-patched-solaris-sparc

Version: 0.97.0
Check: compiled code
Result: NOTE
    Note: information on .o files is not available
Flavor: r-patched-solaris-sparc

Version: 0.97.0
Check: re-building of vignette outputs
Result: WARN
    Error in re-building vignettes:
     ...
    Warning in engine$weave(file, quiet = quiet, encoding = enc) :
     Pandoc (>= 1.12.3) and/or pandoc-citeproc not available. Falling back to R Markdown v1.
    Quitting from lines 79-84 (WebGL.Rmd)
    Error: processing vignette 'WebGL.Rmd' failed with diagnostics:
    cannot open the connection
    Execution halted
Flavors: r-patched-solaris-sparc, r-patched-solaris-x86, r-release-osx-x86_64-mavericks