CRAN Package Check Results for Package rgl

Last updated on 2016-08-28 11:48:39.

Flavor Version Tinstall Tcheck Ttotal Status Flags
r-devel-linux-x86_64-debian-clang 0.96.0 23.86 104.29 128.16 NOTE
r-devel-linux-x86_64-debian-gcc 0.96.0 23.41 102.15 125.56 NOTE
r-devel-linux-x86_64-fedora-clang 0.96.0 228.64 NOTE
r-devel-linux-x86_64-fedora-gcc 0.96.0 205.41 NOTE
r-devel-osx-x86_64-clang 0.96.0 79.62 NOTE
r-devel-windows-ix86+x86_64 0.96.0 284.00 299.00 583.00 NOTE
r-patched-linux-x86_64 0.96.0 20.73 102.10 122.82 NOTE
r-patched-solaris-sparc 0.96.0 WARN
r-patched-solaris-x86 0.96.0 158.00 WARN
r-release-linux-x86_64 0.96.0 21.94 104.04 125.99 NOTE
r-release-osx-x86_64-mavericks 0.96.0 FAIL
r-release-windows-ix86+x86_64 0.96.0 257.00 165.00 422.00 NOTE
r-oldrel-windows-ix86+x86_64 0.96.0 146.00 166.00 312.00 NOTE

Check Details

Version: 0.96.0
Check: installed package size
Result: NOTE
     installed size is 7.5Mb
     sub-directories of 1Mb or more:
     doc 2.1Mb
     fonts 1.5Mb
     libs 2.1Mb
Flavors: r-devel-linux-x86_64-debian-clang, r-devel-linux-x86_64-debian-gcc, r-devel-linux-x86_64-fedora-clang, r-devel-linux-x86_64-fedora-gcc, r-devel-osx-x86_64-clang, r-devel-windows-ix86+x86_64, r-patched-linux-x86_64, r-patched-solaris-sparc, r-patched-solaris-x86, r-release-linux-x86_64, r-release-windows-ix86+x86_64, r-oldrel-windows-ix86+x86_64

Version: 0.96.0
Check: compilation flags in Makevars
Result: NOTE
    Package has both ‘src/Makevars.in’ and ‘src/Makevars’.
    Installation with --no-configure' is unlikely to work. If you intended
    ‘src/Makevars’ to be used on Windows, rename it to ‘src/Makevars.win’
    otherwise remove it. If ‘configure’ created ‘src/Makevars’, you need a
    ‘cleanup’ script.
Flavor: r-patched-solaris-sparc

Version: 0.96.0
Check: compiled code
Result: NOTE
    Note: information on .o files is not available
Flavor: r-patched-solaris-sparc

Version: 0.96.0
Check: re-building of vignette outputs
Result: WARN
    Error in re-building vignettes:
     ...
    Warning: It seems you should call rmarkdown::render() instead of knitr::knit2html() because WebGL.Rmd appears to be an R Markdown v2 document.
    Quitting from lines 79-84 (WebGL.Rmd)
    Error: processing vignette 'WebGL.Rmd' failed with diagnostics:
    cannot open the connection
    Execution halted
Flavors: r-patched-solaris-sparc, r-patched-solaris-x86

Version: 0.96.0
Check: whether package can be installed
Result: FAIL
    
Flavor: r-release-osx-x86_64-mavericks