CRAN Package Check Results for Package rgl

Last updated on 2014-04-24 15:50:46.

Flavor Version Tinstall Tcheck Ttotal Status Flags
r-devel-linux-x86_64-debian-clang 0.93.996 15.60 89.76 105.35 OK
r-devel-linux-x86_64-debian-gcc 0.93.996 19.34 88.59 107.93 NOTE
r-devel-linux-x86_64-fedora-clang 0.93.996 176.55 OK
r-devel-linux-x86_64-fedora-gcc 0.93.996 171.94 NOTE
r-devel-osx-x86_64-clang 0.93.996 95.73 OK
r-devel-osx-x86_64-gcc 0.93.996 NOTE
r-devel-windows-ix86+x86_64 0.93.996 131.00 141.00 272.00 OK
r-patched-linux-x86_64 0.93.996 27.68 89.50 117.17 NOTE
r-patched-solaris-sparc 0.93.996 NOTE
r-patched-solaris-x86 0.93.996 128.80 OK
r-release-linux-ix86 0.93.996 37.00 124.00 161.00 OK
r-release-linux-x86_64 0.93.996 28.69 89.64 118.34 NOTE
r-release-osx-x86_64-mavericks 0.93.996 ERROR
r-release-osx-x86_64-snowleopard 0.93.996 NOTE
r-release-windows-ix86+x86_64 0.93.996 136.00 137.00 273.00 OK
r-oldrel-windows-ix86+x86_64 0.93.996 140.00 147.00 287.00 OK

Check Details

Version: 0.93.996
Check: installed package size
Result: NOTE
     installed size is 5.3Mb
     sub-directories of 1Mb or more:
     fonts 1.5Mb
     libs 2.4Mb
Flavors: r-devel-linux-x86_64-debian-gcc, r-devel-linux-x86_64-fedora-gcc, r-devel-osx-x86_64-gcc, r-patched-linux-x86_64, r-release-linux-x86_64, r-release-osx-x86_64-mavericks, r-release-osx-x86_64-snowleopard

Version: 0.93.996
Check: Rd cross-references
Result: NOTE
    Packages unavailable to check Rd xrefs: ‘tkrgl’, ‘emdbook’
Flavor: r-devel-osx-x86_64-gcc

Version: 0.93.996
Check: compilation flags in Makevars
Result: NOTE
    Package has both ‘src/Makevars.in’ and ‘src/Makevars’.
    Installation with --no-configure' is unlikely to work. If you intended
    ‘src/Makevars’ to be used on Windows, rename it to ‘src/Makevars.win’
    otherwise remove it. If ‘configure’ created ‘src/Makevars’, you need a
    ‘cleanup’ script.
Flavor: r-patched-solaris-sparc

Version: 0.93.996
Check: compiled code
Result: NOTE
    Note: information on .o files is not available
Flavor: r-patched-solaris-sparc

Version: 0.93.996
Check: examples
Result: ERROR
    Running examples in ‘rgl-Ex.R’ failed
    The error most likely occurred in:
    
    > ### Name: rgl.pixels
    > ### Title: Extract pixel information from window
    > ### Aliases: rgl.pixels
    > ### Keywords: dynamic
    >
    > ### ** Examples
    >
    > example(surface3d)
    
    srfc3d> #
    srfc3d> # volcano example taken from "persp"
    srfc3d> #
    srfc3d>
    srfc3d> data(volcano)
    
    srfc3d> z <- 2 * volcano # Exaggerate the relief
    
    srfc3d> x <- 10 * (1:nrow(z)) # 10 meter spacing (S to N)
    
    srfc3d> y <- 10 * (1:ncol(z)) # 10 meter spacing (E to W)
    
    srfc3d> zlim <- range(y)
    
    srfc3d> zlen <- zlim[2] - zlim[1] + 1
    
    srfc3d> colorlut <- terrain.colors(zlen) # height color lookup table
    
    srfc3d> col <- colorlut[ z-zlim[1]+1 ] # assign colors to heights for each point
    
    srfc3d> open3d()
    glX
     36
    
    srfc3d> surface3d(x, y, z, color=col, back="lines")
    > depth <- rgl.pixels(component="depth")
    
     *** caught segfault ***
    address 0x1243e8000, cause 'memory not mapped'
    
    Traceback:
     1: .C(rgl_pixels, success = FALSE, ll, size, compnum[i], values = single(size[1] * size[2]))
     2: rgl.pixels(component = "depth")
    aborting ...
Flavor: r-release-osx-x86_64-mavericks