CRAN Package Check Results for Package rgl

Last updated on 2015-04-28 05:47:58.

Flavor Version Tinstall Tcheck Ttotal Status Flags
r-devel-linux-x86_64-debian-clang 0.95.1201 18.19 85.39 103.58 NOTE
r-devel-linux-x86_64-debian-gcc 0.95.1201 29.60 82.70 112.30 NOTE
r-devel-linux-x86_64-fedora-clang 0.95.1201 191.59 NOTE
r-devel-linux-x86_64-fedora-gcc 0.95.1201 172.61 NOTE
r-devel-osx-x86_64-clang 0.95.1201 110.16 NOTE
r-devel-windows-ix86+x86_64 0.95.1201 164.00 134.00 298.00 OK
r-patched-linux-x86_64 0.95.1201 21.17 82.97 104.14 NOTE
r-patched-solaris-sparc 0.95.1201 NOTE
r-patched-solaris-x86 0.95.1201 141.30 OK
r-release-linux-x86_64 0.95.1201 20.77 82.02 102.79 NOTE
r-release-osx-x86_64-mavericks 0.95.1201 ERROR
r-release-osx-x86_64-snowleopard 0.95.1201 ERROR
r-release-windows-ix86+x86_64 0.95.1201 243.00 163.00 406.00 OK
r-oldrel-windows-ix86+x86_64 0.95.1201 114.00 142.00 256.00 OK

Check Details

Version: 0.95.1201
Check: installed package size
Result: NOTE
     installed size is 5.7Mb
     sub-directories of 1Mb or more:
     fonts 1.5Mb
     libs 2.1Mb
Flavors: r-devel-linux-x86_64-debian-clang, r-devel-linux-x86_64-debian-gcc, r-devel-linux-x86_64-fedora-clang, r-devel-linux-x86_64-fedora-gcc, r-devel-osx-x86_64-clang, r-release-linux-x86_64, r-release-osx-x86_64-mavericks

Version: 0.95.1201
Check: compiled code
Result: NOTE
    Note: information on .o files is not available
Flavor: r-patched-solaris-sparc

Version: 0.95.1201
Check: examples
Result: ERROR
    Running examples in ‘rgl-Ex.R’ failed
    The error most likely occurred in:
    
    > ### Name: rgl.pixels
    > ### Title: Extract pixel information from window
    > ### Aliases: rgl.pixels
    > ### Keywords: dynamic
    >
    > ### ** Examples
    >
    > example(surface3d)
    
    srfc3d> #
    srfc3d> # volcano example taken from "persp"
    srfc3d> #
    srfc3d>
    srfc3d> data(volcano)
    
    srfc3d> z <- 2 * volcano # Exaggerate the relief
    
    srfc3d> x <- 10 * (1:nrow(z)) # 10 meter spacing (S to N)
    
    srfc3d> y <- 10 * (1:ncol(z)) # 10 meter spacing (E to W)
    
    srfc3d> zlim <- range(y)
    
    srfc3d> zlen <- zlim[2] - zlim[1] + 1
    
    srfc3d> colorlut <- terrain.colors(zlen) # height color lookup table
    
    srfc3d> col <- colorlut[ z - zlim[1] + 1 ] # assign colors to heights for each point
    
    srfc3d> open3d()
    glX
     43
    
    srfc3d> surface3d(x, y, z, color = col, back = "lines")
    > depth <- rgl.pixels(component = "depth")
    
     *** caught segfault ***
    address 0x126ee0000, cause 'memory not mapped'
    
    Traceback:
     1: .C(rgl_pixels, success = FALSE, ll, size, compnum[i], values = single(size[1] * size[2]))
     2: rgl.pixels(component = "depth")
    aborting ...
Flavor: r-release-osx-x86_64-mavericks

Version: 0.95.1201
Check: tests
Result: ERROR
    Running the tests in ‘tests/demos.R’ failed.
    Last 13 lines of output:
     *** caught segfault ***
     address 0x11209f000, cause 'memory not mapped'
    
     Traceback:
     1: .C(rgl_pixels, success = FALSE, ll, size, compnum[i], values = single(size[1] * size[2]))
     2: rgl.pixels("depth")
     3: randomDot(rgl.cur() - 1, rgl.cur())
     4: eval(expr, envir, enclos)
     5: eval(ei, envir)
     6: withVisible(eval(ei, envir))
     7: source(available, echo = echo, max.deparse.length = Inf, keep.source = TRUE, encoding = encoding)
     8: demo(demo, package = "rgl", character.only = TRUE)
     aborting ...
Flavor: r-release-osx-x86_64-mavericks

Version: 0.95.1201
Check: package dependencies
Result: ERROR
    Packages suggested but not available for checking: ‘knitr’ ‘rmarkdown’
    
    VignetteBuilder package required for checking but not installed: ‘knitr’
    
    See section ‘The DESCRIPTION file’ in the ‘Writing R Extensions’
    manual.
Flavor: r-release-osx-x86_64-snowleopard