CRAN Package Check Results for Package rgl

Last updated on 2015-03-06 14:47:06.

Flavor Version Tinstall Tcheck Ttotal Status Flags
r-devel-linux-x86_64-debian-clang 0.95.1201 17.72 82.63 100.35 NOTE
r-devel-linux-x86_64-debian-gcc 0.95.1201 21.22 82.47 103.70 NOTE
r-devel-linux-x86_64-fedora-clang 0.95.1201 189.97 NOTE
r-devel-linux-x86_64-fedora-gcc 0.95.1201 173.27 NOTE
r-devel-osx-x86_64-clang 0.95.1201 114.76 NOTE
r-devel-windows-ix86+x86_64 0.95.1201 148.00 129.00 277.00 OK
r-patched-linux-x86_64 0.95.1201 21.62 86.20 107.82 NOTE
r-patched-solaris-sparc 0.95.1201 NOTE
r-patched-solaris-x86 0.95.1201 146.70 OK
r-release-linux-ix86 0.95.1201 28.40 105.96 134.36 NOTE
r-release-linux-x86_64 0.95.1201 20.76 85.62 106.37 NOTE
r-release-osx-x86_64-mavericks 0.95.1201 ERROR
r-release-osx-x86_64-snowleopard 0.95.1201 ERROR
r-release-windows-ix86+x86_64 0.95.1201 168.00 140.00 308.00 OK
r-oldrel-windows-ix86+x86_64 0.95.1201 147.00 140.00 287.00 OK

Check Details

Version: 0.95.1201
Check: installed package size
Result: NOTE
     installed size is 5.6Mb
     sub-directories of 1Mb or more:
     fonts 1.5Mb
     libs 2.0Mb
Flavors: r-devel-linux-x86_64-debian-clang, r-devel-linux-x86_64-debian-gcc, r-devel-linux-x86_64-fedora-clang, r-devel-linux-x86_64-fedora-gcc, r-devel-osx-x86_64-clang, r-patched-linux-x86_64, r-release-linux-ix86, r-release-linux-x86_64, r-release-osx-x86_64-mavericks, r-release-osx-x86_64-snowleopard

Version: 0.95.1201
Check: compiled code
Result: NOTE
    Note: information on .o files is not available
Flavor: r-patched-solaris-sparc

Version: 0.95.1201
Check: examples
Result: ERROR
    Running examples in ‘rgl-Ex.R’ failed
    The error most likely occurred in:
    
    > ### Name: rgl.pixels
    > ### Title: Extract pixel information from window
    > ### Aliases: rgl.pixels
    > ### Keywords: dynamic
    >
    > ### ** Examples
    >
    > example(surface3d)
    
    srfc3d> #
    srfc3d> # volcano example taken from "persp"
    srfc3d> #
    srfc3d>
    srfc3d> data(volcano)
    
    srfc3d> z <- 2 * volcano # Exaggerate the relief
    
    srfc3d> x <- 10 * (1:nrow(z)) # 10 meter spacing (S to N)
    
    srfc3d> y <- 10 * (1:ncol(z)) # 10 meter spacing (E to W)
    
    srfc3d> zlim <- range(y)
    
    srfc3d> zlen <- zlim[2] - zlim[1] + 1
    
    srfc3d> colorlut <- terrain.colors(zlen) # height color lookup table
    
    srfc3d> col <- colorlut[ z - zlim[1] + 1 ] # assign colors to heights for each point
    
    srfc3d> open3d()
    glX
     43
    
    srfc3d> surface3d(x, y, z, color = col, back = "lines")
    > depth <- rgl.pixels(component = "depth")
    
     *** caught segfault ***
    address 0x11a4c7000, cause 'memory not mapped'
    
    Traceback:
     1: .C(rgl_pixels, success = FALSE, ll, size, compnum[i], values = single(size[1] * size[2]))
     2: rgl.pixels(component = "depth")
    aborting ...
Flavor: r-release-osx-x86_64-mavericks

Version: 0.95.1201
Check: examples
Result: ERROR
    Running examples in ‘rgl-Ex.R’ failed
    The error most likely occurred in:
    
    > ### Name: points3d
    > ### Title: add primitive set shape
    > ### Aliases: points3d lines3d segments3d triangles3d quads3d
    > ### Keywords: dynamic
    >
    > ### ** Examples
    >
    > # Show 12 random vertices in various ways.
    >
    > M <- matrix(rnorm(36), 3, 12, dimnames = list(c('x', 'y', 'z'),
    + rep(LETTERS[1:4], 3)))
    >
    > # Force 4-tuples to be convex in planes so that quads3d works.
    >
    > for (i in c(1, 5, 9)) {
    + quad <- as.data.frame(M[, i + 0:3])
    + coeffs <- runif(2, 0, 3)
    + if (mean(coeffs) < 1) coeffs <- coeffs + 1 - mean(coeffs)
    + quad$C <- with(quad, coeffs[1]*(B - A) + coeffs[2]*(D - A) + A)
    + M[, i + 0:3] <- as.matrix(quad)
    + }
    >
    > open3d()
    Thu Mar 5 07:49:45 hagal.research.att.com R[59774] <Error>: unknown error code: invalid pixel format
    Thu Mar 5 07:49:45 hagal.research.att.com R[59774] <Error>: kCGErrorFailure: Set a breakpoint @ CGErrorBreakpoint() to catch errors as they are logged.
    X Error of failed request: GLXBadContext
     Major opcode of failed request: 0 ()
     Serial number of failed request: 27
     Current serial number in output stream: 27
Flavor: r-release-osx-x86_64-snowleopard