CRAN Package Check Results for Package rgl

Last updated on 2014-09-02 05:46:43.

Flavor Version Tinstall Tcheck Ttotal Status Flags
r-devel-linux-x86_64-debian-clang 0.93.1098 15.38 86.60 101.99 OK
r-devel-linux-x86_64-debian-gcc 0.93.1098 22.64 85.85 108.48 NOTE
r-devel-linux-x86_64-fedora-clang 0.93.1098 173.92 OK
r-devel-linux-x86_64-fedora-gcc 0.93.1098 163.72 NOTE
r-devel-osx-x86_64-clang 0.93.1098 97.47 OK
r-devel-windows-ix86+x86_64 0.93.1098 143.00 151.00 294.00 OK
r-patched-linux-x86_64 0.93.1098 26.63 88.54 115.17 NOTE
r-patched-solaris-sparc 0.93.1098 NOTE
r-patched-solaris-x86 0.93.1098 132.10 OK
r-release-linux-ix86 0.93.1098 28.16 102.44 130.60 OK
r-release-linux-x86_64 0.93.1098 23.86 88.71 112.57 NOTE
r-release-osx-x86_64-mavericks 0.93.1098 NOTE
r-release-osx-x86_64-snowleopard 0.93.1098 NOTE
r-release-windows-ix86+x86_64 0.93.1098 121.00 149.00 270.00 OK
r-oldrel-windows-ix86+x86_64 0.93.1098 174.00 150.00 324.00 OK

Memtest notes: UBSAN valgrind valgrind

Check Details

Version: 0.93.1098
Check: installed package size
Result: NOTE
     installed size is 5.2Mb
     sub-directories of 1Mb or more:
     fonts 1.5Mb
     libs 2.2Mb
Flavors: r-devel-linux-x86_64-debian-gcc, r-devel-linux-x86_64-fedora-gcc, r-patched-linux-x86_64, r-release-linux-x86_64, r-release-osx-x86_64-mavericks, r-release-osx-x86_64-snowleopard

Version: 0.93.1098
Check: compilation flags in Makevars
Result: NOTE
    Package has both ‘src/Makevars.in’ and ‘src/Makevars’.
    Installation with --no-configure' is unlikely to work. If you intended
    ‘src/Makevars’ to be used on Windows, rename it to ‘src/Makevars.win’
    otherwise remove it. If ‘configure’ created ‘src/Makevars’, you need a
    ‘cleanup’ script.
Flavor: r-patched-solaris-sparc

Version: 0.93.1098
Check: compiled code
Result: NOTE
    Note: information on .o files is not available
Flavor: r-patched-solaris-sparc