CRAN Package Check Results for Package rgl

Last updated on 2016-12-02 18:47:49.

Flavor Version Tinstall Tcheck Ttotal Status Flags
r-devel-linux-x86_64-debian-clang 0.96.0 24.08 115.60 139.68 OK
r-devel-linux-x86_64-debian-gcc 0.96.0 24.48 116.44 140.93 OK
r-devel-linux-x86_64-fedora-clang 0.96.0 249.54 NOTE
r-devel-linux-x86_64-fedora-gcc 0.96.0 232.22 NOTE
r-devel-macos-x86_64-clang 0.96.0 147.59 NOTE
r-devel-windows-ix86+x86_64 0.96.0 179.00 189.00 368.00 NOTE
r-patched-linux-x86_64 0.96.0 20.29 109.36 129.65 OK
r-patched-solaris-sparc 0.96.0 WARN
r-patched-solaris-x86 0.96.0 175.30 WARN
r-release-linux-x86_64 0.96.0 20.22 107.08 127.30 OK
r-release-osx-x86_64-mavericks 0.96.0 WARN
r-release-windows-ix86+x86_64 0.96.0 244.00 203.00 447.00 NOTE
r-oldrel-windows-ix86+x86_64 0.96.0 205.00 224.00 429.00 NOTE

Check Details

Version: 0.96.0
Check: installed package size
Result: NOTE
     installed size is 7.9Mb
     sub-directories of 1Mb or more:
     doc 2.1Mb
     fonts 1.5Mb
     libs 2.4Mb
Flavors: r-devel-linux-x86_64-fedora-clang, r-devel-linux-x86_64-fedora-gcc, r-devel-macos-x86_64-clang, r-devel-windows-ix86+x86_64, r-patched-solaris-sparc, r-patched-solaris-x86, r-release-osx-x86_64-mavericks, r-release-windows-ix86+x86_64, r-oldrel-windows-ix86+x86_64

Version: 0.96.0
Check: compilation flags in Makevars
Result: NOTE
    Package has both ‘src/Makevars.in’ and ‘src/Makevars’.
    Installation with --no-configure' is unlikely to work. If you intended
    ‘src/Makevars’ to be used on Windows, rename it to ‘src/Makevars.win’
    otherwise remove it. If ‘configure’ created ‘src/Makevars’, you need a
    ‘cleanup’ script.
Flavor: r-patched-solaris-sparc

Version: 0.96.0
Check: compiled code
Result: NOTE
    Note: information on .o files is not available
Flavor: r-patched-solaris-sparc

Version: 0.96.0
Check: re-building of vignette outputs
Result: WARN
    Error in re-building vignettes:
     ...
    Warning in engine$weave(file, quiet = quiet, encoding = enc) :
     Pandoc (>= 1.12.3) and/or pandoc-citeproc not available. Falling back to R Markdown v1.
    Quitting from lines 79-84 (WebGL.Rmd)
    Error: processing vignette 'WebGL.Rmd' failed with diagnostics:
    cannot open the connection
    Execution halted
Flavors: r-patched-solaris-sparc, r-patched-solaris-x86

Version: 0.96.0
Check: whether package can be installed
Result: WARN
    Found the following significant warnings:
     Warning: 'rgl_init' failed, running with rgl.useNULL = TRUE
Flavor: r-release-osx-x86_64-mavericks

Version: 0.96.0
Check: whether the namespace can be loaded with stated dependencies
Result: NOTE
    Warning in rgl.init(initValue, onlyNULL) :
     RGL: unable to open X11 display
    Warning: 'rgl_init' failed, running with rgl.useNULL = TRUE
    
    A namespace must be able to be loaded with just the base namespace
    loaded: otherwise if the namespace gets loaded by a saved object, the
    session will be unable to start.
    
    Probably some imports need to be declared in the NAMESPACE file.
Flavor: r-release-osx-x86_64-mavericks

Version: 0.96.0
Check: re-building of vignette outputs
Result: WARN
    Error in re-building vignettes:
     ...
    Warning: It seems you should call rmarkdown::render() instead of knitr::knit2html() because WebGL.Rmd appears to be an R Markdown v2 document.
    Quitting from lines 79-84 (WebGL.Rmd)
    Error: processing vignette 'WebGL.Rmd' failed with diagnostics:
    cannot open the connection
    Execution halted
Flavor: r-release-osx-x86_64-mavericks