CRAN Package Check Results for Package rgl

Last updated on 2016-05-06 20:47:13.

Flavor Version Tinstall Tcheck Ttotal Status Flags
r-devel-linux-x86_64-debian-gcc 0.95.1441 20.56 92.85 113.41 NOTE
r-devel-linux-x86_64-fedora-clang 0.95.1441 196.82 NOTE
r-devel-linux-x86_64-fedora-gcc 0.95.1441 175.42 NOTE
r-devel-osx-x86_64-clang 0.95.1441 147.08 NOTE
r-devel-windows-ix86+x86_64 0.95.1441 228.00 146.00 374.00 NOTE
r-patched-linux-x86_64 0.95.1441 20.52 91.05 111.57 ERROR
r-patched-solaris-sparc 0.95.1441 NOTE
r-patched-solaris-x86 0.95.1441 136.10 NOTE
r-release-linux-x86_64 0.95.1441 20.09 92.04 112.12 NOTE
r-release-osx-x86_64-mavericks 0.95.1441 WARN
r-release-windows-ix86+x86_64 0.95.1441 292.00 189.00 481.00 NOTE
r-oldrel-windows-ix86+x86_64 0.95.1441 233.00 154.00 387.00 NOTE

Check Details

Version: 0.95.1441
Check: installed package size
Result: NOTE
     installed size is 6.8Mb
     sub-directories of 1Mb or more:
     doc 1.2Mb
     fonts 1.5Mb
     libs 2.5Mb
Flavors: r-devel-linux-x86_64-debian-gcc, r-devel-linux-x86_64-fedora-clang, r-devel-linux-x86_64-fedora-gcc, r-devel-osx-x86_64-clang, r-devel-windows-ix86+x86_64, r-patched-linux-x86_64, r-patched-solaris-sparc, r-patched-solaris-x86, r-release-linux-x86_64, r-release-osx-x86_64-mavericks, r-release-windows-ix86+x86_64, r-oldrel-windows-ix86+x86_64

Version: 0.95.1441
Check: tests
Result: ERROR
    Running the tests in ‘tests/demos.R’ failed.
    Last 13 lines of output:
     Error in rgl.window2user((pt[, 1] - 0.5)/leftSize[1], (pt[, 2] - 0.5)/leftSize[2], :
     NA/NaN/Inf in foreign function call (arg 4)
     Calls: demo ... withVisible -> eval -> eval -> randomDot -> rgl.window2user -> .C
     In addition: Warning messages:
     1: In rgl.material(color = color, back = back, ...) :
     RGL: PNG Pixmap Loader Warning: iCCP: known incorrect sRGB profile
     2: In rgl.material(color = color, back = back, ...) :
     RGL: PNG Pixmap Loader Warning: iCCP: gamma value does not match sRGB
     3: In rgl.material(...) :
     RGL: PNG Pixmap Loader Warning: iCCP: known incorrect sRGB profile
     4: In rgl.material(...) :
     RGL: PNG Pixmap Loader Warning: iCCP: gamma value does not match sRGB
     Execution halted
Flavor: r-patched-linux-x86_64

Version: 0.95.1441
Check: compilation flags in Makevars
Result: NOTE
    Package has both ‘src/Makevars.in’ and ‘src/Makevars’.
    Installation with --no-configure' is unlikely to work. If you intended
    ‘src/Makevars’ to be used on Windows, rename it to ‘src/Makevars.win’
    otherwise remove it. If ‘configure’ created ‘src/Makevars’, you need a
    ‘cleanup’ script.
Flavor: r-patched-solaris-sparc

Version: 0.95.1441
Check: compiled code
Result: NOTE
    Note: information on .o files is not available
Flavor: r-patched-solaris-sparc

Version: 0.95.1441
Check: whether package can be installed
Result: WARN
    Found the following significant warnings:
     Warning: 'rgl_init' failed, running with rgl.useNULL = TRUE
Flavor: r-release-osx-x86_64-mavericks

Version: 0.95.1441
Check: whether the namespace can be loaded with stated dependencies
Result: NOTE
    Invalid MIT-MAGIC-COOKIE-1 keyWarning in rgl.init(initValue, onlyNULL) :
     RGL: unable to open X11 display
    Warning: 'rgl_init' failed, running with rgl.useNULL = TRUE
    
    A namespace must be able to be loaded with just the base namespace
    loaded: otherwise if the namespace gets loaded by a saved object, the
    session will be unable to start.
    
    Probably some imports need to be declared in the NAMESPACE file.
Flavor: r-release-osx-x86_64-mavericks

Version: 0.95.1441
Check: dependencies in R code
Result: NOTE
    Invalid MIT-MAGIC-COOKIE-1 key
Flavor: r-release-osx-x86_64-mavericks

Version: 0.95.1441
Check: S3 generic/method consistency
Result: WARN
    Invalid MIT-MAGIC-COOKIE-1 key
    See section ‘Generic functions and methods’ in the ‘Writing R
    Extensions’ manual.
Flavor: r-release-osx-x86_64-mavericks

Version: 0.95.1441
Check: replacement functions
Result: WARN
    Invalid MIT-MAGIC-COOKIE-1 key
    The argument of a replacement function which corresponds to the right
    hand side must be named ‘value’.
Flavor: r-release-osx-x86_64-mavericks

Version: 0.95.1441
Check: foreign function calls
Result: NOTE
    Invalid MIT-MAGIC-COOKIE-1 key
    See chapter ‘System and foreign language interfaces’ in the ‘Writing R
    Extensions’ manual.
Flavor: r-release-osx-x86_64-mavericks

Version: 0.95.1441
Check: R code for possible problems
Result: NOTE
    Invalid MIT-MAGIC-COOKIE-1 key
Flavor: r-release-osx-x86_64-mavericks

Version: 0.95.1441
Check: for missing documentation entries
Result: WARN
    Invalid MIT-MAGIC-COOKIE-1 key
    All user-level objects in a package should have documentation entries.
    See chapter ‘Writing R documentation files’ in the ‘Writing R
    Extensions’ manual.
Flavor: r-release-osx-x86_64-mavericks

Version: 0.95.1441
Check: for code/documentation mismatches
Result: WARN
    Invalid MIT-MAGIC-COOKIE-1 key
    Invalid MIT-MAGIC-COOKIE-1 key
    Invalid MIT-MAGIC-COOKIE-1 key
Flavor: r-release-osx-x86_64-mavericks

Version: 0.95.1441
Check: Rd \usage sections
Result: NOTE
    Invalid MIT-MAGIC-COOKIE-1 key
    The \usage entries for S3 methods should use the \method markup and not
    their full name.
    See chapter ‘Writing R documentation files’ in the ‘Writing R
    Extensions’ manual.
Flavor: r-release-osx-x86_64-mavericks