CRAN Package Check Results for Package rgl

Last updated on 2016-10-01 18:47:38.

Flavor Version Tinstall Tcheck Ttotal Status Flags
r-devel-linux-x86_64-debian-clang 0.96.0 24.43 105.94 130.38 NOTE
r-devel-linux-x86_64-debian-gcc 0.96.0 24.93 104.01 128.95 NOTE
r-devel-linux-x86_64-fedora-clang 0.96.0 228.67 NOTE
r-devel-linux-x86_64-fedora-gcc 0.96.0 202.49 NOTE
r-devel-macos-x86_64-clang 0.96.0 130.04 NOTE
r-devel-windows-ix86+x86_64 0.96.0 329.00 208.00 537.00 NOTE
r-patched-linux-x86_64 0.96.0 21.44 103.59 125.03 NOTE
r-patched-solaris-sparc 0.96.0 WARN
r-patched-solaris-x86 0.96.0 175.80 WARN
r-release-linux-x86_64 0.96.0 22.12 103.32 125.44 NOTE
r-release-osx-x86_64-mavericks 0.96.0 WARN
r-release-windows-ix86+x86_64 0.96.0 176.00 169.00 345.00 NOTE
r-oldrel-windows-ix86+x86_64 0.96.0 143.00 176.00 319.00 NOTE

Check Details

Version: 0.96.0
Check: installed package size
Result: NOTE
     installed size is 7.5Mb
     sub-directories of 1Mb or more:
     doc 2.1Mb
     fonts 1.5Mb
     libs 2.1Mb
Flavors: r-devel-linux-x86_64-debian-clang, r-devel-linux-x86_64-debian-gcc, r-devel-linux-x86_64-fedora-clang, r-devel-linux-x86_64-fedora-gcc, r-devel-macos-x86_64-clang, r-devel-windows-ix86+x86_64, r-patched-linux-x86_64, r-patched-solaris-sparc, r-patched-solaris-x86, r-release-linux-x86_64, r-release-osx-x86_64-mavericks, r-release-windows-ix86+x86_64, r-oldrel-windows-ix86+x86_64

Version: 0.96.0
Check: compilation flags in Makevars
Result: NOTE
    Package has both ‘src/Makevars.in’ and ‘src/Makevars’.
    Installation with --no-configure' is unlikely to work. If you intended
    ‘src/Makevars’ to be used on Windows, rename it to ‘src/Makevars.win’
    otherwise remove it. If ‘configure’ created ‘src/Makevars’, you need a
    ‘cleanup’ script.
Flavor: r-patched-solaris-sparc

Version: 0.96.0
Check: compiled code
Result: NOTE
    Note: information on .o files is not available
Flavor: r-patched-solaris-sparc

Version: 0.96.0
Check: re-building of vignette outputs
Result: WARN
    Error in re-building vignettes:
     ...
    Warning: It seems you should call rmarkdown::render() instead of knitr::knit2html() because WebGL.Rmd appears to be an R Markdown v2 document.
    Quitting from lines 79-84 (WebGL.Rmd)
    Error: processing vignette 'WebGL.Rmd' failed with diagnostics:
    cannot open the connection
    Execution halted
Flavors: r-patched-solaris-sparc, r-patched-solaris-x86, r-release-osx-x86_64-mavericks

Version: 0.96.0
Check: whether package can be installed
Result: WARN
    Found the following significant warnings:
     Warning: 'rgl_init' failed, running with rgl.useNULL = TRUE
Flavor: r-release-osx-x86_64-mavericks

Version: 0.96.0
Check: whether the namespace can be loaded with stated dependencies
Result: NOTE
    Warning in rgl.init(initValue, onlyNULL) :
     RGL: unable to open X11 display
    Warning: 'rgl_init' failed, running with rgl.useNULL = TRUE
    
    A namespace must be able to be loaded with just the base namespace
    loaded: otherwise if the namespace gets loaded by a saved object, the
    session will be unable to start.
    
    Probably some imports need to be declared in the NAMESPACE file.
Flavor: r-release-osx-x86_64-mavericks