CRAN Package Check Results for Package rgl

Last updated on 2022-08-14 04:50:23 CEST.

Flavor Version Tinstall Tcheck Ttotal Status Flags
r-devel-linux-x86_64-debian-clang 0.109.6 116.17 229.96 346.13 OK
r-devel-linux-x86_64-debian-gcc 0.109.6 86.39 167.42 253.81 OK
r-devel-linux-x86_64-fedora-clang 0.109.6 476.96 NOTE
r-devel-linux-x86_64-fedora-gcc 0.109.6 404.67 OK
r-devel-windows-x86_64 0.109.6 253.00 274.00 527.00 NOTE
r-patched-linux-x86_64 0.109.6 107.34 216.52 323.86 OK
r-release-linux-x86_64 0.109.6 97.41 220.05 317.46 OK
r-release-macos-arm64 0.109.6 128.00 NOTE
r-release-macos-x86_64 0.109.6 145.00 ERROR
r-release-windows-x86_64 0.109.6 363.00 271.00 634.00 NOTE
r-oldrel-macos-arm64 0.109.6 124.00 NOTE
r-oldrel-macos-x86_64 0.109.6 143.00 WARN
r-oldrel-windows-ix86+x86_64 0.109.6 360.00 333.00 693.00 NOTE

Additional issues

M1mac

Check Details

Version: 0.109.6
Check: installed package size
Result: NOTE
     installed size is 9.4Mb
     sub-directories of 1Mb or more:
     doc 1.1Mb
     fonts 1.5Mb
     libs 2.4Mb
     useNULL 1.8Mb
Flavors: r-devel-linux-x86_64-fedora-clang, r-devel-windows-x86_64, r-release-macos-arm64, r-release-macos-x86_64, r-release-windows-x86_64, r-oldrel-macos-arm64, r-oldrel-macos-x86_64, r-oldrel-windows-ix86+x86_64

Version: 0.109.6
Check: re-building of vignette outputs
Result: ERROR
    Error(s) in re-building vignettes:
     ...
    --- re-building ‘WebGL.Rmd’ using rmarkdown
Flavor: r-release-macos-x86_64

Version: 0.109.6
Check: Rd cross-references
Result: NOTE
    Package unavailable to check Rd xrefs: ‘interp’
Flavor: r-oldrel-macos-arm64

Version: 0.109.6
Check: re-building of vignette outputs
Result: WARN
    Error(s) in re-building vignettes:
     ...
    sh: line 1: 72419 Abort trap: 6 '/Library/Frameworks/R.framework/Resources/bin/R' --vanilla --no-echo > '/Volumes/Temp/tmp/Rtmp3OvaK2/file11ade2c643d9d' 2>&1 < '/Volumes/Temp/tmp/Rtmp3OvaK2/file11ade6909252f'
    --- re-building ‘WebGL.Rmd’ using rmarkdown
    --- re-building ‘pkgdown.Rmd’ using rmarkdown
    --- finished re-building ‘pkgdown.Rmd’
    
    sh: line 1: 72439 Abort trap: 6 '/Library/Frameworks/R.framework/Resources/bin/R' --vanilla --no-echo > '/Volumes/Temp/tmp/Rtmp3OvaK2/file11ade322e22b5' 2>&1 < '/Volumes/Temp/tmp/Rtmp3OvaK2/file11ade72e8b2cf'
    --- re-building ‘rgl.Rmd’ using rmarkdown
    --- re-building ‘transparency.Rmd’ using rmarkdown
    --- finished re-building ‘transparency.Rmd’
    
    SUMMARY: processing the following files failed:
     ‘WebGL.Rmd’ ‘rgl.Rmd’
    
    Error: Vignette re-building failed.
    Execution halted
Flavor: r-oldrel-macos-x86_64