CRAN Package Check Results for Package rgl

Last updated on 2017-10-23 14:48:56.

Flavor Version Tinstall Tcheck Ttotal Status Flags
r-devel-linux-x86_64-debian-clang 0.98.1 25.13 110.48 135.61 OK
r-devel-linux-x86_64-debian-gcc 0.98.1 26.60 115.06 141.67 OK
r-devel-linux-x86_64-fedora-clang 0.98.1 255.35 NOTE
r-devel-linux-x86_64-fedora-gcc 0.98.1 238.10 NOTE
r-devel-windows-ix86+x86_64 0.98.1 272.00 211.00 483.00 NOTE
r-patched-linux-x86_64 0.98.1 24.92 109.39 134.31 OK
r-patched-solaris-x86 0.98.1 235.10 WARN
r-release-linux-x86_64 0.98.1 24.47 119.80 144.27 OK
r-release-windows-ix86+x86_64 0.98.1 250.00 262.00 512.00 NOTE
r-release-osx-x86_64 0.98.1 WARN
r-oldrel-windows-ix86+x86_64 0.98.1 194.00 172.00 366.00 NOTE
r-oldrel-osx-x86_64 0.98.1 WARN

Additional issues

rchk

Check Details

Version: 0.98.1
Check: package dependencies
Result: NOTE
    Package suggested but not available for checking: ‘magick’
Flavors: r-devel-linux-x86_64-fedora-clang, r-patched-solaris-x86

Version: 0.98.1
Check: installed package size
Result: NOTE
     installed size is 8.5Mb
     sub-directories of 1Mb or more:
     doc 2.6Mb
     fonts 1.5Mb
     libs 2.5Mb
Flavors: r-devel-linux-x86_64-fedora-clang, r-devel-linux-x86_64-fedora-gcc, r-devel-windows-ix86+x86_64, r-patched-solaris-x86, r-release-windows-ix86+x86_64, r-release-osx-x86_64, r-oldrel-windows-ix86+x86_64, r-oldrel-osx-x86_64

Version: 0.98.1
Check: Rd cross-references
Result: NOTE
    Package unavailable to check Rd xrefs: ‘magick’
Flavors: r-devel-linux-x86_64-fedora-clang, r-patched-solaris-x86

Version: 0.98.1
Check: re-building of vignette outputs
Result: WARN
    Error in re-building vignettes:
     ...
    Warning in engine$weave(file, quiet = quiet, encoding = enc) :
     Pandoc (>= 1.12.3) and/or pandoc-citeproc not available. Falling back to R Markdown v1.
    Quitting from lines 17-19 (WebGL.Rmd)
    Error: processing vignette 'WebGL.Rmd' failed with diagnostics:
    These vignettes assume pandoc version 1.13.1; older versions will not work.
    Execution halted
Flavors: r-patched-solaris-x86, r-release-osx-x86_64, r-oldrel-osx-x86_64