CRAN Package Check Results for Package rgl2gltf

Last updated on 2024-07-22 06:49:18 CEST.

Flavor Version Tinstall Tcheck Ttotal Status Flags
r-devel-linux-x86_64-debian-clang 1.0.3 12.08 90.43 102.51 OK
r-devel-linux-x86_64-debian-gcc 1.0.3 10.50 67.05 77.55 NOTE
r-devel-linux-x86_64-fedora-clang 1.0.3 116.42 OK
r-devel-linux-x86_64-fedora-gcc 1.0.3 134.88 OK
r-devel-windows-x86_64 1.0.3 18.00 94.00 112.00 NOTE
r-patched-linux-x86_64 1.0.3 16.82 83.89 100.71 OK
r-release-linux-x86_64 1.0.3 11.18 83.96 95.14 OK
r-release-macos-arm64 1.0.3 41.00 OK
r-release-macos-x86_64 1.0.3 73.00 OK
r-release-windows-x86_64 1.0.3 15.00 95.00 110.00 OK
r-oldrel-macos-arm64 1.0.3 41.00 OK
r-oldrel-macos-x86_64 1.0.3 71.00 OK
r-oldrel-windows-x86_64 1.0.3 17.00 104.00 121.00 OK

Additional issues

noRemap

Check Details

Version: 1.0.3
Check: Rd cross-references
Result: NOTE Found the following Rd file(s) with Rd \link{} targets missing package anchors: Gltf.Rd: Buffer as.gltf.Rd: scene3d as.rglscene.Rd: scene3d, rglwidget gltfWidget.Rd: open3d, playwidget modifyShaders.Rd: getShaders playgltf.Rd: plot3d.rglscene, open3d setPBRshaders.Rd: setUserShaders showTags.Rd: text3d Please provide package anchors for all Rd \link{} targets not in the package itself and the base packages. Flavors: r-devel-linux-x86_64-debian-gcc, r-devel-windows-x86_64