CRAN Package Check Results for Package rglwidget

Last updated on 2019-08-26 11:48:54 CEST.

Flavor Version Tinstall Tcheck Ttotal Status Flags
r-devel-linux-x86_64-debian-clang 0.2.1 2.97 25.67 28.64 OK
r-devel-linux-x86_64-debian-gcc 0.2.1 2.66 21.21 23.87 OK
r-devel-linux-x86_64-fedora-clang 0.2.1 36.13 OK
r-devel-linux-x86_64-fedora-gcc 0.2.1 33.66 OK
r-devel-windows-ix86+x86_64 0.2.1 18.00 43.00 61.00 OK
r-patched-linux-x86_64 0.2.1 2.62 25.51 28.13 OK
r-patched-solaris-x86 0.2.1 55.70 OK
r-release-linux-x86_64 0.2.1 2.67 25.72 28.39 OK
r-release-windows-ix86+x86_64 0.2.1 7.00 39.00 46.00 OK
r-release-osx-x86_64 0.2.1 WARN
r-oldrel-windows-ix86+x86_64 0.2.1 7.00 59.00 66.00 OK
r-oldrel-osx-x86_64 0.2.1 OK

Check Details

Version: 0.2.1
Check: whether package can be installed
Result: WARN
    Found the following significant warnings:
     Warning: 'rgl_init' failed, running with rgl.useNULL = TRUE
Flavor: r-release-osx-x86_64