CRAN Package Check Results for Package rglwidget

Last updated on 2021-04-12 02:47:53 CEST.

Flavor Version Tinstall Tcheck Ttotal Status Flags
r-devel-linux-x86_64-debian-clang 0.2.1 3.64 35.43 39.07 NOTE
r-devel-linux-x86_64-debian-gcc 0.2.1 3.02 27.96 30.98 NOTE
r-devel-linux-x86_64-fedora-clang 0.2.1 57.18 NOTE
r-devel-linux-x86_64-fedora-gcc 0.2.1 44.53 NOTE
r-devel-windows-ix86+x86_64 0.2.1 11.00 54.00 65.00 NOTE
r-devel-windows-x86_64-gcc10-UCRT 0.2.1 NOTE
r-patched-linux-x86_64 0.2.1 3.41 34.23 37.64 OK
r-patched-solaris-x86 0.2.1 69.70 OK
r-release-linux-x86_64 0.2.1 3.90 34.13 38.03 OK
r-release-macos-x86_64 0.2.1 OK
r-release-windows-ix86+x86_64 0.2.1 10.00 55.00 65.00 OK
r-oldrel-macos-x86_64 0.2.1 WARN
r-oldrel-windows-ix86+x86_64 0.2.1 6.00 41.00 47.00 OK

Check Details

Version: 0.2.1
Check: LazyData
Result: NOTE
     'LazyData' is specified without a 'data' directory
Flavors: r-devel-linux-x86_64-debian-clang, r-devel-linux-x86_64-debian-gcc, r-devel-linux-x86_64-fedora-clang, r-devel-linux-x86_64-fedora-gcc, r-devel-windows-ix86+x86_64, r-devel-windows-x86_64-gcc10-UCRT

Version: 0.2.1
Check: whether package can be installed
Result: WARN
    Found the following significant warnings:
     Warning: 'rgl_init' failed, running with rgl.useNULL = TRUE
Flavor: r-oldrel-macos-x86_64