CRAN Package Check Results for Package rgp

Last updated on 2014-10-31 08:47:15.

Flavor Version Tinstall Tcheck Ttotal Status Flags
r-devel-linux-x86_64-debian-clang 0.4-1 4.31 25.78 30.09 NOTE
r-devel-linux-x86_64-debian-gcc 0.4-1 6.14 24.87 31.01 NOTE
r-devel-linux-x86_64-fedora-clang 0.4-1 56.85 NOTE
r-devel-linux-x86_64-fedora-gcc 0.4-1 57.64 NOTE
r-devel-osx-x86_64-clang 0.4-1 59.18 NOTE
r-devel-windows-ix86+x86_64 0.4-1 23.00 43.00 66.00 NOTE
r-patched-linux-x86_64 0.4-1 6.04 25.76 31.80 NOTE
r-patched-solaris-sparc 0.4-1 362.90 NOTE
r-patched-solaris-x86 0.4-1 94.60 NOTE
r-release-linux-ix86 0.4-1 6.78 40.62 47.40 OK
r-release-linux-x86_64 0.4-1 6.11 26.56 32.68 OK
r-release-osx-x86_64-mavericks 0.4-1 NOTE
r-release-osx-x86_64-snowleopard 0.4-1 OK
r-release-windows-ix86+x86_64 0.4-1 21.00 47.00 68.00 NOTE
r-oldrel-windows-ix86+x86_64 0.4-1 24.00 45.00 69.00 NOTE

Check Details

Version: 0.4-1
Check: R code for possible problems
Result: NOTE
    exprToIgraph: no visible global function definition for ‘graph’
    exprToIgraph: no visible global function definition for ‘V’
    exprToIgraph: no visible global function definition for ‘V<-’
    multiNicheGeneticProgramming: no visible binding for global variable
     ‘sfClusterApplyLB’
    multiNicheGeneticProgramming: no visible binding for global variable
     ‘sfExport’
    multiNicheSymbolicRegression: no visible binding for global variable
     ‘sfClusterApplyLB’
    multiNicheSymbolicRegression: no visible binding for global variable
     ‘sfExport’
Flavors: r-devel-linux-x86_64-debian-clang, r-devel-linux-x86_64-debian-gcc, r-devel-linux-x86_64-fedora-clang, r-devel-linux-x86_64-fedora-gcc, r-devel-osx-x86_64-clang, r-devel-windows-ix86+x86_64, r-patched-linux-x86_64, r-patched-solaris-sparc, r-patched-solaris-x86

Version: 0.4-1
Check: re-building of vignette outputs
Result: NOTE
    Error in re-building vignettes:
     ...
    ype1/public/amsfonts/cm/cmr9.pfb><d:/Compiler/texmf/fonts/type1/public/amsfonts
    /cm/cmsltt10.pfb><d:/Compiler/texmf/fonts/type1/public/amsfonts/cm/cmss10.pfb><
    d:/Compiler/texmf/fonts/type1/public/amsfonts/cm/cmss8.pfb><d:/Compiler/texmf/f
    onts/type1/public/amsfonts/cm/cmss9.pfb><d:/Compiler/texmf/fonts/type1/public/a
    msfonts/cm/cmsy10.pfb><d:/Compiler/texmf/fonts/type1/public/amsfonts/cm/cmti10.
    pfb><d:/Compiler/texmf/fonts/type1/public/amsfonts/cm/cmti12.pfb><d:/Compiler/t
    exmf/fonts/type1/public/amsfonts/cm/cmtt10.pfb><d:/Compiler/texmf/fonts/type1/p
    ublic/amsfonts/cm/cmtt8.pfb><d:/Compiler/texmf/fonts/type1/public/mathpazo/fplm
    ri.pfb><d:/Compiler/texmf/fonts/type1/public/cm-super/sfrm0900.pfb><d:/Compiler
    /texmf/fonts/type1/public/cm-super/sfrm1000.pfb><d:/Compiler/texmf/fonts/type1/
    urw/palatino/uplr8a.pfb><d:/Compiler/texmf/fonts/type1/urw/palatino/uplri8a.pfb
    >
    Output written on rgp_introduction.pdf (16 pages, 431311 bytes).
    Transcript written on rgp_introduction.log.
    libpng warning: iCCP: known incorrect sRGB profile
    "D:/RCompile/recent/R/bin/Rscript" -e "tools::compactPDF('rgp_introduction.pdf', gs_quality='ebook')"
     compacted 'rgp_introduction.pdf' from 421Kb to 205Kb
    rm -f Rplots.pdf
    rm: cannot remove `Rplots.pdf': Device or resource busy
    make[1]: *** [pdf] Error 1
    make[1]: Leaving directory `/cygdrive/d/RCompile/CRANpkg/local/3.2/rgp.Rcheck/vign_test/rgp/vignettes'
    Warning: running command 'make' had status 2
    Error in buildVignettes(dir = "d:/Rcompile/CRANpkg/local/3.2/rgp.Rcheck/vign_test/rgp") :
     running 'make' failed
    Execution halted
Flavor: r-devel-windows-ix86+x86_64

Version: 0.4-1
Check: re-building of vignette outputs
Result: NOTE
    Error in re-building vignettes:
     ...
    Babel <3.9f> and hyphenation patterns for 21 languages loaded.
    (./tufte-handout.cls
    Document Class: tufte-handout 2009/12/11 v3.5.0 Tufte-handout class
    (./tufte-common.def
    (/usr/local/texlive/2013basic/texmf-dist/tex/latex/xkeyval/xkeyval.sty
    (/usr/local/texlive/2013basic/texmf-dist/tex/generic/xkeyval/xkeyval.tex
    (/usr/local/texlive/2013basic/texmf-dist/tex/generic/xkeyval/keyval.tex)))
    
    ! LaTeX Error: File `xifthen.sty' not found.
    
    Type X to quit or <RETURN> to proceed,
    or enter new name. (Default extension: sty)
    
    Enter file name:
    ! Emergency stop.
    <read *>
    
    l.14 ^^M
    
    ! ==> Fatal error occurred, no output PDF file produced!
    Transcript written on rgp_introduction.log.
    make: *** [pdf] Error 1
    Error in buildVignettes(dir = "/Builds/CRAN-QA-Simon/packages/mavericks-x86_64/results/3.1/rgp.Rcheck/vign_test/rgp") :
     running 'make' failed
    Execution halted
Flavor: r-release-osx-x86_64-mavericks

Version: 0.4-1
Check: re-building of vignette outputs
Result: NOTE
    Error in re-building vignettes:
     ...
    ype1/public/amsfonts/cm/cmr9.pfb><d:/Compiler/texmf/fonts/type1/public/amsfonts
    /cm/cmsltt10.pfb><d:/Compiler/texmf/fonts/type1/public/amsfonts/cm/cmss10.pfb><
    d:/Compiler/texmf/fonts/type1/public/amsfonts/cm/cmss8.pfb><d:/Compiler/texmf/f
    onts/type1/public/amsfonts/cm/cmss9.pfb><d:/Compiler/texmf/fonts/type1/public/a
    msfonts/cm/cmsy10.pfb><d:/Compiler/texmf/fonts/type1/public/amsfonts/cm/cmti10.
    pfb><d:/Compiler/texmf/fonts/type1/public/amsfonts/cm/cmti12.pfb><d:/Compiler/t
    exmf/fonts/type1/public/amsfonts/cm/cmtt10.pfb><d:/Compiler/texmf/fonts/type1/p
    ublic/amsfonts/cm/cmtt8.pfb><d:/Compiler/texmf/fonts/type1/public/mathpazo/fplm
    ri.pfb><d:/Compiler/texmf/fonts/type1/public/cm-super/sfrm0900.pfb><d:/Compiler
    /texmf/fonts/type1/public/cm-super/sfrm1000.pfb><d:/Compiler/texmf/fonts/type1/
    urw/palatino/uplr8a.pfb><d:/Compiler/texmf/fonts/type1/urw/palatino/uplri8a.pfb
    >
    Output written on rgp_introduction.pdf (16 pages, 431311 bytes).
    Transcript written on rgp_introduction.log.
    libpng warning: iCCP: known incorrect sRGB profile
    "D:/RCompile/recent/R-31~1.1/bin/Rscript" -e "tools::compactPDF('rgp_introduction.pdf', gs_quality='ebook')"
     compacted 'rgp_introduction.pdf' from 421Kb to 205Kb
    rm -f Rplots.pdf
    rm: cannot remove `Rplots.pdf': Device or resource busy
    make[1]: *** [pdf] Error 1
    make[1]: Leaving directory `/cygdrive/d/RCompile/CRANpkg/local/3.1/rgp.Rcheck/vign_test/rgp/vignettes'
    Warning: running command 'make' had status 2
    Error in buildVignettes(dir = "d:/Rcompile/CRANpkg/local/3.1/rgp.Rcheck/vign_test/rgp") :
     running 'make' failed
    Execution halted
Flavor: r-release-windows-ix86+x86_64

Version: 0.4-1
Check: re-building of vignette outputs
Result: NOTE
    Error in re-building vignettes:
     ...
    ype1/public/amsfonts/cm/cmr9.pfb><d:/Compiler/texmf/fonts/type1/public/amsfonts
    /cm/cmsltt10.pfb><d:/Compiler/texmf/fonts/type1/public/amsfonts/cm/cmss10.pfb><
    d:/Compiler/texmf/fonts/type1/public/amsfonts/cm/cmss8.pfb><d:/Compiler/texmf/f
    onts/type1/public/amsfonts/cm/cmss9.pfb><d:/Compiler/texmf/fonts/type1/public/a
    msfonts/cm/cmsy10.pfb><d:/Compiler/texmf/fonts/type1/public/amsfonts/cm/cmti10.
    pfb><d:/Compiler/texmf/fonts/type1/public/amsfonts/cm/cmti12.pfb><d:/Compiler/t
    exmf/fonts/type1/public/amsfonts/cm/cmtt10.pfb><d:/Compiler/texmf/fonts/type1/p
    ublic/amsfonts/cm/cmtt8.pfb><d:/Compiler/texmf/fonts/type1/public/mathpazo/fplm
    ri.pfb><d:/Compiler/texmf/fonts/type1/public/cm-super/sfrm0900.pfb><d:/Compiler
    /texmf/fonts/type1/public/cm-super/sfrm1000.pfb><d:/Compiler/texmf/fonts/type1/
    urw/palatino/uplr8a.pfb><d:/Compiler/texmf/fonts/type1/urw/palatino/uplri8a.pfb
    >
    Output written on rgp_introduction.pdf (16 pages, 431311 bytes).
    Transcript written on rgp_introduction.log.
    libpng warning: iCCP: known incorrect sRGB profile
    "D:/Rcompile/recent/R-30~1.3/bin/Rscript" -e "tools::compactPDF('rgp_introduction.pdf', gs_quality='ebook')"
     compacted 'rgp_introduction.pdf' from 421Kb to 205Kb
    rm -f Rplots.pdf
    rm: cannot remove `Rplots.pdf': Device or resource busy
    make[1]: *** [pdf] Error 1
    make[1]: Leaving directory `/cygdrive/d/RCompile/CRANpkg/local/3.0/rgp.Rcheck/vign_test/rgp/vignettes'
    Warning: running command 'make' had status 2
    Error in buildVignettes(dir = "d:/Rcompile/CRANpkg/local/3.0/rgp.Rcheck/vign_test/rgp") :
     running 'make' failed
    Execution halted
Flavor: r-oldrel-windows-ix86+x86_64