CRAN Package Check Results for Package rgp

Last updated on 2014-04-24 15:50:46.

Flavor Version Tinstall Tcheck Ttotal Status Flags
r-devel-linux-x86_64-debian-clang 0.4-0 3.74 26.96 30.70 OK
r-devel-linux-x86_64-debian-gcc 0.4-0 6.20 27.90 34.10 OK
r-devel-linux-x86_64-fedora-clang 0.4-0 65.02 WARN
r-devel-linux-x86_64-fedora-gcc 0.4-0 63.88 WARN
r-devel-osx-x86_64-clang 0.4-0 60.09 OK
r-devel-osx-x86_64-gcc 0.4-0 NOTE
r-devel-windows-ix86+x86_64 0.4-0 22.00 48.00 70.00 OK
r-patched-linux-x86_64 0.4-0 5.96 26.50 32.46 OK
r-patched-solaris-sparc 0.4-0 341.20 OK
r-patched-solaris-x86 0.4-0 93.00 OK
r-release-linux-ix86 0.4-0 9.00 50.00 59.00 OK
r-release-linux-x86_64 0.4-0 5.96 27.41 33.37 OK
r-release-osx-x86_64-mavericks 0.4-0 WARN
r-release-osx-x86_64-snowleopard 0.4-0 NOTE
r-release-windows-ix86+x86_64 0.4-0 20.00 47.00 67.00 OK
r-oldrel-windows-ix86+x86_64 0.4-0 24.00 48.00 72.00 OK

Check Details

Version: 0.4-0
Check: sizes of PDF files under ‘inst/doc’
Result: WARNING
     ‘gs+qpdf’ made some significant size reductions:
     compacted ‘rgp_introduction.pdf’ from 483Kb to 230Kb
     consider running tools::compactPDF(gs_quality = "ebook") on these files
Flavors: r-devel-linux-x86_64-fedora-clang, r-devel-linux-x86_64-fedora-gcc

Version: 0.4-0
Check: package dependencies
Result: NOTE
    Packages suggested but not available for checking: ‘igraph’ ‘rgpui’
Flavor: r-devel-osx-x86_64-gcc

Version: 0.4-0
Check: R code for possible problems
Result: NOTE
    exprToIgraph: no visible global function definition for ‘graph’
    exprToIgraph: no visible global function definition for ‘V’
    exprToIgraph: no visible global function definition for ‘V<-’
Flavor: r-devel-osx-x86_64-gcc

Version: 0.4-0
Check: re-building of vignette outputs
Result: NOTE
    Error in re-building vignettes:
     ...
    Babel <3.9f> and hyphenation patterns for 21 languages loaded.
    (./tufte-handout.cls
    Document Class: tufte-handout 2009/12/11 v3.5.0 Tufte-handout class
    (./tufte-common.def
    (/usr/local/texlive/2013basic/texmf-dist/tex/latex/xkeyval/xkeyval.sty
    (/usr/local/texlive/2013basic/texmf-dist/tex/generic/xkeyval/xkeyval.tex
    (/usr/local/texlive/2013basic/texmf-dist/tex/generic/xkeyval/keyval.tex)))
    
    ! LaTeX Error: File `xifthen.sty' not found.
    
    Type X to quit or <RETURN> to proceed,
    or enter new name. (Default extension: sty)
    
    Enter file name:
    ! Emergency stop.
    <read *>
    
    l.14 ^^M
    
    ! ==> Fatal error occurred, no output PDF file produced!
    Transcript written on rgp_introduction.log.
    make: *** [pdf] Error 1
    Error in buildVignettes(dir = "/Builds/CRAN-QA-Simon/packages/mavericks-x86_64/results/3.1/rgp.Rcheck/vign_test/rgp") :
     running 'make' failed
    Execution halted
Flavor: r-release-osx-x86_64-mavericks

Version: 0.4-0
Check: PDF version of manual
Result: WARNING
    LaTeX errors when creating PDF version.
    This typically indicates Rd problems.
    LaTeX errors found:
    ! LaTeX Error: File `upquote.sty' not found.
    
    Type X to quit or <RETURN> to proceed,
    or enter new name. (Default extension: sty)
    
    39471c46/Rd2.tex:8: ==> Fatal error occurred, no output PDF file produced!
Flavor: r-release-osx-x86_64-mavericks

Version: 0.4-0
Check: package dependencies
Result: NOTE
    Package suggested but not available for checking: ‘rgpui’
Flavor: r-release-osx-x86_64-snowleopard