CRAN Package Check Results for Package rgp

Last updated on 2014-07-25 19:50:19.

Flavor Version Tinstall Tcheck Ttotal Status Flags
r-devel-linux-x86_64-debian-clang 0.4-0 3.57 25.79 29.36 OK
r-devel-linux-x86_64-debian-gcc 0.4-0 6.26 25.12 31.38 OK
r-devel-linux-x86_64-fedora-clang 0.4-0 64.60 WARN
r-devel-linux-x86_64-fedora-gcc 0.4-0 61.37 WARN
r-devel-osx-x86_64-clang 0.4-0 51.34 OK
r-devel-windows-ix86+x86_64 0.4-0 25.00 51.00 76.00 OK
r-patched-linux-x86_64 0.4-0 6.32 24.83 31.15 OK
r-patched-solaris-sparc 0.4-0 360.00 OK
r-patched-solaris-x86 0.4-0 97.60 WARN
r-release-linux-ix86 0.4-0 7.89 35.68 43.58 OK
r-release-linux-x86_64 0.4-0 6.26 25.46 31.72 OK
r-release-osx-x86_64-mavericks 0.4-0 NOTE
r-release-osx-x86_64-snowleopard 0.4-0 NOTE
r-release-windows-ix86+x86_64 0.4-0 23.00 50.00 73.00 OK
r-oldrel-windows-ix86+x86_64 0.4-0 24.00 49.00 73.00 OK

Check Details

Version: 0.4-0
Check: sizes of PDF files under ‘inst/doc’
Result: WARNING
     ‘gs+qpdf’ made some significant size reductions:
     compacted ‘rgp_introduction.pdf’ from 483Kb to 230Kb
     consider running tools::compactPDF(gs_quality = "ebook") on these files
Flavors: r-devel-linux-x86_64-fedora-clang, r-devel-linux-x86_64-fedora-gcc, r-patched-solaris-x86

Version: 0.4-0
Check: re-building of vignette outputs
Result: NOTE
    Error in re-building vignettes:
     ...
    Babel <3.9f> and hyphenation patterns for 21 languages loaded.
    (./tufte-handout.cls
    Document Class: tufte-handout 2009/12/11 v3.5.0 Tufte-handout class
    (./tufte-common.def
    (/usr/local/texlive/2013basic/texmf-dist/tex/latex/xkeyval/xkeyval.sty
    (/usr/local/texlive/2013basic/texmf-dist/tex/generic/xkeyval/xkeyval.tex
    (/usr/local/texlive/2013basic/texmf-dist/tex/generic/xkeyval/keyval.tex)))
    
    ! LaTeX Error: File `xifthen.sty' not found.
    
    Type X to quit or <RETURN> to proceed,
    or enter new name. (Default extension: sty)
    
    Enter file name:
    ! Emergency stop.
    <read *>
    
    l.14 ^^M
    
    ! ==> Fatal error occurred, no output PDF file produced!
    Transcript written on rgp_introduction.log.
    make: *** [pdf] Error 1
    Error in buildVignettes(dir = "/Builds/CRAN-QA-Simon/packages/mavericks-x86_64/results/3.1/rgp.Rcheck/vign_test/rgp") :
     running 'make' failed
    Execution halted
Flavor: r-release-osx-x86_64-mavericks

Version: 0.4-0
Check: package dependencies
Result: NOTE
    Package suggested but not available for checking: ‘rgpui’
Flavor: r-release-osx-x86_64-snowleopard