CRAN Package Check Results for Package rgpui

Last updated on 2015-01-27 01:48:12.

Flavor Version Tinstall Tcheck Ttotal Status Flags
r-devel-linux-x86_64-debian-clang 0.1-2 1.39 16.79 18.18 OK
r-devel-linux-x86_64-debian-gcc 0.1-2 1.15 16.28 17.44 OK
r-devel-linux-x86_64-fedora-clang 0.1-2 46.93 OK
r-devel-linux-x86_64-fedora-gcc 0.1-2 44.41 OK
r-devel-osx-x86_64-clang 0.1-2 43.98 OK
r-devel-windows-ix86+x86_64 0.1-2 4.00 27.00 31.00 NOTE
r-patched-linux-x86_64 0.1-2 1.62 21.09 22.71 OK
r-patched-solaris-sparc 0.1-2 255.60 OK
r-patched-solaris-x86 0.1-2 62.00 OK
r-release-linux-ix86 0.1-2 2.04 27.42 29.46 OK
r-release-linux-x86_64 0.1-2 1.58 21.11 22.69 OK
r-release-osx-x86_64-mavericks 0.1-2 OK
r-release-osx-x86_64-snowleopard 0.1-2 OK
r-release-windows-ix86+x86_64 0.1-2 10.00 42.00 52.00 NOTE
r-oldrel-windows-ix86+x86_64 0.1-2 10.00 61.00 71.00 NOTE

Check Details

Version: 0.1-2
Check: R code for possible problems
Result: NOTE
    server: no visible global function definition for 'mcparallel'
Flavors: r-devel-windows-ix86+x86_64, r-release-windows-ix86+x86_64, r-oldrel-windows-ix86+x86_64