CRAN Package Check Results for Package rgpui

Last updated on 2015-04-26 12:46:38.

Flavor Version Tinstall Tcheck Ttotal Status Flags
r-devel-linux-x86_64-debian-clang 0.1-2 1.16 15.46 16.62 OK
r-devel-linux-x86_64-debian-gcc 0.1-2 1.08 15.43 16.51 OK
r-devel-linux-x86_64-fedora-clang 0.1-2 33.02 OK
r-devel-linux-x86_64-fedora-gcc 0.1-2 31.13 OK
r-devel-osx-x86_64-clang 0.1-2 33.90 OK
r-devel-windows-ix86+x86_64 0.1-2 4.00 27.00 31.00 NOTE
r-patched-linux-x86_64 0.1-2 1.11 15.41 16.52 OK
r-patched-solaris-sparc 0.1-2 218.20 OK
r-patched-solaris-x86 0.1-2 46.70 OK
r-release-linux-x86_64 0.1-2 1.06 15.47 16.54 OK
r-release-osx-x86_64-mavericks 0.1-2 OK
r-release-osx-x86_64-snowleopard 0.1-2 ERROR
r-release-windows-ix86+x86_64 0.1-2 4.00 27.00 31.00 NOTE
r-oldrel-windows-ix86+x86_64 0.1-2 6.00 47.00 53.00 NOTE

Check Details

Version: 0.1-2
Check: R code for possible problems
Result: NOTE
    server: no visible global function definition for 'mcparallel'
Flavors: r-devel-windows-ix86+x86_64, r-release-windows-ix86+x86_64, r-oldrel-windows-ix86+x86_64