CRAN Package Check Results for Package rgpui

Last updated on 2014-12-20 09:53:53.

Flavor Version Tinstall Tcheck Ttotal Status Flags
r-devel-linux-x86_64-debian-clang 0.1-2 1.55 20.41 21.96 OK
r-devel-linux-x86_64-debian-gcc 0.1-2 1.50 20.26 21.76 OK
r-devel-linux-x86_64-fedora-clang 0.1-2 46.12 OK
r-devel-linux-x86_64-fedora-gcc 0.1-2 40.48 OK
r-devel-osx-x86_64-clang 0.1-2 43.60 OK
r-devel-windows-ix86+x86_64 0.1-2 7.00 41.00 48.00 NOTE
r-patched-linux-x86_64 0.1-2 1.58 20.83 22.42 OK
r-patched-solaris-sparc 0.1-2 244.80 OK
r-patched-solaris-x86 0.1-2 61.30 OK
r-release-linux-ix86 0.1-2 2.01 27.20 29.21 OK
r-release-linux-x86_64 0.1-2 1.60 21.17 22.78 OK
r-release-osx-x86_64-mavericks 0.1-2 OK
r-release-osx-x86_64-snowleopard 0.1-2 OK
r-release-windows-ix86+x86_64 0.1-2 8.00 39.00 47.00 NOTE
r-oldrel-windows-ix86+x86_64 0.1-2 7.00 44.00 51.00 NOTE

Check Details

Version: 0.1-2
Check: R code for possible problems
Result: NOTE
    server: no visible global function definition for 'mcparallel'
Flavors: r-devel-windows-ix86+x86_64, r-release-windows-ix86+x86_64, r-oldrel-windows-ix86+x86_64