CRAN Package Check Results for Package rgpui

Last updated on 2014-09-22 11:56:34.

Flavor Version Tinstall Tcheck Ttotal Status Flags
r-devel-linux-x86_64-debian-clang 0.1-1 1.63 21.24 22.87 NOTE
r-devel-linux-x86_64-debian-gcc 0.1-1 1.73 20.47 22.20 NOTE
r-devel-linux-x86_64-fedora-clang 0.1-1 47.12 NOTE
r-devel-linux-x86_64-fedora-gcc 0.1-1 43.05 NOTE
r-devel-osx-x86_64-clang 0.1-1 44.75 NOTE
r-devel-windows-ix86+x86_64 0.1-1 7.00 41.00 48.00 NOTE
r-patched-linux-x86_64 0.1-1 1.69 21.92 23.60 NOTE
r-patched-solaris-sparc 0.1-1 306.80 NOTE
r-patched-solaris-x86 0.1-1 65.40 NOTE
r-release-linux-ix86 0.1-1 2.32 29.09 31.41 OK
r-release-linux-x86_64 0.1-1 1.75 21.92 23.67 OK
r-release-osx-x86_64-mavericks 0.1-1 OK
r-release-osx-x86_64-snowleopard 0.1-1 OK
r-release-windows-ix86+x86_64 0.1-1 7.00 38.00 45.00 NOTE
r-oldrel-windows-ix86+x86_64 0.1-1 8.00 47.00 55.00 NOTE

Check Details

Version: 0.1-1
Check: dependencies in R code
Result: NOTE
    Package in Depends field not imported from: ‘parallel’
     These packages need to be imported from (in the NAMESPACE file)
     for when this namespace is loaded but not attached.
    See the information on DESCRIPTION files in the chapter ‘Creating R
    packages’ of the ‘Writing R Extensions’ manual.
Flavors: r-devel-linux-x86_64-debian-clang, r-devel-linux-x86_64-debian-gcc, r-devel-linux-x86_64-fedora-clang, r-devel-linux-x86_64-fedora-gcc, r-devel-osx-x86_64-clang, r-devel-windows-ix86+x86_64, r-patched-linux-x86_64, r-patched-solaris-sparc, r-patched-solaris-x86

Version: 0.1-1
Check: R code for possible problems
Result: NOTE
    server: no visible global function definition for ‘mcparallel’
Flavors: r-devel-linux-x86_64-debian-clang, r-devel-linux-x86_64-debian-gcc, r-devel-linux-x86_64-fedora-clang, r-devel-linux-x86_64-fedora-gcc, r-devel-osx-x86_64-clang, r-devel-windows-ix86+x86_64, r-release-windows-ix86+x86_64, r-oldrel-windows-ix86+x86_64