CRAN Package Check Results for Package rgpui

Last updated on 2015-09-02 19:47:48.

Flavor Version Tinstall Tcheck Ttotal Status Flags
r-devel-linux-x86_64-debian-clang 0.1-2 1.06 14.91 15.97 NOTE
r-devel-linux-x86_64-debian-gcc 0.1-2 0.99 14.24 15.22 NOTE
r-devel-linux-x86_64-fedora-clang 0.1-2 30.41 NOTE
r-devel-linux-x86_64-fedora-gcc 0.1-2 28.84 NOTE
r-devel-osx-x86_64-clang 0.1-2 22.61 OK
r-devel-windows-ix86+x86_64 0.1-2 6.00 33.00 39.00 NOTE
r-patched-linux-x86_64 0.1-2 1.05 15.93 16.98 OK
r-patched-solaris-sparc 0.1-2 205.30 OK
r-patched-solaris-x86 0.1-2 46.70 OK
r-release-linux-x86_64 0.1-2 1.08 15.60 16.68 OK
r-release-osx-x86_64-mavericks 0.1-2 OK
r-release-windows-ix86+x86_64 0.1-2 5.00 46.00 51.00 NOTE
r-oldrel-windows-ix86+x86_64 0.1-2 10.00 65.00 75.00 NOTE

Check Details

Version: 0.1-2
Check: R code for possible problems
Result: NOTE
    .onAttach: no visible global function definition for ‘sessionInfo’
    rescaleIndividual: no visible global function definition for ‘cov’
    rescaleIndividual: no visible global function definition for ‘var’
    server: no visible global function definition for ‘read.csv’
    server: no visible global function definition for ‘tail’
    server: no visible global function definition for ‘as.formula’
    server: no visible global function definition for ‘terms’
    server: no visible global function definition for ‘plot’
    server: no visible global function definition for ‘legend’
    server: no visible global function definition for ‘lines’
    server: no visible global function definition for ‘par’
    server: no visible global function definition for ‘layout’
    server: no visible global function definition for ‘points’
    server: no visible global function definition for ‘barplot’
    workerProcessRun: no visible global function definition for
     ‘as.formula’
    workerProcessRun : <anonymous>: no visible global function definition
     for ‘runif’
    workerProcessRun : progressMonitor: no visible global function
     definition for ‘alarm’
    workerProcessRun : progressMonitor: no visible global function
     definition for ‘runif’
    Undefined global functions or variables:
     alarm as.formula barplot cov layout legend lines par plot points
     read.csv runif sessionInfo tail terms var
    Consider adding
     importFrom("graphics", "barplot", "layout", "legend", "lines", "par",
     "plot", "points")
     importFrom("stats", "as.formula", "cov", "runif", "terms", "var")
     importFrom("utils", "alarm", "read.csv", "sessionInfo", "tail")
    to your NAMESPACE.
Flavors: r-devel-linux-x86_64-debian-clang, r-devel-linux-x86_64-debian-gcc, r-devel-linux-x86_64-fedora-clang, r-devel-linux-x86_64-fedora-gcc

Version: 0.1-2
Check: R code for possible problems
Result: NOTE
    .onAttach: no visible global function definition for 'sessionInfo'
    rescaleIndividual: no visible global function definition for 'cov'
    rescaleIndividual: no visible global function definition for 'var'
    server: no visible global function definition for 'mcparallel'
    server: no visible global function definition for 'read.csv'
    server: no visible global function definition for 'tail'
    server: no visible global function definition for 'as.formula'
    server: no visible global function definition for 'terms'
    server: no visible global function definition for 'plot'
    server: no visible global function definition for 'legend'
    server: no visible global function definition for 'lines'
    server: no visible global function definition for 'par'
    server: no visible global function definition for 'layout'
    server: no visible global function definition for 'points'
    server: no visible global function definition for 'barplot'
    workerProcessRun: no visible global function definition for
     'as.formula'
    workerProcessRun : <anonymous>: no visible global function definition
     for 'runif'
    workerProcessRun : progressMonitor: no visible global function
     definition for 'alarm'
    workerProcessRun : progressMonitor: no visible global function
     definition for 'runif'
    Undefined global functions or variables:
     alarm as.formula barplot cov layout legend lines mcparallel par plot
     points read.csv runif sessionInfo tail terms var
    Consider adding
     importFrom("graphics", "barplot", "layout", "legend", "lines", "par",
     "plot", "points")
     importFrom("stats", "as.formula", "cov", "runif", "terms", "var")
     importFrom("utils", "alarm", "read.csv", "sessionInfo", "tail")
    to your NAMESPACE.
Flavor: r-devel-windows-ix86+x86_64

Version: 0.1-2
Check: R code for possible problems
Result: NOTE
    server: no visible global function definition for 'mcparallel'
Flavors: r-release-windows-ix86+x86_64, r-oldrel-windows-ix86+x86_64