CRAN Package Check Results for Package rgpui

Last updated on 2015-05-28 03:47:36.

Flavor Version Tinstall Tcheck Ttotal Status Flags
r-devel-linux-x86_64-debian-clang 0.1-2 1.05 15.55 16.60 OK
r-devel-linux-x86_64-debian-gcc 0.1-2 1.07 15.21 16.28 OK
r-devel-linux-x86_64-fedora-clang 0.1-2 32.12 OK
r-devel-linux-x86_64-fedora-gcc 0.1-2 30.34 OK
r-devel-osx-x86_64-clang 0.1-2 33.54 OK
r-devel-windows-ix86+x86_64 0.1-2 3.00 29.00 32.00 NOTE
r-patched-linux-x86_64 0.1-2 1.20 14.76 15.96 OK
r-patched-solaris-sparc 0.1-2 200.50 OK
r-patched-solaris-x86 0.1-2 45.60 OK
r-release-linux-x86_64 0.1-2 1.30 15.99 17.29 OK
r-release-osx-x86_64-mavericks 0.1-2 OK
r-release-osx-x86_64-snowleopard 0.1-2 ERROR
r-release-windows-ix86+x86_64 0.1-2 4.00 28.00 32.00 NOTE
r-oldrel-windows-ix86+x86_64 0.1-2 7.00 43.00 50.00 NOTE

Check Details

Version: 0.1-2
Check: R code for possible problems
Result: NOTE
    server: no visible global function definition for 'mcparallel'
Flavors: r-devel-windows-ix86+x86_64, r-release-windows-ix86+x86_64, r-oldrel-windows-ix86+x86_64

Version: 0.1-2
Check: package dependencies
Result: ERROR
    Package required and available but unsuitable version: ‘shiny’
    
    See section ‘The DESCRIPTION file’ in the ‘Writing R Extensions’
    manual.
Flavor: r-release-osx-x86_64-snowleopard