CRAN Package Check Results for Package rgpui

Last updated on 2015-03-01 19:48:14.

Flavor Version Tinstall Tcheck Ttotal Status Flags
r-devel-linux-x86_64-debian-clang 0.1-2 1.23 15.76 16.98 OK
r-devel-linux-x86_64-debian-gcc 0.1-2 1.05 16.21 17.26 OK
r-devel-linux-x86_64-fedora-clang 0.1-2 32.75 OK
r-devel-linux-x86_64-fedora-gcc 0.1-2 31.58 OK
r-devel-osx-x86_64-clang 0.1-2 34.08 OK
r-devel-windows-ix86+x86_64 0.1-2 4.00 28.00 32.00 NOTE
r-patched-linux-x86_64 0.1-2 1.66 22.12 23.77 OK
r-patched-solaris-sparc 0.1-2 280.30 OK
r-patched-solaris-x86 0.1-2 63.00 OK
r-release-linux-ix86 0.1-2 1.98 28.02 29.99 OK
r-release-linux-x86_64 0.1-2 1.64 21.62 23.25 OK
r-release-osx-x86_64-mavericks 0.1-2 OK
r-release-osx-x86_64-snowleopard 0.1-2 OK
r-release-windows-ix86+x86_64 0.1-2 6.00 40.00 46.00 NOTE
r-oldrel-windows-ix86+x86_64 0.1-2 8.00 47.00 55.00 NOTE

Check Details

Version: 0.1-2
Check: R code for possible problems
Result: NOTE
    server: no visible global function definition for 'mcparallel'
Flavors: r-devel-windows-ix86+x86_64, r-release-windows-ix86+x86_64, r-oldrel-windows-ix86+x86_64