CRAN Package Check Results for Package rgpui

Last updated on 2014-10-31 11:47:31.

Flavor Version Tinstall Tcheck Ttotal Status Flags
r-devel-linux-x86_64-debian-clang 0.1-1 1.52 20.50 22.02 NOTE
r-devel-linux-x86_64-debian-gcc 0.1-1 1.54 20.39 21.93 NOTE
r-devel-linux-x86_64-fedora-clang 0.1-1 44.44 NOTE
r-devel-linux-x86_64-fedora-gcc 0.1-1 42.89 NOTE
r-devel-osx-x86_64-clang 0.1-1 42.96 NOTE
r-devel-windows-ix86+x86_64 0.1-1 6.00 37.00 43.00 NOTE
r-patched-linux-x86_64 0.1-1 1.59 20.84 22.43 NOTE
r-patched-solaris-sparc 0.1-1 261.20 NOTE
r-patched-solaris-x86 0.1-1 61.90 NOTE
r-release-linux-ix86 0.1-1 2.12 31.16 33.28 OK
r-release-linux-x86_64 0.1-1 1.63 21.22 22.85 OK
r-release-osx-x86_64-mavericks 0.1-1 OK
r-release-osx-x86_64-snowleopard 0.1-1 OK
r-release-windows-ix86+x86_64 0.1-1 6.00 37.00 43.00 NOTE
r-oldrel-windows-ix86+x86_64 0.1-1 6.00 42.00 48.00 NOTE

Check Details

Version: 0.1-1
Check: dependencies in R code
Result: NOTE
    Package in Depends field not imported from: ‘parallel’
     These packages need to be imported from (in the NAMESPACE file)
     for when this namespace is loaded but not attached.
    See the information on DESCRIPTION files in the chapter ‘Creating R
    packages’ of the ‘Writing R Extensions’ manual.
Flavors: r-devel-linux-x86_64-debian-clang, r-devel-linux-x86_64-debian-gcc, r-devel-linux-x86_64-fedora-clang, r-devel-linux-x86_64-fedora-gcc, r-devel-osx-x86_64-clang, r-devel-windows-ix86+x86_64, r-patched-linux-x86_64, r-patched-solaris-sparc, r-patched-solaris-x86

Version: 0.1-1
Check: R code for possible problems
Result: NOTE
    server: no visible global function definition for ‘mcparallel’
Flavors: r-devel-linux-x86_64-debian-clang, r-devel-linux-x86_64-debian-gcc, r-devel-linux-x86_64-fedora-clang, r-devel-linux-x86_64-fedora-gcc, r-devel-osx-x86_64-clang, r-devel-windows-ix86+x86_64, r-patched-linux-x86_64, r-patched-solaris-sparc, r-patched-solaris-x86, r-release-windows-ix86+x86_64, r-oldrel-windows-ix86+x86_64