CRAN Package Check Results for Package rgpui

Last updated on 2014-08-29 11:55:00.

Flavor Version Tinstall Tcheck Ttotal Status Flags
r-devel-linux-x86_64-debian-clang 0.1-1 1.68 21.40 23.08 NOTE
r-devel-linux-x86_64-debian-gcc 0.1-1 1.62 20.37 21.99 NOTE
r-devel-linux-x86_64-fedora-clang 0.1-1 47.92 NOTE
r-devel-linux-x86_64-fedora-gcc 0.1-1 43.92 NOTE
r-devel-osx-x86_64-clang 0.1-1 43.03 NOTE
r-devel-windows-ix86+x86_64 0.1-1 6.00 38.00 44.00 NOTE
r-patched-linux-x86_64 0.1-1 1.72 21.67 23.39 NOTE
r-patched-solaris-sparc 0.1-1 306.80 NOTE
r-patched-solaris-x86 0.1-1 63.20 NOTE
r-release-linux-ix86 0.1-1 2.33 28.78 31.12 OK
r-release-linux-x86_64 0.1-1 1.70 21.70 23.40 OK
r-release-osx-x86_64-mavericks 0.1-1 OK
r-release-osx-x86_64-snowleopard 0.1-1 OK
r-release-windows-ix86+x86_64 0.1-1 7.00 40.00 47.00 NOTE
r-oldrel-windows-ix86+x86_64 0.1-1 8.00 41.00 49.00 NOTE

Check Details

Version: 0.1-1
Check: dependencies in R code
Result: NOTE
    Package in Depends field not imported from: ‘parallel’
     These packages need to be imported from (in the NAMESPACE file)
     for when this namespace is loaded but not attached.
    See the information on DESCRIPTION files in the chapter ‘Creating R
    packages’ of the ‘Writing R Extensions’ manual.
Flavors: r-devel-linux-x86_64-debian-clang, r-devel-linux-x86_64-debian-gcc, r-devel-linux-x86_64-fedora-clang, r-devel-linux-x86_64-fedora-gcc, r-devel-osx-x86_64-clang, r-devel-windows-ix86+x86_64, r-patched-linux-x86_64, r-patched-solaris-sparc, r-patched-solaris-x86

Version: 0.1-1
Check: R code for possible problems
Result: NOTE
    server: no visible global function definition for ‘mcparallel’
Flavors: r-devel-linux-x86_64-debian-clang, r-devel-linux-x86_64-debian-gcc, r-devel-linux-x86_64-fedora-clang, r-devel-linux-x86_64-fedora-gcc, r-devel-osx-x86_64-clang, r-devel-windows-ix86+x86_64, r-release-windows-ix86+x86_64, r-oldrel-windows-ix86+x86_64