CRAN Package Check Results for Package rgpui

Last updated on 2014-07-30 03:48:26.

Flavor Version Tinstall Tcheck Ttotal Status Flags
r-devel-linux-x86_64-debian-clang 0.1-1 1.70 21.98 23.67 OK
r-devel-linux-x86_64-debian-gcc 0.1-1 1.76 21.10 22.86 OK
r-devel-linux-x86_64-fedora-clang 0.1-1 47.60 OK
r-devel-linux-x86_64-fedora-gcc 0.1-1 44.57 OK
r-devel-osx-x86_64-clang 0.1-1 40.11 OK
r-devel-windows-ix86+x86_64 0.1-1 6.00 38.00 44.00 NOTE
r-patched-linux-x86_64 0.1-1 1.71 21.74 23.46 OK
r-patched-solaris-sparc 0.1-1 347.20 OK
r-patched-solaris-x86 0.1-1 65.30 OK
r-release-linux-ix86 0.1-1 2.32 28.98 31.31 OK
r-release-linux-x86_64 0.1-1 1.76 22.31 24.08 OK
r-release-osx-x86_64-mavericks 0.1-1 OK
r-release-osx-x86_64-snowleopard 0.1-1 OK
r-release-windows-ix86+x86_64 0.1-1 8.00 41.00 49.00 NOTE
r-oldrel-windows-ix86+x86_64 0.1-1 7.00 41.00 48.00 NOTE

Check Details

Version: 0.1-1
Check: R code for possible problems
Result: NOTE
    server: no visible global function definition for 'mcparallel'
Flavors: r-devel-windows-ix86+x86_64, r-release-windows-ix86+x86_64, r-oldrel-windows-ix86+x86_64