CRAN Package Check Results for Package rgrass

Last updated on 2022-09-30 05:51:00 CEST.

Flavor Version Tinstall Tcheck Ttotal Status Flags
r-devel-linux-x86_64-debian-clang 0.3-3 5.61 67.72 73.33 OK
r-devel-linux-x86_64-debian-gcc 0.3-3 3.48 52.24 55.72 OK
r-devel-linux-x86_64-fedora-clang 0.3-3 102.92 OK
r-devel-linux-x86_64-fedora-gcc 0.3-5 101.97 OK
r-devel-windows-x86_64 0.3-3 14.00 100.00 114.00 OK
r-patched-linux-x86_64 0.3-3 5.82 65.84 71.66 OK
r-release-linux-x86_64 0.3-3 5.05 64.59 69.64 OK
r-release-macos-arm64 0.3-5 30.00 ERROR
r-release-macos-x86_64 0.3-3 41.00 OK
r-release-windows-x86_64 0.3-3 20.00 98.00 118.00 OK
r-oldrel-macos-arm64 0.3-3 31.00 OK
r-oldrel-macos-x86_64 0.3-3 39.00 OK
r-oldrel-windows-ix86+x86_64 0.3-3 10.00 92.00 102.00 OK

Check Details

Version: 0.3-5
Check: re-building of vignette outputs
Result: ERROR
    Error(s) in re-building vignettes:
     ...
    --- re-building ‘coerce.Rmd’ using rmarkdown
    Quitting from lines 140-142 (coerce.Rmd)
    Error: processing vignette 'coerce.Rmd' failed with diagnostics:
    $ operator is invalid for atomic vectors
    --- failed re-building ‘coerce.Rmd’
    
    --- re-building ‘use.Rmd’ using rmarkdown
    --- finished re-building ‘use.Rmd’
    
    SUMMARY: processing the following file failed:
     ‘coerce.Rmd’
    
    Error: Vignette re-building failed.
    Execution halted
Flavor: r-release-macos-arm64