CRAN Package Check Results for Package rgrs

Last updated on 2014-10-23 12:47:48.

Flavor Version Tinstall Tcheck Ttotal Status Flags
r-devel-linux-x86_64-debian-clang 0.3 1.40 21.07 22.48 NOTE
r-devel-linux-x86_64-debian-gcc 0.3 1.40 21.39 22.79 NOTE
r-devel-linux-x86_64-fedora-clang 0.3 47.50 NOTE
r-devel-linux-x86_64-fedora-gcc 0.3 42.88 NOTE
r-devel-osx-x86_64-clang 0.3 41.20 NOTE
r-devel-windows-ix86+x86_64 0.3 8.00 37.00 45.00 NOTE
r-patched-linux-x86_64 0.3 1.43 21.30 22.73 NOTE
r-patched-solaris-sparc 0.3 254.20 NOTE
r-patched-solaris-x86 0.3 61.00 NOTE
r-release-linux-ix86 0.3 1.92 32.37 34.29 NOTE
r-release-linux-x86_64 0.3 1.53 22.78 24.32 NOTE
r-release-osx-x86_64-mavericks 0.3 NOTE
r-release-osx-x86_64-snowleopard 0.3 WARN
r-release-windows-ix86+x86_64 0.3 7.00 41.00 48.00 NOTE
r-oldrel-windows-ix86+x86_64 0.3 6.00 41.00 47.00 NOTE

Check Details

Version: 0.3
Check: dependencies in R code
Result: NOTE
    Package in Depends field not imported from: ‘questionr’
     These packages need to be imported from (in the NAMESPACE file)
     for when this namespace is loaded but not attached.
    See the information on DESCRIPTION files in the chapter ‘Creating R
    packages’ of the ‘Writing R Extensions’ manual.
Flavors: r-devel-linux-x86_64-debian-clang, r-devel-linux-x86_64-debian-gcc, r-devel-linux-x86_64-fedora-clang, r-devel-linux-x86_64-fedora-gcc, r-devel-osx-x86_64-clang, r-devel-windows-ix86+x86_64, r-patched-linux-x86_64, r-patched-solaris-sparc, r-patched-solaris-x86, r-release-linux-ix86, r-release-linux-x86_64, r-release-osx-x86_64-mavericks, r-release-windows-ix86+x86_64, r-oldrel-windows-ix86+x86_64

Version: 0.3
Check: R code for possible problems
Result: NOTE
    carte.eff: no visible global function definition for ‘coordinates’
    carte.labels: no visible global function definition for ‘coordinates’
    carte.prop: no visible global function definition for ‘brewer.pal’
    carte.qual: no visible global function definition for ‘brewer.pal’
    selectwd: no visible global function definition for ‘tclvalue’
    selectwd: no visible global function definition for ‘tkchooseDirectory’
Flavors: r-devel-linux-x86_64-debian-clang, r-devel-linux-x86_64-debian-gcc, r-devel-linux-x86_64-fedora-clang, r-devel-linux-x86_64-fedora-gcc, r-devel-osx-x86_64-clang, r-devel-windows-ix86+x86_64, r-patched-linux-x86_64, r-patched-solaris-sparc, r-patched-solaris-x86

Version: 0.3
Check: examples
Result: WARN
    checking a package with encoding 'UTF-8' in an ASCII locale
    
     OK
Flavor: r-release-osx-x86_64-snowleopard