CRAN Package Check Results for Package rgrs

Last updated on 2014-11-23 19:47:55.

Flavor Version Tinstall Tcheck Ttotal Status Flags
r-devel-linux-x86_64-debian-clang 0.3 1.42 22.10 23.52 NOTE
r-devel-linux-x86_64-debian-gcc 0.3 1.37 20.62 21.99 NOTE
r-devel-linux-x86_64-fedora-clang 0.3 47.58 NOTE
r-devel-linux-x86_64-fedora-gcc 0.3 44.28 NOTE
r-devel-osx-x86_64-clang 0.3 44.97 NOTE
r-devel-windows-ix86+x86_64 0.3 8.00 35.00 43.00 NOTE
r-patched-linux-x86_64 0.3 1.44 21.27 22.71 NOTE
r-patched-solaris-sparc 0.3 254.20 NOTE
r-patched-solaris-x86 0.3 62.40 NOTE
r-release-linux-ix86 0.3 1.86 27.18 29.04 NOTE
r-release-linux-x86_64 0.3 1.47 21.06 22.53 NOTE
r-release-osx-x86_64-mavericks 0.3 NOTE
r-release-osx-x86_64-snowleopard 0.3 WARN
r-release-windows-ix86+x86_64 0.3 7.00 35.00 42.00 NOTE
r-oldrel-windows-ix86+x86_64 0.3 7.00 44.00 51.00 NOTE

Check Details

Version: 0.3
Check: dependencies in R code
Result: NOTE
    Package in Depends field not imported from: ‘questionr’
     These packages need to be imported from (in the NAMESPACE file)
     for when this namespace is loaded but not attached.
    See the information on DESCRIPTION files in the chapter ‘Creating R
    packages’ of the ‘Writing R Extensions’ manual.
Flavors: r-devel-linux-x86_64-debian-clang, r-devel-linux-x86_64-debian-gcc, r-devel-linux-x86_64-fedora-clang, r-devel-linux-x86_64-fedora-gcc, r-devel-osx-x86_64-clang, r-devel-windows-ix86+x86_64, r-patched-linux-x86_64, r-patched-solaris-sparc, r-patched-solaris-x86, r-release-linux-ix86, r-release-linux-x86_64, r-release-osx-x86_64-mavericks, r-release-windows-ix86+x86_64, r-oldrel-windows-ix86+x86_64

Version: 0.3
Check: R code for possible problems
Result: NOTE
    carte.eff: no visible global function definition for ‘coordinates’
    carte.labels: no visible global function definition for ‘coordinates’
    carte.prop: no visible global function definition for ‘brewer.pal’
    carte.qual: no visible global function definition for ‘brewer.pal’
    selectwd: no visible global function definition for ‘tclvalue’
    selectwd: no visible global function definition for ‘tkchooseDirectory’
Flavors: r-devel-linux-x86_64-debian-clang, r-devel-linux-x86_64-debian-gcc, r-devel-linux-x86_64-fedora-clang, r-devel-linux-x86_64-fedora-gcc, r-devel-osx-x86_64-clang, r-devel-windows-ix86+x86_64, r-patched-linux-x86_64, r-patched-solaris-sparc, r-patched-solaris-x86, r-release-linux-ix86, r-release-linux-x86_64, r-release-windows-ix86+x86_64

Version: 0.3
Check: examples
Result: WARN
    checking a package with encoding 'UTF-8' in an ASCII locale
    
     OK
Flavor: r-release-osx-x86_64-snowleopard