CRAN Package Check Results for Package rgrs

Last updated on 2014-04-25 05:47:23.

Flavor Version Tinstall Tcheck Ttotal Status Flags
r-devel-linux-x86_64-debian-clang 0.3 1.51 22.73 24.24 NOTE
r-devel-linux-x86_64-debian-gcc 0.3 1.52 22.38 23.90 NOTE
r-devel-linux-x86_64-fedora-clang 0.3 47.99 NOTE
r-devel-linux-x86_64-fedora-gcc 0.3 46.01 NOTE
r-devel-osx-x86_64-clang 0.3 49.38 NOTE
r-devel-osx-x86_64-gcc 0.3 NOTE
r-devel-windows-ix86+x86_64 0.3 5.00 34.00 39.00 NOTE
r-patched-linux-x86_64 0.3 1.50 21.94 23.44 NOTE
r-patched-solaris-sparc 0.3 254.30 NOTE
r-patched-solaris-x86 0.3 64.30 NOTE
r-release-linux-ix86 0.3 3.00 41.00 44.00 NOTE
r-release-linux-x86_64 0.3 1.53 22.38 23.91 NOTE
r-release-osx-x86_64-mavericks 0.3 WARN
r-release-osx-x86_64-snowleopard 0.3 WARN
r-release-windows-ix86+x86_64 0.3 6.00 36.00 42.00 NOTE
r-oldrel-windows-ix86+x86_64 0.3 5.00 36.00 41.00 NOTE

Check Details

Version: 0.3
Check: dependencies in R code
Result: NOTE
    Package in Depends field not imported from: ‘questionr’
     These packages need to be imported from (in the NAMESPACE file)
     for when this namespace is loaded but not attached.
    See the information on DESCRIPTION files in the chapter ‘Creating R
    packages’ of the ‘Writing R Extensions’ manual.
Flavors: r-devel-linux-x86_64-debian-clang, r-devel-linux-x86_64-debian-gcc, r-devel-linux-x86_64-fedora-clang, r-devel-linux-x86_64-fedora-gcc, r-devel-osx-x86_64-clang, r-devel-osx-x86_64-gcc, r-devel-windows-ix86+x86_64, r-patched-linux-x86_64, r-patched-solaris-sparc, r-patched-solaris-x86, r-release-linux-ix86, r-release-linux-x86_64, r-release-osx-x86_64-mavericks, r-release-windows-ix86+x86_64, r-oldrel-windows-ix86+x86_64

Version: 0.3
Check: package dependencies
Result: NOTE
    Package suggested but not available for checking: ‘odfWeave’
Flavor: r-devel-osx-x86_64-gcc

Version: 0.3
Check: Rd cross-references
Result: NOTE
    Package unavailable to check Rd xrefs: ‘odfWeave’
Flavor: r-devel-osx-x86_64-gcc

Version: 0.3
Check: PDF version of manual
Result: WARNING
    LaTeX errors when creating PDF version.
    This typically indicates Rd problems.
    LaTeX errors found:
    ! LaTeX Error: File `upquote.sty' not found.
    
    Type X to quit or <RETURN> to proceed,
    or enter new name. (Default extension: sty)
    
    90954e6/Rd2.tex:8: ==> Fatal error occurred, no output PDF file produced!
Flavor: r-release-osx-x86_64-mavericks

Version: 0.3
Check: examples
Result: WARNING
    checking a package with encoding 'UTF-8' in an ASCII locale
    
     OK
Flavor: r-release-osx-x86_64-snowleopard