CRAN Package Check Results for Package rgrs

Last updated on 2015-03-03 09:49:46.

Flavor Version Tinstall Tcheck Ttotal Status Flags
r-devel-linux-x86_64-debian-clang 0.3 1.33 15.02 16.36 NOTE
r-devel-linux-x86_64-debian-gcc 0.3 1.06 14.64 15.69 NOTE
r-devel-linux-x86_64-fedora-clang 0.3 31.06 NOTE
r-devel-linux-x86_64-fedora-gcc 0.3 29.20 NOTE
r-devel-osx-x86_64-clang 0.3 32.57 NOTE
r-devel-windows-ix86+x86_64 0.3 8.00 35.00 43.00 NOTE
r-patched-linux-x86_64 0.3 2.35 21.96 24.31 NOTE
r-patched-solaris-sparc 0.3 286.20 NOTE
r-patched-solaris-x86 0.3 63.20 NOTE
r-release-linux-ix86 0.3 2.02 28.43 30.44 NOTE
r-release-linux-x86_64 0.3 1.88 22.04 23.92 NOTE
r-release-osx-x86_64-mavericks 0.3 NOTE
r-release-osx-x86_64-snowleopard 0.3 WARN
r-release-windows-ix86+x86_64 0.3 14.00 55.00 69.00 NOTE
r-oldrel-windows-ix86+x86_64 0.3 9.00 48.00 57.00 NOTE

Check Details

Version: 0.3
Check: dependencies in R code
Result: NOTE
    'library' or 'require' calls in package code:
     ‘RColorBrewer’ ‘odfWeave’ ‘sp’ ‘tcltk’
     Please use :: or requireNamespace() instead.
     See section 'Suggested packages' in the 'Writing R Extensions' manual.
    Package in Depends field not imported from: ‘questionr’
     These packages need to be imported from (in the NAMESPACE file)
     for when this namespace is loaded but not attached.
Flavors: r-devel-linux-x86_64-debian-clang, r-devel-linux-x86_64-debian-gcc, r-devel-linux-x86_64-fedora-clang, r-devel-linux-x86_64-fedora-gcc, r-devel-osx-x86_64-clang, r-devel-windows-ix86+x86_64, r-patched-linux-x86_64, r-patched-solaris-sparc, r-patched-solaris-x86

Version: 0.3
Check: S3 generic/method consistency
Result: NOTE
    Found the following apparent S3 methods exported but not registered:
     format.proptab print.proptab
    See section ‘Registering S3 methods’ in the ‘Writing R Extensions’
    manual.
Flavors: r-devel-linux-x86_64-debian-clang, r-devel-linux-x86_64-debian-gcc, r-devel-linux-x86_64-fedora-clang, r-devel-linux-x86_64-fedora-gcc, r-devel-osx-x86_64-clang

Version: 0.3
Check: R code for possible problems
Result: NOTE
    carte.eff: no visible global function definition for ‘coordinates’
    carte.labels: no visible global function definition for ‘coordinates’
    carte.prop: no visible global function definition for ‘brewer.pal’
    carte.qual: no visible global function definition for ‘brewer.pal’
    selectwd: no visible global function definition for ‘tclvalue’
    selectwd: no visible global function definition for ‘tkchooseDirectory’
Flavors: r-devel-linux-x86_64-debian-clang, r-devel-linux-x86_64-debian-gcc, r-devel-linux-x86_64-fedora-clang, r-devel-linux-x86_64-fedora-gcc, r-devel-osx-x86_64-clang, r-devel-windows-ix86+x86_64, r-patched-linux-x86_64, r-patched-solaris-sparc, r-patched-solaris-x86, r-release-linux-ix86, r-release-linux-x86_64, r-release-osx-x86_64-mavericks, r-release-windows-ix86+x86_64

Version: 0.3
Check: dependencies in R code
Result: NOTE
    Package in Depends field not imported from: ‘questionr’
     These packages need to be imported from (in the NAMESPACE file)
     for when this namespace is loaded but not attached.
    See the information on DESCRIPTION files in the chapter ‘Creating R
    packages’ of the ‘Writing R Extensions’ manual.
Flavors: r-release-linux-ix86, r-release-linux-x86_64, r-release-osx-x86_64-mavericks, r-release-windows-ix86+x86_64, r-oldrel-windows-ix86+x86_64

Version: 0.3
Check: examples
Result: WARN
    checking a package with encoding 'UTF-8' in an ASCII locale
    
     OK
Flavor: r-release-osx-x86_64-snowleopard