CRAN Package Check Results for Package rgugik

Last updated on 2022-07-02 13:50:46 CEST.

Flavor Version Tinstall Tcheck Ttotal Status Flags
r-devel-linux-x86_64-debian-clang 0.3.2 3.27 42.98 46.25 OK
r-devel-linux-x86_64-debian-gcc 0.3.2 2.52 33.12 35.64 OK
r-devel-linux-x86_64-fedora-clang 0.3.2 66.11 NOTE
r-devel-linux-x86_64-fedora-gcc 0.3.2 65.36 NOTE
r-devel-windows-x86_64 0.3.2 27.00 79.00 106.00 OK
r-patched-linux-x86_64 0.3.2 4.01 41.08 45.09 OK
r-release-linux-x86_64 0.3.2 3.30 42.29 45.59 OK
r-release-macos-arm64 0.3.2 27.00 NOTE
r-release-macos-x86_64 0.3.2 32.00 NOTE
r-release-windows-x86_64 0.3.2 23.00 80.00 103.00 OK
r-oldrel-macos-arm64 0.3.2 25.00 NOTE
r-oldrel-macos-x86_64 0.3.2 32.00 NOTE
r-oldrel-windows-ix86+x86_64 0.3.2 8.00 66.00 74.00 OK

Check Details

Version: 0.3.2
Check: data for non-ASCII characters
Result: NOTE
     Note: found 1473 marked UTF-8 strings
Flavors: r-devel-linux-x86_64-fedora-clang, r-devel-linux-x86_64-fedora-gcc, r-release-macos-arm64, r-release-macos-x86_64, r-oldrel-macos-arm64, r-oldrel-macos-x86_64