Last updated on 2023-09-21 23:51:37 CEST.
Flavor | Version | Tinstall | Tcheck | Ttotal | Status | Flags |
---|---|---|---|---|---|---|
r-devel-linux-x86_64-debian-clang | 0.3.8 | 5.01 | 76.13 | 81.14 | OK | |
r-devel-linux-x86_64-debian-gcc | 0.3.8 | 3.85 | 58.05 | 61.90 | OK | |
r-devel-linux-x86_64-fedora-clang | 0.3.8 | 100.88 | NOTE | |||
r-devel-linux-x86_64-fedora-gcc | 0.3.8 | 106.89 | OK | |||
r-devel-windows-x86_64 | 0.3.8 | 9.00 | 82.00 | 91.00 | NOTE | |
r-patched-linux-x86_64 | 0.3.8 | 4.43 | 73.08 | 77.51 | OK | |
r-release-linux-x86_64 | 0.3.8 | 3.45 | 73.54 | 76.99 | OK | |
r-release-macos-arm64 | 0.3.8 | 47.00 | NOTE | |||
r-release-macos-x86_64 | 0.3.8 | 62.00 | NOTE | |||
r-release-windows-x86_64 | 0.3.8 | 11.00 | 98.00 | 109.00 | NOTE | |
r-oldrel-macos-arm64 | 0.3.8 | 36.00 | NOTE | |||
r-oldrel-macos-x86_64 | 0.3.8 | 46.00 | NOTE | |||
r-oldrel-windows-x86_64 | 0.3.8 | 13.00 | 98.00 | 111.00 | NOTE |
Version: 0.3.8
Check: installed package size
Result: NOTE
installed size is 11.7Mb
sub-directories of 1Mb or more:
doc 10.3Mb
htmlwidgets 1.3Mb
Flavors: r-devel-linux-x86_64-fedora-clang, r-devel-windows-x86_64, r-release-macos-arm64, r-release-macos-x86_64, r-release-windows-x86_64, r-oldrel-macos-arm64, r-oldrel-macos-x86_64, r-oldrel-windows-x86_64