CRAN Package Check Results for Package rhosp

Last updated on 2014-07-23 17:49:04.

Flavor Version Tinstall Tcheck Ttotal Status Flags
r-devel-linux-x86_64-debian-clang 1.05 0.87 13.98 14.86 OK
r-devel-linux-x86_64-debian-gcc 1.05 0.74 13.72 14.46 OK
r-devel-linux-x86_64-fedora-clang 1.05 36.39 OK
r-devel-linux-x86_64-fedora-gcc 1.05 34.35 OK
r-devel-osx-x86_64-clang 1.05 33.18 OK
r-devel-windows-ix86+x86_64 1.05 3.00 21.00 24.00 OK
r-patched-linux-x86_64 1.05 0.75 13.58 14.33 OK
r-patched-solaris-sparc 1.05 163.90 OK
r-patched-solaris-x86 1.05 46.90 OK
r-release-linux-ix86 1.05 1.32 21.08 22.39 OK
r-release-linux-x86_64 1.05 0.78 14.21 15.00 OK
r-release-osx-x86_64-mavericks 1.05 NOTE
r-release-osx-x86_64-snowleopard 1.05 NOTE
r-release-windows-ix86+x86_64 1.05 4.00 30.00 34.00 OK
r-oldrel-windows-ix86+x86_64 1.05 3.00 33.00 36.00 OK

Check Details

Version: 1.05
Check: re-building of vignette outputs
Result: NOTE
    Error in re-building vignettes:
     ...
    Error in texi2dvi(file = file, pdf = TRUE, clean = clean, quiet = quiet, :
     Running 'texi2dvi' on 'rhosp.tex' failed.
    LaTeX errors:
    ! LaTeX Error: File `vmargin.sty' not found.
    
    Type X to quit or <RETURN> to proceed,
    or enter new name. (Default extension: sty)
    
    est/rhosp/vignettes/rhosp.tex:14: ==> Fatal error occurred, no output PDF file
     produced!
    Calls: buildVignettes -> texi2pdf -> texi2dvi
    Execution halted
Flavor: r-release-osx-x86_64-mavericks

Version: 1.05
Check: re-building of vignette outputs
Result: NOTE
    Error in re-building vignettes:
     ...
    Error in texi2dvi(file = file, pdf = TRUE, clean = clean, quiet = quiet, :
     Running 'texi2dvi' on 'rhosp.tex' failed.
    LaTeX errors:
    ! LaTeX Error: File `vmargin.sty' not found.
    
    Type X to quit or <RETURN> to proceed,
    or enter new name. (Default extension: sty)
    
    rhosp.Rcheck/vign_test/rhosp/vignettes/rhosp.tex:14: ==> Fatal error occurred,
     no output PDF file produced!
    Calls: buildVignettes -> texi2pdf -> texi2dvi
    Execution halted
Flavor: r-release-osx-x86_64-snowleopard