CRAN Package Check Results for Package rhosp

Last updated on 2019-06-18 01:48:51 CEST.

Flavor Version Tinstall Tcheck Ttotal Status Flags
r-devel-linux-x86_64-debian-clang 1.10 2.71 29.15 31.86 NOTE
r-devel-linux-x86_64-debian-gcc 1.10 2.64 23.64 26.28 NOTE
r-devel-linux-x86_64-fedora-clang 1.10 39.73 NOTE
r-devel-linux-x86_64-fedora-gcc 1.10 38.19 NOTE
r-devel-windows-ix86+x86_64 1.10 6.00 39.00 45.00 OK
r-patched-linux-x86_64 1.10 2.80 28.96 31.76 OK
r-patched-solaris-x86 1.10 53.70 OK
r-release-linux-x86_64 1.10 3.42 29.18 32.60 OK
r-release-windows-ix86+x86_64 1.10 6.00 52.00 58.00 OK
r-release-osx-x86_64 1.10 OK
r-oldrel-windows-ix86+x86_64 1.10 3.00 35.00 38.00 OK
r-oldrel-osx-x86_64 1.10 OK

Check Details

Version: 1.10
Check: for non-standard things in the check directory
Result: NOTE
    Found the following files/directories:
     'mydata.rda' 'thedata.rda'
Flavors: r-devel-linux-x86_64-debian-clang, r-devel-linux-x86_64-debian-gcc, r-devel-linux-x86_64-fedora-clang, r-devel-linux-x86_64-fedora-gcc