CRAN Package Check Results for Package rhosp

Last updated on 2015-07-01 23:47:10.

Flavor Version Tinstall Tcheck Ttotal Status Flags
r-devel-linux-x86_64-debian-clang 1.06 0.67 14.88 15.55 NOTE
r-devel-linux-x86_64-debian-gcc 1.06 0.68 14.60 15.27 NOTE
r-devel-linux-x86_64-fedora-clang 1.06 29.84 NOTE
r-devel-linux-x86_64-fedora-gcc 1.06 28.10 NOTE
r-devel-osx-x86_64-clang 1.06 25.85 OK
r-devel-windows-ix86+x86_64 1.06 3.00 24.00 27.00 OK
r-patched-linux-x86_64 1.06 0.69 15.16 15.85 OK
r-patched-solaris-sparc 1.06 167.30 OK
r-patched-solaris-x86 1.06 37.60 OK
r-release-linux-x86_64 1.06 0.70 15.40 16.09 OK
r-release-osx-x86_64-mavericks 1.06 OK
r-release-windows-ix86+x86_64 1.06 3.00 25.00 28.00 OK
r-oldrel-windows-ix86+x86_64 1.06 4.00 26.00 30.00 OK

Check Details

Version: 1.06
Check: R code for possible problems
Result: NOTE
    KM: no visible global function definition for ‘read.table’
    KM: no visible global function definition for ‘plot’
    KM: no visible global function definition for ‘lines’
    Table: no visible binding for global variable ‘rexp’
    Table: no visible binding for global variable ‘pexp’
    Table: no visible binding for global variable ‘pgamma’
    Table: no visible binding for global variable ‘plnorm’
    Table: no visible binding for global variable ‘punif’
    adequadExp: no visible global function definition for ‘lm’
    adequadExp: no visible global function definition for ‘plot’
    adequadExp: no visible global function definition for ‘abline’
    adequadExp: no visible global function definition for ‘ks.test’
    calcErrorDV : Lq: no visible global function definition for ‘integrate’
    calcErrorDV: no visible global function definition for ‘optimize’
    calcErrorDV: no visible global function definition for ‘sd’
    calcErrorNonParam : Lq: no visible global function definition for
     ‘integrate’
    calcErrorNonParam: no visible global function definition for ‘optimize’
    calcErrorNonParam: no visible global function definition for ‘sd’
    calcErrorParam : Lq: no visible global function definition for
     ‘integrate’
    calcErrorParam: no visible global function definition for ‘optimize’
    calcErrorParam: no visible global function definition for ‘sd’
    estimDV: no visible global function definition for ‘read.table’
    estimDV: no visible global function definition for ‘ks.test’
    estimNonParam: no visible global function definition for ‘read.table’
    estimNonParam: no visible global function definition for ‘ks.test’
    estimNonParam: no visible global function definition for ‘optimize’
    estimParam: no visible global function definition for ‘read.table’
    estimParam: no visible global function definition for ‘ks.test’
    estimParam: no visible global function definition for ‘optimize’
    histo: no visible global function definition for ‘hist’
    histo: no visible global function definition for ‘lines’
    histo: no visible binding for global variable ‘rexp’
    histo: no visible binding for global variable ‘pexp’
    histo: no visible global function definition for ‘legend’
    mainSimul : Lq: no visible global function definition for ‘integrate’
    mainSimul: no visible global function definition for ‘optimize’
    mainSimul: no visible binding for global variable ‘rexp’
    mainSimul: no visible binding for global variable ‘pexp’
    makeSample: no visible global function definition for ‘rbinom’
    mom2: no visible global function definition for ‘sd’
    simul: no visible global function definition for ‘rbinom’
    simul: no visible global function definition for ‘plot’
    simul2: no visible global function definition for ‘plot’
Flavors: r-devel-linux-x86_64-debian-clang, r-devel-linux-x86_64-debian-gcc, r-devel-linux-x86_64-fedora-clang, r-devel-linux-x86_64-fedora-gcc