CRAN Package Check Results for Package rhosp

Last updated on 2019-08-26 11:48:54 CEST.

Flavor Version Tinstall Tcheck Ttotal Status Flags
r-devel-linux-x86_64-debian-clang 1.10 3.25 29.68 32.93 NOTE
r-devel-linux-x86_64-debian-gcc 1.10 2.94 23.65 26.59 NOTE
r-devel-linux-x86_64-fedora-clang 1.10 41.96 NOTE
r-devel-linux-x86_64-fedora-gcc 1.10 40.19 NOTE
r-devel-windows-ix86+x86_64 1.10 9.00 38.00 47.00 OK
r-patched-linux-x86_64 1.10 3.21 29.40 32.61 OK
r-patched-solaris-x86 1.10 54.80 OK
r-release-linux-x86_64 1.10 3.11 29.76 32.87 OK
r-release-windows-ix86+x86_64 1.10 6.00 52.00 58.00 OK
r-release-osx-x86_64 1.10 OK
r-oldrel-windows-ix86+x86_64 1.10 3.00 35.00 38.00 OK
r-oldrel-osx-x86_64 1.10 OK

Check Details

Version: 1.10
Check: for non-standard things in the check directory
Result: NOTE
    Found the following files/directories:
     'mydata.rda' 'thedata.rda'
Flavors: r-devel-linux-x86_64-debian-clang, r-devel-linux-x86_64-debian-gcc, r-devel-linux-x86_64-fedora-clang, r-devel-linux-x86_64-fedora-gcc