CRAN Package Check Results for Package rhosp

Last updated on 2018-06-22 03:49:41 CEST.

Flavor Version Tinstall Tcheck Ttotal Status Flags
r-devel-linux-x86_64-debian-clang 1.07 2.44 24.52 26.96 OK
r-devel-linux-x86_64-debian-gcc 1.07 1.52 22.43 23.95 OK
r-devel-linux-x86_64-fedora-clang 1.07 37.40 OK
r-devel-linux-x86_64-fedora-gcc 1.07 35.48 OK
r-devel-windows-ix86+x86_64 1.07 6.00 36.00 42.00 OK
r-patched-linux-x86_64 1.07 1.82 27.76 29.58 OK
r-patched-solaris-x86 1.07 47.80 OK
r-release-linux-x86_64 1.07 2.86 27.66 30.52 OK
r-release-windows-ix86+x86_64 1.07 6.00 34.00 40.00 OK
r-release-osx-x86_64 1.07 OK
r-oldrel-windows-ix86+x86_64 1.07 3.00 34.00 37.00 OK
r-oldrel-osx-x86_64 1.07 WARN

Check Details

Version: 1.07
Check: re-building of vignette outputs
Result: WARN
    Error in re-building vignettes:
     ...
    Error in texi2dvi(file = file, pdf = TRUE, clean = clean, quiet = quiet, :
     Running 'texi2dvi' on 'rhosp.tex' failed.
    LaTeX errors:
    ! LaTeX Error: File `vmargin.sty' not found.
    
    Type X to quit or <RETURN> to proceed,
    or enter new name. (Default extension: sty)
    
    ! Emergency stop.
    <read *>
    
    l.14 \usepackage
     {amsfonts,amsmath,amssymb,amsthm}^^M
    ! ==> Fatal error occurred, no output PDF file produced!
    Calls: buildVignettes -> texi2pdf -> texi2dvi
    Execution halted
Flavor: r-oldrel-osx-x86_64