CRAN Package Check Results for Package ri

Last updated on 2020-09-18 23:52:20 CEST.

Flavor Version Tinstall Tcheck Ttotal Status Flags
r-devel-linux-x86_64-debian-clang 0.9 2.60 71.12 73.72 NOTE
r-devel-linux-x86_64-debian-gcc 0.9 1.84 51.99 53.83 NOTE
r-devel-linux-x86_64-fedora-clang 0.9 93.42 NOTE
r-devel-linux-x86_64-fedora-gcc 0.9 86.08 NOTE
r-devel-windows-ix86+x86_64 0.9 5.00 90.00 95.00 NOTE
r-patched-linux-x86_64 0.9 2.02 71.23 73.25 NOTE
r-patched-solaris-x86 0.9 112.90 NOTE
r-release-linux-x86_64 0.9 2.48 70.57 73.05 NOTE
r-release-macos-x86_64 0.9 NOTE
r-release-windows-ix86+x86_64 0.9 5.00 102.00 107.00 NOTE
r-oldrel-macos-x86_64 0.9 NOTE
r-oldrel-windows-ix86+x86_64 0.9 4.00 92.00 96.00 NOTE

Check Details

Version: 0.9
Check: R code for possible problems
Result: NOTE
    desmat.sanitize: no visible global function definition for 'aggregate'
    dispdist: no visible global function definition for 'quantile'
    dispdist: no visible global function definition for 'hist'
    dispdist: no visible global function definition for 'lines'
    estate: no visible global function definition for 'weighted.mean'
    estate: no visible global function definition for 'lm'
    genperms: no visible global function definition for 'combn'
    genprobexact: no visible global function definition for 'ave'
    invert.ci: no visible global function definition for 'quantile'
    invert.ci: no visible global function definition for 'uniroot'
    omni.ate: no visible global function definition for 'hist'
    omni.ate: no visible global function definition for 'lines'
    omni.ate: no visible global function definition for 'quantile'
    resresplot: no visible global function definition for 'lm'
    resresplot: no visible global function definition for 'symbols'
    resresplot: no visible global function definition for 'abline'
    Undefined global functions or variables:
     abline aggregate ave combn hist lines lm quantile symbols uniroot
     weighted.mean
    Consider adding
     importFrom("graphics", "abline", "hist", "lines", "symbols")
     importFrom("stats", "aggregate", "ave", "lm", "quantile", "uniroot",
     "weighted.mean")
     importFrom("utils", "combn")
    to your NAMESPACE file.
Flavors: r-devel-linux-x86_64-debian-clang, r-devel-linux-x86_64-debian-gcc, r-devel-linux-x86_64-fedora-clang, r-devel-linux-x86_64-fedora-gcc, r-devel-windows-ix86+x86_64, r-patched-linux-x86_64, r-patched-solaris-x86, r-release-linux-x86_64, r-release-macos-x86_64, r-release-windows-ix86+x86_64, r-oldrel-macos-x86_64, r-oldrel-windows-ix86+x86_64

Version: 0.9
Check: Rd line widths
Result: NOTE
    Rd file 'genperms.custom.Rd':
     \examples lines wider than 100 characters:
     teststat <- pf(fstat[1],fstat[2],fstat[3],lower.tail=FALSE) # extract F-test p-value
    
    Rd file 'genprob.Rd':
     \examples lines wider than 100 characters:
     teststat <- pf(fstat[1],fstat[2],fstat[3],lower.tail=FALSE) # extract F-test p-value
    
    These lines will be truncated in the PDF manual.
Flavors: r-devel-linux-x86_64-debian-clang, r-devel-linux-x86_64-debian-gcc, r-devel-linux-x86_64-fedora-clang, r-devel-linux-x86_64-fedora-gcc, r-patched-linux-x86_64, r-release-linux-x86_64