CRAN Package Check Results for Package ri2

Last updated on 2022-01-22 21:53:55 CET.

Flavor Version Tinstall Tcheck Ttotal Status Flags
r-devel-linux-x86_64-debian-clang 0.2.0 5.36 136.14 141.50 NOTE
r-devel-linux-x86_64-debian-gcc 0.2.0 3.89 103.01 106.90 NOTE
r-devel-linux-x86_64-fedora-clang 0.2.0 168.25 NOTE
r-devel-linux-x86_64-fedora-gcc 0.2.0 160.48 NOTE
r-devel-windows-x86_64-new-UL 0.2.0 26.00 155.00 181.00 NOTE
r-devel-windows-x86_64-new-TK 0.2.0 NOTE
r-patched-linux-x86_64 0.2.0 7.28 127.60 134.88 NOTE
r-release-linux-x86_64 0.2.0 3.98 126.45 130.43 NOTE
r-release-macos-arm64 0.2.0 NOTE
r-release-macos-x86_64 0.2.0 NOTE
r-release-windows-ix86+x86_64 0.2.0 24.00 145.00 169.00 NOTE
r-oldrel-macos-x86_64 0.2.0 OK
r-oldrel-windows-ix86+x86_64 0.2.0 24.00 148.00 172.00 OK

Check Details

Version: 0.2.0
Check: LazyData
Result: NOTE
     'LazyData' is specified without a 'data' directory
Flavors: r-devel-linux-x86_64-debian-clang, r-devel-linux-x86_64-debian-gcc, r-devel-linux-x86_64-fedora-clang, r-devel-linux-x86_64-fedora-gcc, r-devel-windows-x86_64-new-UL, r-devel-windows-x86_64-new-TK, r-patched-linux-x86_64, r-release-linux-x86_64, r-release-macos-arm64, r-release-macos-x86_64, r-release-windows-ix86+x86_64