CRAN Package Check Results for Package ricegeneann

Last updated on 2022-10-05 19:53:20 CEST.

Flavor Version Tinstall Tcheck Ttotal Status Flags
r-devel-linux-x86_64-debian-clang 1.0.2 4.92 23.97 28.89 NOTE
r-devel-linux-x86_64-debian-gcc 1.0.2 4.33 18.95 23.28 NOTE
r-devel-linux-x86_64-fedora-clang 1.0.2 49.16 NOTE
r-devel-linux-x86_64-fedora-gcc 1.0.2 45.86 NOTE
r-devel-windows-x86_64 1.0.2 13.00 57.00 70.00 NOTE
r-patched-linux-x86_64 1.0.2 3.94 23.03 26.97 NOTE
r-release-linux-x86_64 1.0.2 3.89 23.23 27.12 NOTE
r-release-macos-arm64 1.0.2 18.00 NOTE
r-release-macos-x86_64 1.0.2 29.00 NOTE
r-release-windows-x86_64 1.0.2 12.00 55.00 67.00 NOTE
r-oldrel-macos-arm64 1.0.2 22.00 NOTE
r-oldrel-macos-x86_64 1.0.2 25.00 NOTE
r-oldrel-windows-ix86+x86_64 1.0.2 16.00 47.00 63.00 NOTE

Check Details

Version: 1.0.2
Check: LazyData
Result: NOTE
     'LazyData' is specified without a 'data' directory
Flavors: r-devel-linux-x86_64-debian-clang, r-devel-linux-x86_64-debian-gcc, r-devel-linux-x86_64-fedora-clang, r-devel-linux-x86_64-fedora-gcc, r-devel-windows-x86_64, r-patched-linux-x86_64, r-release-linux-x86_64, r-release-macos-arm64, r-release-macos-x86_64, r-release-windows-x86_64, r-oldrel-macos-arm64, r-oldrel-macos-x86_64, r-oldrel-windows-ix86+x86_64