CRAN Package Check Results for Package riceidconverter

Last updated on 2022-08-16 14:50:22 CEST.

Flavor Version Tinstall Tcheck Ttotal Status Flags
r-devel-linux-x86_64-debian-clang 1.1.1 10.03 26.99 37.02 NOTE
r-devel-linux-x86_64-debian-gcc 1.1.1 8.37 21.23 29.60 NOTE
r-devel-linux-x86_64-fedora-clang 1.1.1 56.79 NOTE
r-devel-linux-x86_64-fedora-gcc 1.1.1 55.33 NOTE
r-devel-windows-x86_64 1.1.1 16.00 49.00 65.00 NOTE
r-patched-linux-x86_64 1.1.1 10.59 26.51 37.10 NOTE
r-release-linux-x86_64 1.1.1 8.33 26.12 34.45 NOTE
r-release-macos-arm64 1.1.1 23.00 NOTE
r-release-macos-x86_64 1.1.1 35.00 NOTE
r-release-windows-x86_64 1.1.1 16.00 51.00 67.00 NOTE
r-oldrel-macos-arm64 1.1.1 25.00 NOTE
r-oldrel-macos-x86_64 1.1.1 32.00 NOTE
r-oldrel-windows-ix86+x86_64 1.1.1 17.00 48.00 65.00 NOTE

Check Details

Version: 1.1.1
Check: LazyData
Result: NOTE
     'LazyData' is specified without a 'data' directory
Flavors: r-devel-linux-x86_64-debian-clang, r-devel-linux-x86_64-debian-gcc, r-devel-linux-x86_64-fedora-clang, r-devel-linux-x86_64-fedora-gcc, r-devel-windows-x86_64, r-patched-linux-x86_64, r-release-linux-x86_64, r-release-macos-arm64, r-release-macos-x86_64, r-release-windows-x86_64, r-oldrel-macos-arm64, r-oldrel-macos-x86_64, r-oldrel-windows-ix86+x86_64