CRAN Package Check Results for Package rich

Last updated on 2015-04-01 03:49:26.

Flavor Version Tinstall Tcheck Ttotal Status Flags
r-devel-linux-x86_64-debian-clang 0.3 2.99 38.27 41.26 NOTE
r-devel-linux-x86_64-debian-gcc 0.3 2.72 35.21 37.93 NOTE
r-devel-linux-x86_64-fedora-clang 0.3 79.63 NOTE
r-devel-linux-x86_64-fedora-gcc 0.3 80.28 NOTE
r-devel-osx-x86_64-clang 0.3 76.09 NOTE
r-prerel-windows-ix86+x86_64 0.3 8.00 52.00 60.00 NOTE
r-prerel-linux-x86_64 0.3 2.71 35.29 38.00 NOTE
r-prerel-solaris-sparc 0.3 480.40 NOTE
r-prerel-solaris-x86 0.3 106.50 NOTE
r-release-linux-x86_64 0.3 4.10 46.50 50.60 NOTE
r-release-osx-x86_64-mavericks 0.3 NOTE
r-release-osx-x86_64-snowleopard 0.3 NOTE
r-release-windows-ix86+x86_64 0.3 10.00 70.00 80.00 NOTE
r-oldrel-windows-ix86+x86_64 0.3 11.00 68.00 79.00 NOTE

Check Details

Version: 0.3
Check: dependencies in R code
Result: NOTE
    Packages in Depends field not imported from:
     ‘boot’ ‘permute’ ‘vegan’
     These packages need to be imported from (in the NAMESPACE file)
     for when this namespace is loaded but not attached.
Flavors: r-devel-linux-x86_64-debian-clang, r-devel-linux-x86_64-debian-gcc, r-devel-linux-x86_64-fedora-clang, r-devel-linux-x86_64-fedora-gcc, r-devel-osx-x86_64-clang, r-prerel-windows-ix86+x86_64, r-prerel-linux-x86_64, r-prerel-solaris-sparc, r-prerel-solaris-x86, r-release-linux-x86_64, r-release-windows-ix86+x86_64

Version: 0.3
Check: R code for possible problems
Result: NOTE
    File ‘rich/R/zzz.R’:
     .onLoad calls:
     packageStartupMessage("This is rich ", utils::packageDescription("rich", field = "Version"), appendLF = TRUE)
    
    See section ‘Good practice’ in '?.onAttach'.
    
    c2cv : SRobs: no visible global function definition for ‘specpool’
    rarc : sSRobs: no visible global function definition for ‘specpool’
    rarc: no visible global function definition for ‘boot’
    raref : sSRobs: no visible global function definition for ‘specpool’
    raref: no visible global function definition for ‘boot’
    raref2 : thinning: no visible global function definition for ‘specpool’
    raref2: no visible global function definition for ‘boot’
    rich : SRobs: no visible global function definition for ‘specpool’
    rich : bspfm: no visible global function definition for ‘boot’
    rich : bspfm: no visible global function definition for ‘boot.ci’
    rich : bspf: no visible global function definition for ‘boot’
    rich : bspf: no visible global function definition for ‘boot.ci’
Flavors: r-devel-linux-x86_64-debian-clang, r-devel-linux-x86_64-debian-gcc, r-devel-linux-x86_64-fedora-clang, r-devel-linux-x86_64-fedora-gcc, r-devel-osx-x86_64-clang, r-prerel-windows-ix86+x86_64, r-prerel-linux-x86_64, r-prerel-solaris-sparc, r-prerel-solaris-x86, r-release-linux-x86_64, r-release-osx-x86_64-mavericks, r-release-windows-ix86+x86_64

Version: 0.3
Check: dependencies in R code
Result: NOTE
    Packages in Depends field not imported from:
     ‘boot’ ‘permute’ ‘vegan’
     These packages need to be imported from (in the NAMESPACE file)
     for when this namespace is loaded but not attached.
    See the information on DESCRIPTION files in the chapter ‘Creating R
    packages’ of the ‘Writing R Extensions’ manual.
Flavors: r-release-osx-x86_64-mavericks, r-oldrel-windows-ix86+x86_64

Version: 0.3
Check: R code for possible problems
Result: NOTE
    File 'rich/R/zzz.R':
     .onLoad calls:
     packageStartupMessage("This is rich ", utils::packageDescription("rich", field = "Version"), appendLF = TRUE)
    
    See section 'Good practice' in '?.onAttach'.
Flavors: r-release-osx-x86_64-snowleopard, r-oldrel-windows-ix86+x86_64