CRAN Package Check Results for Package rich

Last updated on 2014-11-23 16:46:39.

Flavor Version Tinstall Tcheck Ttotal Status Flags
r-devel-linux-x86_64-debian-clang 0.3 4.71 46.95 51.66 NOTE
r-devel-linux-x86_64-debian-gcc 0.3 4.11 46.48 50.59 NOTE
r-devel-linux-x86_64-fedora-clang 0.3 114.68 NOTE
r-devel-linux-x86_64-fedora-gcc 0.3 105.90 NOTE
r-devel-osx-x86_64-clang 0.3 42.16 NOTE
r-devel-windows-ix86+x86_64 0.3 10.00 67.00 77.00 NOTE
r-patched-linux-x86_64 0.3 4.34 47.64 51.98 NOTE
r-patched-solaris-sparc 0.3 257.10 NOTE
r-patched-solaris-x86 0.3 158.70 NOTE
r-release-linux-ix86 0.3 5.20 58.49 63.68 NOTE
r-release-linux-x86_64 0.3 4.36 48.20 52.56 NOTE
r-release-osx-x86_64-mavericks 0.3 NOTE
r-release-osx-x86_64-snowleopard 0.3 NOTE
r-release-windows-ix86+x86_64 0.3 13.00 76.00 89.00 NOTE
r-oldrel-windows-ix86+x86_64 0.3 10.00 78.00 88.00 NOTE

Check Details

Version: 0.3
Check: dependencies in R code
Result: NOTE
    Packages in Depends field not imported from:
     ‘boot’ ‘permute’ ‘vegan’
     These packages need to be imported from (in the NAMESPACE file)
     for when this namespace is loaded but not attached.
    See the information on DESCRIPTION files in the chapter ‘Creating R
    packages’ of the ‘Writing R Extensions’ manual.
Flavors: r-devel-linux-x86_64-debian-clang, r-devel-linux-x86_64-debian-gcc, r-devel-linux-x86_64-fedora-clang, r-devel-linux-x86_64-fedora-gcc, r-devel-osx-x86_64-clang, r-devel-windows-ix86+x86_64, r-patched-linux-x86_64, r-patched-solaris-sparc, r-patched-solaris-x86, r-release-linux-ix86, r-release-linux-x86_64, r-release-osx-x86_64-mavericks, r-release-windows-ix86+x86_64, r-oldrel-windows-ix86+x86_64

Version: 0.3
Check: R code for possible problems
Result: NOTE
    File ‘rich/R/zzz.R’:
     .onLoad calls:
     packageStartupMessage("This is rich ", utils::packageDescription("rich", field = "Version"), appendLF = TRUE)
    
    See section ‘Good practice’ in '?.onAttach'.
    
    c2cv : SRobs: no visible global function definition for ‘specpool’
    rarc : sSRobs: no visible global function definition for ‘specpool’
    rarc: no visible global function definition for ‘boot’
    raref : sSRobs: no visible global function definition for ‘specpool’
    raref: no visible global function definition for ‘boot’
    raref2 : thinning: no visible global function definition for ‘specpool’
    raref2: no visible global function definition for ‘boot’
    rich : SRobs: no visible global function definition for ‘specpool’
    rich : bspfm: no visible global function definition for ‘boot’
    rich : bspfm: no visible global function definition for ‘boot.ci’
    rich : bspf: no visible global function definition for ‘boot’
    rich : bspf: no visible global function definition for ‘boot.ci’
Flavors: r-devel-linux-x86_64-debian-clang, r-devel-linux-x86_64-debian-gcc, r-devel-linux-x86_64-fedora-clang, r-devel-linux-x86_64-fedora-gcc, r-devel-osx-x86_64-clang, r-devel-windows-ix86+x86_64, r-patched-linux-x86_64, r-patched-solaris-sparc, r-patched-solaris-x86, r-release-linux-ix86, r-release-linux-x86_64, r-release-windows-ix86+x86_64

Version: 0.3
Check: R code for possible problems
Result: NOTE
    File ‘rich/R/zzz.R’:
     .onLoad calls:
     packageStartupMessage("This is rich ", utils::packageDescription("rich", field = "Version"), appendLF = TRUE)
    
    See section ‘Good practice’ in '?.onAttach'.
Flavors: r-release-osx-x86_64-mavericks, r-release-osx-x86_64-snowleopard, r-oldrel-windows-ix86+x86_64