CRAN Package Check Results for Package rich

Last updated on 2014-09-01 21:49:00.

Flavor Version Tinstall Tcheck Ttotal Status Flags
r-devel-linux-x86_64-debian-clang 0.3 0.86 21.22 22.08 NOTE
r-devel-linux-x86_64-debian-gcc 0.3 1.15 21.40 22.55 NOTE
r-devel-linux-x86_64-fedora-clang 0.3 45.28 NOTE
r-devel-linux-x86_64-fedora-gcc 0.3 41.76 NOTE
r-devel-osx-x86_64-clang 0.3 38.67 NOTE
r-devel-windows-ix86+x86_64 0.3 3.00 33.00 36.00 NOTE
r-patched-linux-x86_64 0.3 0.94 21.98 22.92 NOTE
r-patched-solaris-sparc 0.3 253.20 NOTE
r-patched-solaris-x86 0.3 58.40 NOTE
r-release-linux-ix86 0.3 1.34 28.49 29.83 NOTE
r-release-linux-x86_64 0.3 0.95 23.12 24.08 NOTE
r-release-osx-x86_64-mavericks 0.3 NOTE
r-release-osx-x86_64-snowleopard 0.3 NOTE
r-release-windows-ix86+x86_64 0.3 3.00 34.00 37.00 NOTE
r-oldrel-windows-ix86+x86_64 0.3 5.00 35.00 40.00 NOTE

Check Details

Version: 0.3
Check: dependencies in R code
Result: NOTE
    Packages in Depends field not imported from:
     ‘boot’ ‘permute’ ‘vegan’
     These packages need to be imported from (in the NAMESPACE file)
     for when this namespace is loaded but not attached.
    See the information on DESCRIPTION files in the chapter ‘Creating R
    packages’ of the ‘Writing R Extensions’ manual.
Flavors: r-devel-linux-x86_64-debian-clang, r-devel-linux-x86_64-debian-gcc, r-devel-linux-x86_64-fedora-clang, r-devel-linux-x86_64-fedora-gcc, r-devel-osx-x86_64-clang, r-devel-windows-ix86+x86_64, r-patched-linux-x86_64, r-patched-solaris-sparc, r-patched-solaris-x86, r-release-linux-ix86, r-release-linux-x86_64, r-release-osx-x86_64-mavericks, r-release-windows-ix86+x86_64, r-oldrel-windows-ix86+x86_64

Version: 0.3
Check: R code for possible problems
Result: NOTE
    File ‘rich/R/zzz.R’:
     .onLoad calls:
     packageStartupMessage("This is rich ", utils::packageDescription("rich", field = "Version"), appendLF = TRUE)
    
    See section ‘Good practice’ in '?.onAttach'.
    
    c2cv : SRobs: no visible global function definition for ‘specpool’
    rarc : sSRobs: no visible global function definition for ‘specpool’
    rarc: no visible global function definition for ‘boot’
    raref : sSRobs: no visible global function definition for ‘specpool’
    raref: no visible global function definition for ‘boot’
    raref2 : thinning: no visible global function definition for ‘specpool’
    raref2: no visible global function definition for ‘boot’
    rich : SRobs: no visible global function definition for ‘specpool’
    rich : bspfm: no visible global function definition for ‘boot’
    rich : bspfm: no visible global function definition for ‘boot.ci’
    rich : bspf: no visible global function definition for ‘boot’
    rich : bspf: no visible global function definition for ‘boot.ci’
Flavors: r-devel-linux-x86_64-debian-clang, r-devel-linux-x86_64-debian-gcc, r-devel-linux-x86_64-fedora-clang, r-devel-linux-x86_64-fedora-gcc, r-devel-osx-x86_64-clang, r-devel-windows-ix86+x86_64

Version: 0.3
Check: R code for possible problems
Result: NOTE
    File ‘rich/R/zzz.R’:
     .onLoad calls:
     packageStartupMessage("This is rich ", utils::packageDescription("rich", field = "Version"), appendLF = TRUE)
    
    See section ‘Good practice’ in '?.onAttach'.
Flavors: r-patched-linux-x86_64, r-patched-solaris-sparc, r-patched-solaris-x86, r-release-linux-ix86, r-release-linux-x86_64, r-release-osx-x86_64-mavericks, r-release-osx-x86_64-snowleopard, r-release-windows-ix86+x86_64, r-oldrel-windows-ix86+x86_64