CRAN Package Check Results for Package rich

Last updated on 2014-07-22 15:51:56.

Flavor Version Tinstall Tcheck Ttotal Status Flags
r-devel-linux-x86_64-debian-clang 0.3 0.92 22.23 23.14 NOTE
r-devel-linux-x86_64-debian-gcc 0.3 1.19 22.49 23.68 NOTE
r-devel-linux-x86_64-fedora-clang 0.3 46.02 NOTE
r-devel-linux-x86_64-fedora-gcc 0.3 44.12 NOTE
r-devel-osx-x86_64-clang 0.3 41.65 NOTE
r-devel-windows-ix86+x86_64 0.3 4.00 36.00 40.00 NOTE
r-patched-linux-x86_64 0.3 0.92 22.16 23.09 NOTE
r-patched-solaris-sparc 0.3 255.50 NOTE
r-patched-solaris-x86 0.3 58.10 NOTE
r-release-linux-ix86 0.3 1.33 28.44 29.77 NOTE
r-release-linux-x86_64 0.3 0.96 22.32 23.27 NOTE
r-release-osx-x86_64-mavericks 0.3 NOTE
r-release-osx-x86_64-snowleopard 0.3 NOTE
r-release-windows-ix86+x86_64 0.3 4.00 37.00 41.00 NOTE
r-oldrel-windows-ix86+x86_64 0.3 4.00 33.00 37.00 NOTE

Check Details

Version: 0.3
Check: dependencies in R code
Result: NOTE
    Packages in Depends field not imported from:
     ‘boot’ ‘permute’ ‘vegan’
     These packages need to be imported from (in the NAMESPACE file)
     for when this namespace is loaded but not attached.
    See the information on DESCRIPTION files in the chapter ‘Creating R
    packages’ of the ‘Writing R Extensions’ manual.
Flavors: r-devel-linux-x86_64-debian-clang, r-devel-linux-x86_64-debian-gcc, r-devel-linux-x86_64-fedora-clang, r-devel-linux-x86_64-fedora-gcc, r-devel-osx-x86_64-clang, r-devel-windows-ix86+x86_64, r-patched-linux-x86_64, r-patched-solaris-sparc, r-patched-solaris-x86, r-release-linux-ix86, r-release-linux-x86_64, r-release-osx-x86_64-mavericks, r-release-windows-ix86+x86_64, r-oldrel-windows-ix86+x86_64

Version: 0.3
Check: R code for possible problems
Result: NOTE
    File ‘rich/R/zzz.R’:
     .onLoad calls:
     packageStartupMessage("This is rich ", utils::packageDescription("rich", field = "Version"), appendLF = TRUE)
    
    See section ‘Good practice’ in '?.onAttach'.
Flavors: r-devel-linux-x86_64-debian-clang, r-devel-linux-x86_64-debian-gcc, r-devel-linux-x86_64-fedora-clang, r-devel-linux-x86_64-fedora-gcc, r-devel-osx-x86_64-clang, r-devel-windows-ix86+x86_64, r-patched-linux-x86_64, r-patched-solaris-sparc, r-patched-solaris-x86, r-release-linux-ix86, r-release-linux-x86_64, r-release-osx-x86_64-mavericks, r-release-osx-x86_64-snowleopard, r-release-windows-ix86+x86_64, r-oldrel-windows-ix86+x86_64