CRAN Package Check Results for Package rich

Last updated on 2015-07-03 21:46:46.

Flavor Version Tinstall Tcheck Ttotal Status Flags
r-devel-linux-x86_64-debian-clang 0.3 3.07 36.10 39.17 NOTE
r-devel-linux-x86_64-debian-gcc 0.3 3.34 35.40 38.74 NOTE
r-devel-linux-x86_64-fedora-clang 0.3 78.08 NOTE
r-devel-linux-x86_64-fedora-gcc 0.3 73.79 NOTE
r-devel-osx-x86_64-clang 0.3 59.97 NOTE
r-devel-windows-ix86+x86_64 0.3 8.00 60.00 68.00 NOTE
r-patched-linux-x86_64 0.3 2.75 35.49 38.24 NOTE
r-patched-solaris-sparc 0.3 470.90 NOTE
r-patched-solaris-x86 0.3 109.20 NOTE
r-release-linux-x86_64 0.3 3.27 35.07 38.34 NOTE
r-release-osx-x86_64-mavericks 0.3 NOTE
r-release-windows-ix86+x86_64 0.3 13.00 60.00 73.00 NOTE
r-oldrel-windows-ix86+x86_64 0.3 12.00 101.00 113.00 NOTE

Check Details

Version: 0.3
Check: dependencies in R code
Result: NOTE
    Packages in Depends field not imported from:
     ‘boot’ ‘permute’ ‘vegan’
     These packages need to be imported from (in the NAMESPACE file)
     for when this namespace is loaded but not attached.
Flavors: r-devel-linux-x86_64-debian-clang, r-devel-linux-x86_64-debian-gcc, r-devel-linux-x86_64-fedora-clang, r-devel-linux-x86_64-fedora-gcc, r-devel-osx-x86_64-clang, r-devel-windows-ix86+x86_64, r-patched-linux-x86_64, r-patched-solaris-sparc, r-patched-solaris-x86, r-release-linux-x86_64, r-release-osx-x86_64-mavericks, r-release-windows-ix86+x86_64, r-oldrel-windows-ix86+x86_64

Version: 0.3
Check: R code for possible problems
Result: NOTE
    File ‘rich/R/zzz.R’:
     .onLoad calls:
     packageStartupMessage("This is rich ", utils::packageDescription("rich", field = "Version"), appendLF = TRUE)
    
    See section ‘Good practice’ in '?.onAttach'.
    
    c2cv : SRobs: no visible global function definition for ‘specpool’
    c2cv: no visible global function definition for ‘quantile’
    c2m: no visible global function definition for ‘quantile’
    rarc : sSRobs: no visible global function definition for ‘specpool’
    rarc: no visible global function definition for ‘boot’
    raref : sSRobs: no visible global function definition for ‘specpool’
    raref: no visible global function definition for ‘boot’
    raref2 : thinning: no visible global function definition for ‘specpool’
    raref2: no visible global function definition for ‘boot’
    raref2: no visible global function definition for ‘sd’
    rich : SRobs: no visible global function definition for ‘specpool’
    rich : bspfm: no visible global function definition for ‘boot’
    rich : bspfm: no visible global function definition for ‘boot.ci’
    rich : bspfm: no visible global function definition for ‘sd’
    rich : bspf: no visible global function definition for ‘boot’
    rich : bspf: no visible global function definition for ‘boot.ci’
    rich : bspf: no visible global function definition for ‘sd’
    rich: no visible global function definition for ‘sd’
    Undefined global functions or variables:
     boot boot.ci quantile sd specpool
Flavors: r-devel-linux-x86_64-debian-clang, r-devel-linux-x86_64-debian-gcc, r-devel-linux-x86_64-fedora-clang, r-devel-linux-x86_64-fedora-gcc, r-devel-windows-ix86+x86_64

Version: 0.3
Check: R code for possible problems
Result: NOTE
    File ‘rich/R/zzz.R’:
     .onLoad calls:
     packageStartupMessage("This is rich ", utils::packageDescription("rich", field = "Version"), appendLF = TRUE)
    
    See section ‘Good practice’ in '?.onAttach'.
    
    c2cv : SRobs: no visible global function definition for ‘specpool’
    rarc : sSRobs: no visible global function definition for ‘specpool’
    rarc: no visible global function definition for ‘boot’
    raref : sSRobs: no visible global function definition for ‘specpool’
    raref: no visible global function definition for ‘boot’
    raref2 : thinning: no visible global function definition for ‘specpool’
    raref2: no visible global function definition for ‘boot’
    rich : SRobs: no visible global function definition for ‘specpool’
    rich : bspfm: no visible global function definition for ‘boot’
    rich : bspfm: no visible global function definition for ‘boot.ci’
    rich : bspf: no visible global function definition for ‘boot’
    rich : bspf: no visible global function definition for ‘boot.ci’
    Undefined global functions or variables:
     boot boot.ci specpool
Flavor: r-devel-osx-x86_64-clang

Version: 0.3
Check: R code for possible problems
Result: NOTE
    File ‘rich/R/zzz.R’:
     .onLoad calls:
     packageStartupMessage("This is rich ", utils::packageDescription("rich", field = "Version"), appendLF = TRUE)
    
    See section ‘Good practice’ in '?.onAttach'.
    
    c2cv : SRobs: no visible global function definition for ‘specpool’
    rarc : sSRobs: no visible global function definition for ‘specpool’
    rarc: no visible global function definition for ‘boot’
    raref : sSRobs: no visible global function definition for ‘specpool’
    raref: no visible global function definition for ‘boot’
    raref2 : thinning: no visible global function definition for ‘specpool’
    raref2: no visible global function definition for ‘boot’
    rich : SRobs: no visible global function definition for ‘specpool’
    rich : bspfm: no visible global function definition for ‘boot’
    rich : bspfm: no visible global function definition for ‘boot.ci’
    rich : bspf: no visible global function definition for ‘boot’
    rich : bspf: no visible global function definition for ‘boot.ci’
Flavors: r-patched-linux-x86_64, r-patched-solaris-sparc, r-patched-solaris-x86, r-release-linux-x86_64, r-release-osx-x86_64-mavericks, r-release-windows-ix86+x86_64, r-oldrel-windows-ix86+x86_64