CRAN Package Check Results for Package rich

Last updated on 2015-05-25 03:47:49.

Flavor Version Tinstall Tcheck Ttotal Status Flags
r-devel-linux-x86_64-debian-clang 0.3 3.56 38.55 42.11 NOTE
r-devel-linux-x86_64-debian-gcc 0.3 2.74 35.21 37.94 NOTE
r-devel-linux-x86_64-fedora-clang 0.3 80.02 NOTE
r-devel-linux-x86_64-fedora-gcc 0.3 75.57 NOTE
r-devel-osx-x86_64-clang 0.3 70.78 NOTE
r-devel-windows-ix86+x86_64 0.3 9.00 59.00 68.00 NOTE
r-patched-linux-x86_64 0.3 2.91 36.04 38.94 NOTE
r-patched-solaris-sparc 0.3 470.90 NOTE
r-patched-solaris-x86 0.3 109.30 NOTE
r-release-linux-x86_64 0.3 2.78 36.22 39.00 NOTE
r-release-osx-x86_64-mavericks 0.3 NOTE
r-release-osx-x86_64-snowleopard 0.3 ERROR
r-release-windows-ix86+x86_64 0.3 10.00 55.00 65.00 NOTE
r-oldrel-windows-ix86+x86_64 0.3 11.00 63.00 74.00 NOTE

Check Details

Version: 0.3
Check: dependencies in R code
Result: NOTE
    Packages in Depends field not imported from:
     ‘boot’ ‘permute’ ‘vegan’
     These packages need to be imported from (in the NAMESPACE file)
     for when this namespace is loaded but not attached.
Flavors: r-devel-linux-x86_64-debian-clang, r-devel-linux-x86_64-debian-gcc, r-devel-linux-x86_64-fedora-clang, r-devel-linux-x86_64-fedora-gcc, r-devel-osx-x86_64-clang, r-devel-windows-ix86+x86_64, r-patched-linux-x86_64, r-patched-solaris-sparc, r-patched-solaris-x86, r-release-linux-x86_64, r-release-osx-x86_64-mavericks, r-release-windows-ix86+x86_64, r-oldrel-windows-ix86+x86_64

Version: 0.3
Check: R code for possible problems
Result: NOTE
    File ‘rich/R/zzz.R’:
     .onLoad calls:
     packageStartupMessage("This is rich ", utils::packageDescription("rich", field = "Version"), appendLF = TRUE)
    
    See section ‘Good practice’ in '?.onAttach'.
    
    c2cv : SRobs: no visible global function definition for ‘specpool’
    rarc : sSRobs: no visible global function definition for ‘specpool’
    rarc: no visible global function definition for ‘boot’
    raref : sSRobs: no visible global function definition for ‘specpool’
    raref: no visible global function definition for ‘boot’
    raref2 : thinning: no visible global function definition for ‘specpool’
    raref2: no visible global function definition for ‘boot’
    rich : SRobs: no visible global function definition for ‘specpool’
    rich : bspfm: no visible global function definition for ‘boot’
    rich : bspfm: no visible global function definition for ‘boot.ci’
    rich : bspf: no visible global function definition for ‘boot’
    rich : bspf: no visible global function definition for ‘boot.ci’
Flavors: r-devel-linux-x86_64-debian-clang, r-devel-linux-x86_64-debian-gcc, r-devel-linux-x86_64-fedora-clang, r-devel-linux-x86_64-fedora-gcc, r-devel-osx-x86_64-clang, r-devel-windows-ix86+x86_64, r-patched-linux-x86_64, r-patched-solaris-sparc, r-patched-solaris-x86, r-release-linux-x86_64, r-release-osx-x86_64-mavericks, r-release-windows-ix86+x86_64, r-oldrel-windows-ix86+x86_64

Version: 0.3
Check: package dependencies
Result: ERROR
    Packages required but not available: ‘vegan’ ‘permute’
    
    See section ‘The DESCRIPTION file’ in the ‘Writing R Extensions’
    manual.
Flavor: r-release-osx-x86_64-snowleopard