CRAN Package Check Results for Package ridge

Last updated on 2015-05-25 10:47:21.

Flavor Version Tinstall Tcheck Ttotal Status Flags
r-devel-linux-x86_64-debian-clang 2.1-3 3.83 19.66 23.50 NOTE
r-devel-linux-x86_64-debian-gcc 2.1-3 4.03 21.11 25.14 NOTE
r-devel-linux-x86_64-fedora-clang 2.1-3 44.10 NOTE
r-devel-linux-x86_64-fedora-gcc 2.1-3 41.73 NOTE
r-devel-osx-x86_64-clang 2.1-3 47.63 NOTE
r-devel-windows-ix86+x86_64 2.1-3 10.00 43.00 53.00 NOTE
r-patched-linux-x86_64 2.1-3 4.06 18.42 22.48 NOTE
r-patched-solaris-sparc 2.1-3 322.00 NOTE
r-patched-solaris-x86 2.1-3 79.60 NOTE
r-release-linux-x86_64 2.1-3 4.15 18.96 23.11 NOTE
r-release-osx-x86_64-mavericks 2.1-3 NOTE
r-release-osx-x86_64-snowleopard 2.1-3 NOTE
r-release-windows-ix86+x86_64 2.1-3 8.00 49.00 57.00 NOTE
r-oldrel-windows-ix86+x86_64 2.1-3 14.00 47.00 61.00 OK

Check Details

Version: 2.1-3
Check: DESCRIPTION meta-information
Result: NOTE
    Malformed Description field: should contain one or more complete sentences.
Flavors: r-devel-linux-x86_64-debian-clang, r-devel-linux-x86_64-debian-gcc, r-devel-linux-x86_64-fedora-clang, r-devel-linux-x86_64-fedora-gcc, r-devel-osx-x86_64-clang, r-devel-windows-ix86+x86_64, r-patched-linux-x86_64, r-patched-solaris-sparc, r-patched-solaris-x86, r-release-linux-x86_64, r-release-osx-x86_64-mavericks, r-release-osx-x86_64-snowleopard, r-release-windows-ix86+x86_64