CRAN Package Check Results for Package ridge

Last updated on 2015-07-07 11:48:24.

Flavor Version Tinstall Tcheck Ttotal Status Flags
r-devel-linux-x86_64-debian-clang 2.1-3 3.74 17.96 21.70 NOTE
r-devel-linux-x86_64-debian-gcc 2.1-3 3.97 17.75 21.72 NOTE
r-devel-linux-x86_64-fedora-clang 2.1-3 42.63 NOTE
r-devel-linux-x86_64-fedora-gcc 2.1-3 40.11 NOTE
r-devel-osx-x86_64-clang 2.1-3 37.42 NOTE
r-devel-windows-ix86+x86_64 2.1-3 11.00 44.00 55.00 NOTE
r-patched-linux-x86_64 2.1-3 4.05 18.18 22.23 NOTE
r-patched-solaris-sparc 2.1-3 322.00 NOTE
r-patched-solaris-x86 2.1-3 82.40 NOTE
r-release-linux-x86_64 2.1-3 4.02 18.44 22.47 NOTE
r-release-osx-x86_64-mavericks 2.1-3 NOTE
r-release-windows-ix86+x86_64 2.1-3 10.00 42.00 52.00 NOTE
r-oldrel-windows-ix86+x86_64 2.1-3 14.00 47.00 61.00 OK

Check Details

Version: 2.1-3
Check: DESCRIPTION meta-information
Result: NOTE
    Malformed Description field: should contain one or more complete sentences.
Flavors: r-devel-linux-x86_64-debian-clang, r-devel-linux-x86_64-debian-gcc, r-devel-linux-x86_64-fedora-clang, r-devel-linux-x86_64-fedora-gcc, r-devel-osx-x86_64-clang, r-devel-windows-ix86+x86_64, r-patched-linux-x86_64, r-patched-solaris-sparc, r-patched-solaris-x86, r-release-linux-x86_64, r-release-osx-x86_64-mavericks, r-release-windows-ix86+x86_64

Version: 2.1-3
Check: R code for possible problems
Result: NOTE
    linearRidge: no visible global function definition for ‘model.response’
    linearRidge: no visible global function definition for ‘model.matrix’
    linearRidgeGenotypes: no visible global function definition for
     ‘read.table’
    linearRidgeGenotypesPredict: no visible global function definition for
     ‘read.table’
    logisticRidge: no visible global function definition for
     ‘model.response’
    logisticRidge: no visible global function definition for ‘model.matrix’
    logisticRidgeGenotypes: no visible global function definition for
     ‘read.table’
    logisticRidgeGenotypesPredict: no visible global function definition
     for ‘read.table’
    plot.pvalsRidgeLinear: no visible global function definition for
     ‘rainbow’
    plot.pvalsRidgeLinear: no visible global function definition for ‘plot’
    plot.pvalsRidgeLinear: no visible global function definition for
     ‘lines’
    plot.pvalsRidgeLinear: no visible global function definition for
     ‘abline’
    plot.pvalsRidgeLogistic: no visible global function definition for
     ‘rainbow’
    plot.pvalsRidgeLogistic: no visible global function definition for
     ‘plot’
    plot.pvalsRidgeLogistic: no visible global function definition for
     ‘lines’
    plot.pvalsRidgeLogistic: no visible global function definition for
     ‘abline’
    plot.ridgeLinear: no visible global function definition for ‘coef’
    plot.ridgeLinear: no visible global function definition for ‘rainbow’
    plot.ridgeLinear: no visible global function definition for ‘plot’
    plot.ridgeLinear: no visible global function definition for ‘lines’
    plot.ridgeLinear: no visible global function definition for ‘abline’
    plot.ridgeLogistic: no visible global function definition for ‘coef’
    plot.ridgeLogistic: no visible global function definition for ‘rainbow’
    plot.ridgeLogistic: no visible global function definition for ‘plot’
    plot.ridgeLogistic: no visible global function definition for ‘lines’
    plot.ridgeLogistic: no visible global function definition for ‘abline’
    predict.ridgeLinear: no visible binding for global variable ‘na.pass’
    predict.ridgeLinear: no visible global function definition for ‘terms’
    predict.ridgeLinear: no visible global function definition for
     ‘model.frame’
    predict.ridgeLinear: no visible global function definition for
     ‘delete.response’
    predict.ridgeLinear: no visible global function definition for
     ‘.checkMFClasses’
    predict.ridgeLinear: no visible global function definition for
     ‘model.matrix’
    predict.ridgeLinear: no visible global function definition for ‘coef’
    predict.ridgeLogistic: no visible binding for global variable ‘na.pass’
    predict.ridgeLogistic: no visible global function definition for
     ‘terms’
    predict.ridgeLogistic: no visible global function definition for
     ‘model.frame’
    predict.ridgeLogistic: no visible global function definition for
     ‘delete.response’
    predict.ridgeLogistic: no visible global function definition for
     ‘.checkMFClasses’
    predict.ridgeLogistic: no visible global function definition for
     ‘model.matrix’
    predict.ridgeLogistic: no visible global function definition for ‘coef’
    print.pvalsRidgeLinear: no visible global function definition for
     ‘printCoefmat’
    print.pvalsRidgeLogistic: no visible global function definition for
     ‘printCoefmat’
    print.ridgeLinear: no visible global function definition for ‘coef’
    print.ridgeLogistic: no visible global function definition for ‘coef’
    print.summary.ridgeLinear: no visible global function definition for
     ‘printCoefmat’
    print.summary.ridgeLogistic: no visible global function definition for
     ‘printCoefmat’
    pvals.ridgeLinear: no visible global function definition for ‘pnorm’
    pvals.ridgeLogistic: no visible global function definition for ‘pnorm’
    summary.ridgeLinear: no visible global function definition for ‘coef’
    summary.ridgeLogistic: no visible global function definition for ‘coef’
    Undefined global functions or variables:
     .checkMFClasses abline coef delete.response lines model.frame
     model.matrix model.response na.pass plot pnorm printCoefmat rainbow
     read.table terms
Flavors: r-devel-linux-x86_64-debian-clang, r-devel-linux-x86_64-debian-gcc, r-devel-linux-x86_64-fedora-clang, r-devel-linux-x86_64-fedora-gcc, r-devel-windows-ix86+x86_64