CRAN Package Check Results for Package ridge

Last updated on 2018-05-20 14:47:07 CEST.

Flavor Version Tinstall Tcheck Ttotal Status Flags
r-devel-linux-x86_64-debian-clang 2.2 8.23 33.57 41.80 WARN
r-devel-linux-x86_64-debian-gcc 2.2 6.63 25.69 32.32 OK
r-devel-linux-x86_64-fedora-clang 2.2 50.47 WARN
r-devel-linux-x86_64-fedora-gcc 2.2 48.49 OK
r-devel-windows-ix86+x86_64 2.2 37.00 80.00 117.00 OK
r-patched-linux-x86_64 2.2 7.54 31.90 39.44 OK
r-patched-solaris-x86 2.2 88.30 OK
r-release-linux-x86_64 2.2 8.01 32.31 40.32 OK
r-release-windows-ix86+x86_64 2.2 46.00 62.00 108.00 OK
r-release-osx-x86_64 2.2 WARN
r-oldrel-windows-ix86+x86_64 2.2 25.00 60.00 85.00 OK
r-oldrel-osx-x86_64 2.2 OK

Check Details

Version: 2.2
Check: whether package can be installed
Result: WARN
    Found the following significant warnings:
     computePvals.c:488:10: warning: explicitly assigning value of variable of type 'int' to itself [-Wself-assign]
Flavors: r-devel-linux-x86_64-debian-clang, r-devel-linux-x86_64-fedora-clang, r-release-osx-x86_64