CRAN Package Check Results for Package ridge

Last updated on 2018-02-26 03:49:14 CET.

Flavor Version Tinstall Tcheck Ttotal Status Flags
r-devel-linux-x86_64-debian-clang 2.2 8.01 28.13 36.14 WARN
r-devel-linux-x86_64-debian-gcc 2.2 6.95 25.23 32.18 OK
r-devel-linux-x86_64-fedora-clang 2.2 50.51 WARN
r-devel-linux-x86_64-fedora-gcc 2.2 47.61 OK
r-devel-windows-ix86+x86_64 2.2 35.00 58.00 93.00 OK
r-patched-linux-x86_64 2.2 6.12 33.18 39.30 OK
r-patched-solaris-x86 2.2 81.60 OK
r-release-linux-x86_64 2.2 6.26 33.02 39.28 OK
r-release-windows-ix86+x86_64 2.2 25.00 60.00 85.00 OK
r-release-osx-x86_64 2.2 OK
r-oldrel-windows-ix86+x86_64 2.2 54.00 86.00 140.00 OK
r-oldrel-osx-x86_64 2.2 OK

Check Details

Version: 2.2
Check: whether package can be installed
Result: WARN
    Found the following significant warnings:
     computePvals.c:488:10: warning: explicitly assigning value of variable of type 'int' to itself [-Wself-assign]
Flavors: r-devel-linux-x86_64-debian-clang, r-devel-linux-x86_64-fedora-clang