CRAN Package Check Results for Package ridge

Last updated on 2015-03-29 19:48:50.

Flavor Version Tinstall Tcheck Ttotal Status Flags
r-devel-linux-x86_64-debian-clang 2.1-3 3.87 18.82 22.69 NOTE
r-devel-linux-x86_64-debian-gcc 2.1-3 3.93 18.28 22.21 NOTE
r-devel-linux-x86_64-fedora-clang 2.1-3 44.20 NOTE
r-devel-linux-x86_64-fedora-gcc 2.1-3 44.02 NOTE
r-devel-osx-x86_64-clang 2.1-3 51.86 NOTE
r-prerel-windows-ix86+x86_64 2.1-3 13.00 42.00 55.00 NOTE
r-prerel-linux-x86_64 2.1-3 3.96 18.21 22.17 NOTE
r-prerel-solaris-sparc 2.1-3 349.90 NOTE
r-prerel-solaris-x86 2.1-3 83.00 NOTE
r-release-linux-x86_64 2.1-3 4.03 20.75 24.78 OK
r-release-osx-x86_64-mavericks 2.1-3 OK
r-release-osx-x86_64-snowleopard 2.1-3 OK
r-release-windows-ix86+x86_64 2.1-3 14.00 47.00 61.00 OK
r-oldrel-windows-ix86+x86_64 2.1-3 10.00 57.00 67.00 OK

Check Details

Version: 2.1-3
Check: DESCRIPTION meta-information
Result: NOTE
    Malformed Description field: should contain one or more complete sentences.
Flavors: r-devel-linux-x86_64-debian-clang, r-devel-linux-x86_64-debian-gcc, r-devel-linux-x86_64-fedora-clang, r-devel-linux-x86_64-fedora-gcc, r-devel-osx-x86_64-clang, r-prerel-windows-ix86+x86_64, r-prerel-linux-x86_64, r-prerel-solaris-sparc, r-prerel-solaris-x86