CRAN Package Check Results for Package ridigbio

Last updated on 2021-12-07 22:59:41 CET.

Flavor Version Tinstall Tcheck Ttotal Status Flags
r-devel-linux-x86_64-debian-clang 0.3.5 2.64 33.68 36.32 NOTE
r-devel-linux-x86_64-debian-gcc 0.3.5 1.91 26.85 28.76 NOTE
r-devel-linux-x86_64-fedora-clang 0.3.5 45.07 NOTE
r-devel-linux-x86_64-fedora-gcc 0.3.5 35.13 NOTE
r-devel-windows-x86_64-new-UL 0.3.5 7.00 66.00 73.00 NOTE
r-devel-windows-x86_64-new-TK 0.3.5 NOTE
r-devel-windows-x86_64-old 0.3.5 4.00 36.00 40.00 NOTE
r-patched-linux-x86_64 0.3.5 2.82 32.84 35.66 NOTE
r-release-linux-x86_64 0.3.5 2.49 32.78 35.27 NOTE
r-release-macos-arm64 0.3.5 NOTE
r-release-macos-x86_64 0.3.5 NOTE
r-release-windows-ix86+x86_64 0.3.5 4.00 44.00 48.00 NOTE
r-oldrel-macos-x86_64 0.3.5 OK
r-oldrel-windows-ix86+x86_64 0.3.5 5.00 41.00 46.00 OK

Check Details

Version: 0.3.5
Check: LazyData
Result: NOTE
     'LazyData' is specified without a 'data' directory
Flavors: r-devel-linux-x86_64-debian-clang, r-devel-linux-x86_64-debian-gcc, r-devel-linux-x86_64-fedora-clang, r-devel-linux-x86_64-fedora-gcc, r-devel-windows-x86_64-new-UL, r-devel-windows-x86_64-new-TK, r-devel-windows-x86_64-old, r-patched-linux-x86_64, r-release-linux-x86_64, r-release-macos-arm64, r-release-macos-x86_64, r-release-windows-ix86+x86_64