CRAN Package Check Results for Package rijkspalette

Last updated on 2019-02-18 09:49:07 CET.

Flavor Version Tinstall Tcheck Ttotal Status Flags
r-devel-linux-x86_64-debian-clang 1.0.1 1.26 18.92 20.18 OK
r-devel-linux-x86_64-debian-gcc 1.0.1 1.11 15.46 16.57 OK
r-devel-linux-x86_64-fedora-clang 1.0.1 25.24 NOTE
r-devel-linux-x86_64-fedora-gcc 1.0.1 23.18 NOTE
r-devel-windows-ix86+x86_64 1.0.1 5.00 30.00 35.00 OK
r-patched-linux-x86_64 1.0.1 0.81 17.78 18.59 OK
r-patched-solaris-x86 1.0.1 36.10 NOTE
r-release-linux-x86_64 1.0.1 OK
r-release-windows-ix86+x86_64 1.0.1 2.00 45.00 47.00 OK
r-release-osx-x86_64 1.0.1 NOTE
r-oldrel-windows-ix86+x86_64 1.0.1 3.00 42.00 45.00 OK
r-oldrel-osx-x86_64 1.0.1 NOTE

Check Details

Version: 1.0.1
Check: dependencies in R code
Result: NOTE
    Namespace in Imports field not imported from: ‘curl’
     All declared Imports should be used.
Flavors: r-devel-linux-x86_64-fedora-clang, r-devel-linux-x86_64-fedora-gcc, r-patched-solaris-x86, r-release-osx-x86_64, r-oldrel-osx-x86_64