CRAN Package Check Results for Package rijkspalette

Last updated on 2019-04-26 13:47:50 CEST.

Flavor Version Tinstall Tcheck Ttotal Status Flags
r-devel-linux-x86_64-debian-clang 1.0.1 1.48 18.77 20.25 OK
r-devel-linux-x86_64-debian-gcc 1.0.1 1.34 15.39 16.73 OK
r-devel-linux-x86_64-fedora-clang 1.0.1 25.26 NOTE
r-devel-linux-x86_64-fedora-gcc 1.0.1 23.15 NOTE
r-devel-windows-ix86+x86_64 1.0.1 6.00 44.00 50.00 OK
r-patched-linux-x86_64 1.0.1 1.70 18.85 20.55 OK
r-patched-solaris-x86 1.0.1 40.20 NOTE
r-release-linux-x86_64 1.0.1 0.85 17.36 18.21 OK
r-release-windows-ix86+x86_64 1.0.1 3.00 33.00 36.00 OK
r-release-osx-x86_64 1.0.1 NOTE
r-oldrel-windows-ix86+x86_64 1.0.1 2.00 39.00 41.00 OK
r-oldrel-osx-x86_64 1.0.1 NOTE

Check Details

Version: 1.0.1
Check: dependencies in R code
Result: NOTE
    Namespace in Imports field not imported from: ‘curl’
     All declared Imports should be used.
Flavors: r-devel-linux-x86_64-fedora-clang, r-devel-linux-x86_64-fedora-gcc, r-patched-solaris-x86, r-release-osx-x86_64, r-oldrel-osx-x86_64