CRAN Package Check Results for Package ringscale

Last updated on 2015-06-29 23:47:07.

Flavor Version Tinstall Tcheck Ttotal Status Flags
r-devel-linux-x86_64-debian-clang 0.1.2 0.62 10.59 11.21 NOTE
r-devel-linux-x86_64-debian-gcc 0.1.2 0.65 10.40 11.05 NOTE
r-devel-linux-x86_64-fedora-clang 0.1.2 21.22 NOTE
r-devel-linux-x86_64-fedora-gcc 0.1.2 19.69 NOTE
r-devel-osx-x86_64-clang 0.1.2 20.97 NOTE
r-devel-windows-ix86+x86_64 0.1.2 4.00 21.00 25.00 NOTE
r-patched-linux-x86_64 0.1.2 0.62 10.55 11.17 NOTE
r-patched-solaris-sparc 0.1.2 151.00 NOTE
r-patched-solaris-x86 0.1.2 35.10 NOTE
r-release-linux-x86_64 0.1.2 0.64 10.64 11.28 NOTE
r-release-osx-x86_64-mavericks 0.1.2 NOTE
r-release-windows-ix86+x86_64 0.1.2 2.00 21.00 23.00 NOTE
r-oldrel-windows-ix86+x86_64 0.1.2 5.00 22.00 27.00 NOTE

Check Details

Version: 0.1.2
Check: dependencies in R code
Result: NOTE
    'library' or 'require' calls to packages already attached by Depends:
     ‘FITSio’ ‘tcltk’
     Please remove these calls from your code.
Flavors: r-devel-linux-x86_64-debian-clang, r-devel-linux-x86_64-debian-gcc, r-devel-linux-x86_64-fedora-clang, r-devel-linux-x86_64-fedora-gcc, r-devel-osx-x86_64-clang, r-devel-windows-ix86+x86_64, r-patched-linux-x86_64, r-patched-solaris-sparc, r-patched-solaris-x86, r-release-linux-x86_64, r-release-osx-x86_64-mavericks, r-release-windows-ix86+x86_64, r-oldrel-windows-ix86+x86_64

Version: 0.1.2
Check: R code for possible problems
Result: NOTE
    NB: .First.lib is obsolete and will not be used in R >= 3.0.0
    File ‘ringscale/R/zzz.R’:
     .First.lib calls:
     cat("The ringscale package has been loaded\nFor some help, try '?ringscale' or visit http://ringscale.haase-zm.de\nFor a quick start, use 'analyze()'\n")
    
    Package startup functions should use ‘packageStartupMessage’ to
     generate messages.
    See section ‘Good practice’ in '?.onAttach'.
    
    circle.add: no visible global function definition for ‘par’
    circle.add: no visible global function definition for ‘symbols’
    filter.FFT: no visible global function definition for ‘fft’
    img.astro: no visible global function definition for ‘image’
    img.astro: no visible global function definition for ‘colorRampPalette’
    img.astro: no visible global function definition for ‘title’
    img.astro: no visible global function definition for ‘axis’
    img.astro: no visible global function definition for ‘lines’
    img.astro: no visible global function definition for ‘text’
    img.scale: no visible global function definition for ‘quantile’
    progress.Bar: no visible global function definition for ‘flush.console’
Flavors: r-devel-linux-x86_64-debian-clang, r-devel-linux-x86_64-debian-gcc

Version: 0.1.2
Check: R code for possible problems
Result: NOTE
    NB: .First.lib is obsolete and will not be used in R >= 3.0.0
    File ‘ringscale/R/zzz.R’:
     .First.lib calls:
     cat("The ringscale package has been loaded\nFor some help, try '?ringscale' or visit http://ringscale.haase-zm.de\nFor a quick start, use 'analyze()'\n")
    
    Package startup functions should use ‘packageStartupMessage’ to
     generate messages.
    See section ‘Good practice’ in '?.onAttach'.
Flavors: r-devel-linux-x86_64-fedora-clang, r-devel-linux-x86_64-fedora-gcc, r-devel-osx-x86_64-clang, r-devel-windows-ix86+x86_64, r-patched-linux-x86_64, r-patched-solaris-sparc, r-patched-solaris-x86, r-release-linux-x86_64, r-release-osx-x86_64-mavericks, r-release-windows-ix86+x86_64, r-oldrel-windows-ix86+x86_64