CRAN Package Check Results for Package rio

Last updated on 2016-05-27 03:50:03.

Flavor Version Tinstall Tcheck Ttotal Status Flags
r-devel-linux-x86_64-debian-gcc 0.4.6 1.38 26.49 27.87 OK
r-devel-linux-x86_64-fedora-clang 0.4.6 25.22 OK
r-devel-linux-x86_64-fedora-gcc 0.4.6 43.94 OK
r-devel-osx-x86_64-clang 0.4.6 52.93 OK
r-devel-windows-ix86+x86_64 0.4.6 7.00 47.00 54.00 OK
r-patched-linux-x86_64 0.4.6 1.29 26.65 27.94 OK
r-patched-solaris-sparc 0.4.6 243.40 OK
r-patched-solaris-x86 0.4.6 59.00 OK
r-release-linux-x86_64 0.4.6 1.34 25.55 26.88 OK
r-release-osx-x86_64-mavericks 0.4.6 OK
r-release-windows-ix86+x86_64 0.4.6 9.00 49.00 58.00 OK
r-oldrel-windows-ix86+x86_64 0.4.6 1.00 1.00 2.00 ERROR

Check Details

Version: 0.4.6
Check: package dependencies
Result: ERROR
    Package required but not available: 'feather'
    
    See section 'The DESCRIPTION file' in the 'Writing R Extensions'
    manual.
Flavor: r-oldrel-windows-ix86+x86_64