CRAN Package Check Results for Package rio

Last updated on 2015-05-05 06:46:48.

Flavor Version Tinstall Tcheck Ttotal Status Flags
r-devel-linux-x86_64-debian-clang 0.1.2 0.58 10.48 11.06 NOTE
r-devel-linux-x86_64-debian-gcc 0.1.2 0.63 10.23 10.86 NOTE
r-devel-linux-x86_64-fedora-clang 0.1.2 20.56 NOTE
r-devel-linux-x86_64-fedora-gcc 0.1.2 18.29 NOTE
r-devel-osx-x86_64-clang 0.1.2 23.96 NOTE
r-devel-windows-ix86+x86_64 0.1.2 2.00 20.00 22.00 NOTE
r-patched-linux-x86_64 0.1.2 0.58 10.38 10.96 NOTE
r-patched-solaris-sparc 0.1.2 134.60 NOTE
r-patched-solaris-x86 0.1.2 30.80 NOTE
r-release-linux-x86_64 0.1.2 0.57 10.81 11.38 NOTE
r-release-osx-x86_64-mavericks 0.1.2 NOTE
r-release-osx-x86_64-snowleopard 0.1.2 NOTE
r-release-windows-ix86+x86_64 0.1.2 3.00 19.00 22.00 NOTE
r-oldrel-windows-ix86+x86_64 0.1.2 2.00 22.00 24.00 OK

Check Details

Version: 0.1.2
Check: DESCRIPTION meta-information
Result: NOTE
    Malformed Description field: should contain one or more complete sentences.
Flavors: r-devel-linux-x86_64-debian-clang, r-devel-linux-x86_64-debian-gcc, r-devel-linux-x86_64-fedora-clang, r-devel-linux-x86_64-fedora-gcc, r-devel-osx-x86_64-clang, r-devel-windows-ix86+x86_64, r-patched-linux-x86_64, r-patched-solaris-sparc, r-patched-solaris-x86, r-release-linux-x86_64, r-release-osx-x86_64-mavericks, r-release-osx-x86_64-snowleopard, r-release-windows-ix86+x86_64