CRAN Package Check Results for Package rio

Last updated on 2017-04-28 21:47:35.

Flavor Version Tinstall Tcheck Ttotal Status Flags
r-devel-linux-x86_64-debian-clang 0.4.16 1.69 35.10 36.78 OK
r-devel-linux-x86_64-debian-gcc 0.4.16 1.92 36.27 38.19 OK
r-devel-linux-x86_64-fedora-clang 0.5.0 42.06 OK --no-stop-on-test-error
r-devel-linux-x86_64-fedora-gcc 0.5.0 36.86 OK --no-stop-on-test-error
r-devel-windows-ix86+x86_64 0.4.16 13.00 96.00 109.00 OK
r-patched-linux-x86_64 0.4.16 1.71 34.46 36.17 OK
r-patched-solaris-sparc 0.4.16 364.30 ERROR
r-patched-solaris-x86 0.4.16 84.80 OK
r-release-linux-x86_64 0.4.16 1.74 35.59 37.33 OK
r-release-windows-ix86+x86_64 0.4.16 8.00 98.00 106.00 OK
r-release-osx-x86_64 0.4.16 OK
r-oldrel-windows-ix86+x86_64 0.4.16 9.00 83.00 92.00 OK
r-oldrel-osx-x86_64 0.4.16 OK

Check Details

Version: 0.4.16
Check: package dependencies
Result: NOTE
    Package suggested but not available for checking: ‘feather’
Flavor: r-patched-solaris-sparc

Version: 0.4.16
Check: examples
Result: ERROR
    Running examples in ‘rio-Ex.R’ failed
    The error most likely occurred in:
    
    > ### Name: gather_attrs
    > ### Title: Gather attributes from data.frame variables
    > ### Aliases: gather_attrs
    >
    > ### ** Examples
    >
    > e <- import("http://www.stata-press.com/data/r13/auto.dta")
    Error in df_parse_dta_file(spec, encoding) :
     Failed to parse /tmp/RtmpILa41b/file3af21c65bbd.dta: Invalid file, or file has unsupported features.
    Calls: import ... convert_attributes -> read_dta -> df_parse_dta_file -> .Call
    Execution halted
Flavor: r-patched-solaris-sparc

Version: 0.4.16
Check: tests
Result: ERROR
     Running ‘test-all.R’ [63s/65s]
    Running the tests in ‘tests/test-all.R’ failed.
    Complete output:
     > library("testthat")
     > library("rio")
     > test_check("rio", reporter = "summary")
     Compressed files: ..... adding: iris.csv (deflated 79%)
     ....
     Convert: .....
     Errors: ..........W variable class width columns
     X1 X1 numeric 9 10-9
     .
     Extensions: ...
     R dump imports/exports: ..
     Weka (.arff) imports/exports: ..
     CSV imports/exports: ...W..
     CSV (.csv2) imports/exports: ..........
     CSVY imports/exports: ..W..
     XBASE (.dbf) imports/exports: ..
     DIF imports/exports:
     Stata (.dta) imports/exports: ......
     feather imports/exports: Loading required namespace: feather
     Failed with error: 'there is no package called 'feather''
    
     Fortran imports/exports:
     FWF imports/exports: variable class width columns
     Sepal.Length Sepal.Length numeric 3 1-3
     Sepal.Width Sepal.Width numeric 3 4-6
     Petal.Length Petal.Length numeric 3 7-9
     Petal.Width Petal.Width numeric 3 10-12
     Species Species integer 1 14-13
     . variable class width columns
     Sepal.Length Sepal.Length numeric 3 1-3
     Sepal.Width Sepal.Width numeric 3 4-6
     Petal.Length Petal.Length numeric 3 7-9
     Petal.Width Petal.Width numeric 3 10-12
     Species Species integer 1 14-13
     ...W..W.W..W....
     HTML imports/exports: ....
     JSON imports/exports: ..
     Minitab (.mtp) imports/exports:
     ODS imports/exports: ...
     PSV imports/exports: ..
     Rdata imports/exports: ...
     RDS imports/exports: ..
     Epiinfo (.rec) imports/exports:
     SAS imports/exports:
     SPSS (.sav) imports/exports: ...
     Systat (.syd) imports/exports:
     TSV imports/exports: ..
     Excel imports/exports: ...
     XML imports/exports: ..
     YAML imports/exports: ..
     Gather attrs: 1....
     Get File Extension: ............
     Check Data Identical: .......Failed with error: 'there is no package called 'feather''
     ..........
     Matrix imports/exports: ...
     Remote Files: 2.....
     Set object class: .....
    
     Warnings -----------------------------------------------------------------------
     1. Column widths printed for fixed-width format (@test_errors.R#31) - no non-missing arguments to max; returning -Inf
    
     2. Import from (European-style) CSV with semicolon separator (@test_format_csv.R#17) - Starting data input on line 2 and discarding line 1 because it has too few or too many items to be column names or data: "Sepal.Length";"Sepal.Width";"Petal.Length";"Petal.Width";"Species"
    
     3. Import from CSVY (@test_format_csvy.R#13) - Metadata is missing for variables listed in data: Date, WTI
    
     4. Import from FWF (read.fwf) (@test_format_fwf.R#12) - 300 parsing failures.
     row col expected actual
     7 Petal.Width 4 chars 1
     7 NA 5 columns 4 columns
     8 Petal.Width 4 chars 1
     8 NA 5 columns 4 columns
     9 Petal.Width 4 chars 1
     ... ........... ......... .........
     See problems(...) for more details.
    
    
     5. Import from FWF (read_fwf) (@test_format_fwf.R#17) - 300 parsing failures.
     row col expected actual
     7 X4 4 chars 1
     7 -- 5 columns 4 columns
     8 X4 4 chars 1
     8 -- 5 columns 4 columns
     9 X4 4 chars 1
     ... ... ......... .........
     See problems(...) for more details.
    
    
     6. Import from FWF (read_fwf) (@test_format_fwf.R#18) - 300 parsing failures.
     row col expected actual
     7 X4 4 chars 1
     7 -- 5 columns 4 columns
     8 X4 4 chars 1
     8 -- 5 columns 4 columns
     9 X4 4 chars 1
     ... ... ......... .........
     See problems(...) for more details.
    
    
     7. Import from FWF (read_fwf) (@test_format_fwf.R#21) - 300 parsing failures.
     row col expected actual
     7 X4 4 chars 1
     7 -- 5 columns 4 columns
     8 X4 4 chars 1
     8 -- 5 columns 4 columns
     9 X4 4 chars 1
     ... ... ......... .........
     See problems(...) for more details.
    
    
     Failed -------------------------------------------------------------------------
     1. Error: Gather attrs from Stata (@test_gather_attrs.R#4) ---------------------
     Failed to parse /tmp/Rtmp6gaifc/file42924642fc7.dta: Invalid file, or file has unsupported features.
     1: import("http://www.stata-press.com/data/r13/auto.dta") at testthat/test_gather_attrs.R:4
     2: .import(file = file, ...)
     3: .import.rio_dta(file = file, ...)
     4: convert_attributes(read_dta(file = file))
     5: read_dta(file = file)
     6: df_parse_dta_file(spec, encoding)
    
     2. Error: Import Remote Stata File (@test_remote.R#4) --------------------------
     Failed to parse /tmp/Rtmp6gaifc/file4295c346c6.dta: Invalid file, or file has unsupported features.
     1: expect_true(is.data.frame(import("http://www.stata-press.com/data/r13/auto.dta"))) at testthat/test_remote.R:4
     2: expect(identical(as.vector(object), TRUE), sprintf("%s isn't true.", lab), info = info)
     3: as.expectation(exp, ..., srcref = srcref)
     4: identical(as.vector(object), TRUE)
     5: as.vector(object)
     6: is.data.frame(import("http://www.stata-press.com/data/r13/auto.dta"))
     7: import("http://www.stata-press.com/data/r13/auto.dta")
     8: .import(file = file, ...)
     9: .import.rio_dta(file = file, ...)
     10: convert_attributes(read_dta(file = file))
     11: read_dta(file = file)
     12: df_parse_dta_file(spec, encoding)
    
     DONE ===========================================================================
     Error: Test failures
     Execution halted
Flavor: r-patched-solaris-sparc