CRAN Package Check Results for Package rio

Last updated on 2016-12-04 12:48:04.

Flavor Version Tinstall Tcheck Ttotal Status Flags
r-devel-linux-x86_64-debian-clang 0.4.16 1.60 34.81 36.41 OK
r-devel-linux-x86_64-debian-gcc 0.4.16 1.70 33.59 35.29 OK
r-devel-linux-x86_64-fedora-clang 0.4.16 61.90 OK --no-stop-on-test-error
r-devel-linux-x86_64-fedora-gcc 0.4.16 61.76 OK
r-devel-macos-x86_64-clang 0.4.16 51.47 OK --no-stop-on-test-error
r-devel-windows-ix86+x86_64 0.4.16 6.00 68.00 74.00 OK
r-patched-linux-x86_64 0.4.16 1.40 27.60 29.00 OK
r-patched-solaris-sparc 0.4.16 287.20 ERROR
r-patched-solaris-x86 0.4.16 67.70 OK
r-release-linux-x86_64 0.4.16 1.40 28.54 29.94 OK
r-release-osx-x86_64-mavericks 0.4.16 OK
r-release-windows-ix86+x86_64 0.4.16 8.00 58.00 66.00 OK
r-oldrel-windows-ix86+x86_64 0.4.8 1.00 3.00 4.00 ERROR

Check Details

Version: 0.4.16
Check: package dependencies
Result: NOTE
    Package suggested but not available for checking: ‘feather’
Flavor: r-patched-solaris-sparc

Version: 0.4.16
Check: examples
Result: ERROR
    Running examples in ‘rio-Ex.R’ failed
    The error most likely occurred in:
    
    > ### Name: gather_attrs
    > ### Title: Gather attributes from data.frame variables
    > ### Aliases: gather_attrs
    >
    > ### ** Examples
    >
    > e <- import("http://www.stata-press.com/data/r13/auto.dta")
    Error in eval(substitute(expr), envir, enclos) :
     Failed to parse /tmp/RtmpLeaGkC/file38542ba9496f.dta: Invalid file, or file has unsupported features.
    Calls: import ... convert_attributes -> read_dta -> df_parse_dta_file -> .Call
    Execution halted
Flavor: r-patched-solaris-sparc

Version: 0.4.16
Check: tests
Result: ERROR
    Running the tests in ‘tests/test-all.R’ failed.
    Last 13 lines of output:
     4: identical(as.vector(object), TRUE)
     5: as.vector(object)
     6: is.data.frame(import("http://www.stata-press.com/data/r13/auto.dta"))
     7: import("http://www.stata-press.com/data/r13/auto.dta")
     8: .import(file = file, ...)
     9: .import.rio_dta(file = file, ...)
     10: convert_attributes(read_dta(file = file))
     11: read_dta(file = file)
     12: df_parse_dta_file(spec, encoding)
    
     DONE ===========================================================================
     Error: Test failures
     Execution halted
Flavor: r-patched-solaris-sparc

Version: 0.4.8
Check: package dependencies
Result: ERROR
    Package required but not available: 'feather'
    
    See section 'The DESCRIPTION file' in the 'Writing R Extensions'
    manual.
Flavor: r-oldrel-windows-ix86+x86_64