CRAN Package Check Results for Package rio

Last updated on 2015-03-28 14:49:01.

Flavor Version Tinstall Tcheck Ttotal Status Flags
r-devel-linux-x86_64-debian-clang 0.1.2 0.59 10.05 10.64 NOTE
r-devel-linux-x86_64-debian-gcc 0.1.2 0.58 10.00 10.58 NOTE
r-devel-linux-x86_64-fedora-clang 0.1.2 20.68 NOTE
r-devel-linux-x86_64-fedora-gcc 0.1.2 18.70 NOTE
r-devel-osx-x86_64-clang 0.1.2 28.06 NOTE
r-prerel-windows-ix86+x86_64 0.1.2 3.00 18.00 21.00 NOTE
r-prerel-linux-x86_64 0.1.2 0.62 9.77 10.38 NOTE
r-prerel-solaris-sparc 0.1.2 134.60 NOTE
r-prerel-solaris-x86 0.1.2 31.30 NOTE
r-release-linux-x86_64 0.1.2 0.67 12.52 13.20 OK
r-release-osx-x86_64-mavericks 0.1.2 OK
r-release-osx-x86_64-snowleopard 0.1.2 OK
r-release-windows-ix86+x86_64 0.1.2 4.00 21.00 25.00 OK
r-oldrel-windows-ix86+x86_64 0.1.2 4.00 29.00 33.00 OK

Check Details

Version: 0.1.2
Check: DESCRIPTION meta-information
Result: NOTE
    Malformed Description field: should contain one or more complete sentences.
Flavors: r-devel-linux-x86_64-debian-clang, r-devel-linux-x86_64-debian-gcc, r-devel-linux-x86_64-fedora-clang, r-devel-linux-x86_64-fedora-gcc, r-devel-osx-x86_64-clang, r-prerel-windows-ix86+x86_64, r-prerel-linux-x86_64, r-prerel-solaris-sparc, r-prerel-solaris-x86