CRAN Package Check Results for Package rio

Last updated on 2015-08-30 19:47:16.

Flavor Version Tinstall Tcheck Ttotal Status Flags
r-devel-linux-x86_64-debian-clang 0.2 1.30 21.66 22.96 NOTE
r-devel-linux-x86_64-debian-gcc 0.2 1.28 20.75 22.03 NOTE
r-devel-linux-x86_64-fedora-clang 0.2 45.21 NOTE
r-devel-linux-x86_64-fedora-gcc 0.2 41.28 NOTE
r-devel-osx-x86_64-clang 0.2 32.01 OK
r-devel-windows-ix86+x86_64 0.2 10.00 40.00 50.00 NOTE
r-patched-linux-x86_64 0.2 1.40 22.48 23.88 OK
r-patched-solaris-sparc 0.2 311.40 OK
r-patched-solaris-x86 0.2 77.90 OK
r-release-linux-x86_64 0.2 1.80 22.45 24.25 OK
r-release-osx-x86_64-mavericks 0.2 OK
r-release-windows-ix86+x86_64 0.2 8.00 69.00 77.00 OK
r-oldrel-windows-ix86+x86_64 0.2 15.00 66.00 81.00 OK

Check Details

Version: 0.2
Check: R code for possible problems
Result: NOTE
    import.tar: no visible global function definition for ‘unzip’
    import.tar: no visible global function definition for ‘untar’
    import.zip: no visible global function definition for ‘unzip’
    set_class: no visible global function definition for
     ‘installed.packages’
    Undefined global functions or variables:
     installed.packages untar unzip
    Consider adding
     importFrom("utils", "installed.packages", "untar", "unzip")
    to your NAMESPACE.
Flavors: r-devel-linux-x86_64-debian-clang, r-devel-linux-x86_64-debian-gcc, r-devel-linux-x86_64-fedora-clang, r-devel-linux-x86_64-fedora-gcc, r-devel-windows-ix86+x86_64