CRAN Package Check Results for Package rio

Last updated on 2015-07-30 17:47:26.

Flavor Version Tinstall Tcheck Ttotal Status Flags
r-devel-linux-x86_64-debian-clang 0.2 1.40 23.04 24.44 NOTE
r-devel-linux-x86_64-debian-gcc 0.2 1.44 22.93 24.37 NOTE
r-devel-linux-x86_64-fedora-clang 0.2 47.64 NOTE
r-devel-linux-x86_64-fedora-gcc 0.2 44.04 NOTE
r-devel-osx-x86_64-clang 0.2 35.68 OK
r-devel-windows-ix86+x86_64 0.2 6.00 39.00 45.00 NOTE
r-patched-linux-x86_64 0.2 1.41 22.02 23.43 OK
r-patched-solaris-sparc 0.2 311.40 OK
r-patched-solaris-x86 0.2 71.70 OK
r-release-linux-x86_64 0.2 1.44 22.25 23.69 OK
r-release-osx-x86_64-mavericks 0.2 OK
r-release-windows-ix86+x86_64 0.2 8.00 39.00 47.00 OK
r-oldrel-windows-ix86+x86_64 0.2 9.00 60.00 69.00 OK

Check Details

Version: 0.2
Check: R code for possible problems
Result: NOTE
    import.tar: no visible global function definition for ‘unzip’
    import.tar: no visible global function definition for ‘untar’
    import.zip: no visible global function definition for ‘unzip’
    set_class: no visible global function definition for
     ‘installed.packages’
    Undefined global functions or variables:
     installed.packages untar unzip
    Consider adding
     importFrom("utils", "installed.packages", "untar", "unzip")
    to your NAMESPACE.
Flavors: r-devel-linux-x86_64-debian-clang, r-devel-linux-x86_64-debian-gcc, r-devel-linux-x86_64-fedora-clang, r-devel-linux-x86_64-fedora-gcc, r-devel-windows-ix86+x86_64