CRAN Package Check Results for Package rio

Last updated on 2017-10-24 10:48:06.

Flavor Version Tinstall Tcheck Ttotal Status Flags
r-devel-linux-x86_64-debian-clang 0.5.5 1.44 40.35 41.79 OK
r-devel-linux-x86_64-debian-gcc 0.5.5 1.80 64.87 66.66 ERROR
r-devel-linux-x86_64-fedora-clang 0.5.5 74.38 OK
r-devel-linux-x86_64-fedora-gcc 0.5.5 72.34 OK
r-devel-windows-ix86+x86_64 0.5.5 6.00 100.00 106.00 OK
r-patched-linux-x86_64 0.5.5 1.44 39.67 41.11 OK
r-release-linux-x86_64 0.5.5 1.54 40.21 41.75 OK
r-release-windows-ix86+x86_64 0.5.5 8.00 77.00 85.00 OK
r-release-osx-x86_64 0.5.5 OK
r-oldrel-windows-ix86+x86_64 0.5.5 5.00 67.00 72.00 OK
r-oldrel-osx-x86_64 0.5.5 OK

Check Details

Version: 0.5.5
Check: examples
Result: ERROR
    Running examples in ‘rio-Ex.R’ failed
    The error most likely occurred in:
    
    > base::assign(".ptime", proc.time(), pos = "CheckExEnv")
    > ### Name: gather_attrs
    > ### Title: Gather attributes from data frame variables
    > ### Aliases: gather_attrs spread_attrs
    >
    > ### ** Examples
    >
    > e <- import("http://www.stata-press.com/data/r13/auto.dta")
    Error in curl_fetch_memory(file) :
     Timeout was reached: Resolving timed out after 10000 milliseconds
    Calls: import -> remote_to_local -> curl_fetch_memory -> .Call
    Execution halted
Flavor: r-devel-linux-x86_64-debian-gcc

Version: 0.5.5
Check: tests
Result: ERROR
     Running ‘test-all.R’ [24s/26s]
    Running the tests in ‘tests/test-all.R’ failed.
    Complete output:
     > library("testthat")
     > library("rio")
     > test_check("rio", reporter = "summary")
     characterize()/factorize(): ....
     Compressed files: ..... adding: iris.csv (deflated 78%)
     .....
     Convert: ......
     Errors: ..........W.W variable class width columns
     X1 X1 numeric 9 10-9
     ..
     Extensions: ...
     R dump imports/exports: ..
     Weka (.arff) imports/exports: ..
     CSV imports/exports: .....
     CSV (.csv2) imports/exports: ..........
     .csv.gz imports/exports: ..
     CSVY imports/exports: ..W..
     XBASE (.dbf) imports/exports: ..
     DIF imports/exports: .
     Stata (.dta) imports/exports: ....1
     feather imports/exports: Loading required namespace: feather
     ..
     Fortran imports/exports: .
     fst imports/exports: Loading required namespace: fst
     ..
     FWF imports/exports: .............
     HTML imports/exports: ....
     JSON imports/exports: ..
     rmatio imports/exports: Loading required namespace: rmatio
     ..
     Minitab (.mtp) imports/exports:
     ODS imports/exports: ... adding: META-INF/ (stored 0%)
     adding: META-INF/manifest.xml (deflated 61%)
     adding: content.xml (deflated 98%)
     adding: meta.xml (deflated 51%)
     adding: mimetype (deflated 4%)
     adding: styles.xml (deflated 70%)
     .
     PSV imports/exports: ..
     Rdata imports/exports: .........
     RDS imports/exports: ..
     Epiinfo (.rec) imports/exports:
     SAS imports/exports: .
     SPSS (.sav) imports/exports: ...
     Systat (.syd) imports/exports: .
     TSV imports/exports: ..
     Excel (xlsx) imports/exports: .......
     XML imports/exports: ..
     YAML imports/exports: ..
     Gather attrs: ...............
     Get File Extension: ..............
     Check Data Identical: ..................
     Test import_list(): ...............
     Install uninstalled formats: .
     Matrix imports/exports: ...
     Remote Files: .......
     Set object class: .............
    
     Warnings -----------------------------------------------------------------------
     1. Column widths printed for fixed-width format (@test_errors.R#31) - no non-missing arguments to max; returning -Inf
    
     2. Column widths printed for fixed-width format (@test_errors.R#32) - no non-missing arguments to max; returning -Inf
    
     3. Import from CSVY (@test_format_csvy.R#13) - Metadata is missing for variables listed in data: Date, WTI
    
     Failed -------------------------------------------------------------------------
     1. Error: Import from Stata (read.dta) (@test_format_dta.R#16) -----------------
     Timeout was reached: Resolving timed out after 10000 milliseconds
     1: expect_true(is.data.frame(import("http://www.stata-press.com/data/r12/auto.dta",
     haven = FALSE))) at testthat/test_format_dta.R:16
     2: expect(identical(as.vector(object), TRUE), sprintf("%s isn't true.", lab), info = info)
     3: as.expectation(exp, ..., srcref = srcref)
     4: identical(as.vector(object), TRUE)
     5: as.vector(object)
     6: is.data.frame(import("http://www.stata-press.com/data/r12/auto.dta", haven = FALSE))
     7: import("http://www.stata-press.com/data/r12/auto.dta", haven = FALSE)
     8: remote_to_local(file, format = format)
     9: curl_fetch_memory(file)
    
     DONE ===========================================================================
     Error: Test failures
     Execution halted
Flavor: r-devel-linux-x86_64-debian-gcc