CRAN Package Check Results for Package rio

Last updated on 2015-06-29 23:47:07.

Flavor Version Tinstall Tcheck Ttotal Status Flags
r-devel-linux-x86_64-debian-clang 0.2 1.51 23.05 24.56 NOTE
r-devel-linux-x86_64-debian-gcc 0.2 1.52 21.99 23.50 NOTE
r-devel-linux-x86_64-fedora-clang 0.2 46.60 OK
r-devel-linux-x86_64-fedora-gcc 0.2 43.82 OK
r-devel-osx-x86_64-clang 0.2 37.02 OK
r-devel-windows-ix86+x86_64 0.2 9.00 38.00 47.00 NOTE
r-patched-linux-x86_64 0.2 1.39 22.32 23.72 OK
r-patched-solaris-sparc 0.2 312.70 OK
r-patched-solaris-x86 0.2 71.70 OK
r-release-linux-x86_64 0.2 1.42 22.36 23.78 OK
r-release-osx-x86_64-mavericks 0.2 OK
r-release-windows-ix86+x86_64 0.2 7.00 37.00 44.00 OK
r-oldrel-windows-ix86+x86_64 0.2 12.00 63.00 75.00 OK

Check Details

Version: 0.2
Check: R code for possible problems
Result: NOTE
    import.tar: no visible global function definition for ‘unzip’
    import.tar: no visible global function definition for ‘untar’
    import.zip: no visible global function definition for ‘unzip’
    set_class: no visible global function definition for
     ‘installed.packages’
Flavors: r-devel-linux-x86_64-debian-clang, r-devel-linux-x86_64-debian-gcc, r-devel-windows-ix86+x86_64