CRAN Package Check Results for Package rio

Last updated on 2016-08-28 08:47:32.

Flavor Version Tinstall Tcheck Ttotal Status Flags
r-devel-linux-x86_64-debian-clang 0.4.12 1.69 28.25 29.94 OK
r-devel-linux-x86_64-debian-gcc 0.4.12 1.49 28.01 29.50 OK
r-devel-linux-x86_64-fedora-clang 0.4.12 45.87 OK
r-devel-linux-x86_64-fedora-gcc 0.4.12 43.87 OK
r-devel-osx-x86_64-clang 0.4.12 39.36 OK
r-devel-windows-ix86+x86_64 0.4.12 8.00 140.00 148.00 OK
r-patched-linux-x86_64 0.4.12 1.38 27.86 29.24 OK
r-patched-solaris-sparc 0.4.12 258.70 OK
r-patched-solaris-x86 0.4.12 62.60 OK
r-release-linux-x86_64 0.4.12 1.50 27.54 29.04 OK
r-release-osx-x86_64-mavericks 0.4.12 OK
r-release-windows-ix86+x86_64 0.4.12 8.00 58.00 66.00 OK
r-oldrel-windows-ix86+x86_64 0.4.8 1.00 3.00 4.00 ERROR

Check Details

Version: 0.4.8
Check: package dependencies
Result: ERROR
    Package required but not available: 'feather'
    
    See section 'The DESCRIPTION file' in the 'Writing R Extensions'
    manual.
Flavor: r-oldrel-windows-ix86+x86_64