CRAN Package Check Results for Package rio

Last updated on 2016-06-29 22:47:38.

Flavor Version Tinstall Tcheck Ttotal Status Flags
r-devel-linux-x86_64-debian-gcc 0.4.8 1.39 28.20 29.59 OK
r-devel-linux-x86_64-fedora-clang 0.4.8 43.21 OK
r-devel-linux-x86_64-fedora-gcc 0.4.8 40.40 OK
r-devel-osx-x86_64-clang 0.4.8 37.08 OK
r-devel-windows-ix86+x86_64 0.4.8 4.00 78.00 82.00 OK
r-patched-linux-x86_64 0.4.8 1.29 26.85 28.14 OK
r-patched-solaris-sparc 0.4.8 269.60 OK
r-patched-solaris-x86 0.4.8 63.60 OK
r-release-linux-x86_64 0.4.8 1.34 27.38 28.72 OK
r-release-osx-x86_64-mavericks 0.4.8 OK
r-release-windows-ix86+x86_64 0.4.8 7.00 73.00 80.00 OK
r-oldrel-windows-ix86+x86_64 0.4.8 1.00 3.00 4.00 ERROR

Check Details

Version: 0.4.8
Check: package dependencies
Result: ERROR
    Package required but not available: 'feather'
    
    See section 'The DESCRIPTION file' in the 'Writing R Extensions'
    manual.
Flavor: r-oldrel-windows-ix86+x86_64