CRAN Package Check Results for Package rio

Last updated on 2016-07-24 06:47:06.

Flavor Version Tinstall Tcheck Ttotal Status Flags
r-devel-linux-x86_64-debian-clang 0.4.8 1.67 30.88 32.54 OK
r-devel-linux-x86_64-debian-gcc 0.4.8 1.50 31.91 33.40 OK
r-devel-linux-x86_64-fedora-clang 0.4.8 44.93 OK
r-devel-linux-x86_64-fedora-gcc 0.4.8 41.37 OK
r-devel-osx-x86_64-clang 0.4.8 37.64 OK
r-devel-windows-ix86+x86_64 0.4.8 4.00 54.00 58.00 OK
r-patched-linux-x86_64 0.4.8 1.36 29.17 30.53 OK
r-patched-solaris-sparc 0.4.8 269.60 OK
r-patched-solaris-x86 0.4.8 59.90 OK
r-release-linux-x86_64 0.4.8 1.33 30.46 31.79 OK
r-release-osx-x86_64-mavericks 0.4.8 OK
r-release-windows-ix86+x86_64 0.4.8 5.00 52.00 57.00 OK
r-oldrel-windows-ix86+x86_64 0.4.8 1.00 3.00 4.00 ERROR

Check Details

Version: 0.4.8
Check: package dependencies
Result: ERROR
    Package required but not available: 'feather'
    
    See section 'The DESCRIPTION file' in the 'Writing R Extensions'
    manual.
Flavor: r-oldrel-windows-ix86+x86_64